{"id":27284,"date":"2024-08-20T12:02:32","date_gmt":"2024-08-20T16:02:32","guid":{"rendered":"https:\/\/www.laval.ca\/environnement\/collectes\/strategie-lavalloise-gestion-matieres-residuelles\/"},"modified":"2025-09-11T09:37:28","modified_gmt":"2025-09-11T13:37:28","slug":"strategie-lavalloise-gestion-matieres-residuelles","status":"publish","type":"page","link":"https:\/\/www.laval.ca\/en\/environment\/collectes\/strategie-lavalloise-gestion-matieres-residuelles\/","title":{"rendered":"Waste Management Program"},"content":{"rendered":"<section class=\"sticky-section-group aligndefault\"\n>\n   \n<div class=\"sticky-section-main\"\n>\n   \n\n<p class=\"is-style-intro-text\">La Ville de Laval a d\u00e9fini sa vision \u00e0 long terme d\u2019une soci\u00e9t\u00e9 sans gaspillage dans sa Strat\u00e9gie lavalloise de gestion des mati\u00e8res r\u00e9siduelles.\u00a0<\/p>\n\n\n\n<p>Cet exercice de planification pour la p\u00e9riode 2020-2025 a \u00e9t\u00e9 \u00e9labor\u00e9 dans le but de r\u00e9duire l\u2019empreinte \u00e9cologique de la Ville et de lui permettre d\u2019atteindre les objectifs du Plan m\u00e9tropolitain de gestion des mati\u00e8res r\u00e9siduelles.\u00a0<\/p>\n\n\n\n<p>Dans sa Strat\u00e9gie lavalloise de gestion des mati\u00e8res r\u00e9siduelles, la Ville pr\u00e9sente <strong>21 mesures<\/strong> \u00e0 mettre en place pour :\u00a0<\/p>\n\n\n\n<ul class=\"wp-block-list\">\n<li>am\u00e9liorer la gestion des mati\u00e8res r\u00e9siduelles\u00a0<\/li>\n\n\n\n<li>r\u00e9duire les quantit\u00e9s envoy\u00e9es \u00e0 l\u2019enfouissement\u00a0\u00a0<\/li>\n\n\n\n<li>privil\u00e9gier la r\u00e9duction des d\u00e9chets \u00e0 la source.<\/li>\n<\/ul>\n\n\n  <div class=\"custom-file-block aligndefault\" \n  >\n    <a href=\"https:\/\/www.laval.ca\/wp-content\/uploads\/2025\/02\/collecte-strategie-lavalloise-gestion-matieres-residuelles-2020-2025.pdf\" target=\"_blank\" class=\"custom-file\">\n      <span class=\"custom-file__icon\" aria-hidden=\"true\">\n        <svg width=\"30\" height=\"31\" viewBox=\"0 0 30 31\" fill=\"none\" xmlns=\"http:\/\/www.w3.org\/2000\/svg\"><path d=\"M6.2451 12.627V1.1448h13.9746m8.0494 8.0502v20.1317H6.2451v-3.2364M28.2691 9.195l-8.0494-8.0502V9.195h8.0494Z\" stroke=\"#6C6C6C\" stroke-width=\"1.5\" stroke-miterlimit=\"10\" stroke-linecap=\"round\" stroke-linejoin=\"round\" \/><path d=\"M22.2851 12.6975H1.1818v13.0058h21.1033V12.6975Z\" fill=\"#E12324\" stroke=\"#E12324\" stroke-width=\"1.5\" stroke-miterlimit=\"10\" stroke-linecap=\"round\" stroke-linejoin=\"round\" \/><path d=\"M13.8204 15.6531v5.9949m-.016-1.9942v-.0647c0-1.2568-.7593-2.0051-1.7208-2.0051-.9694 0-1.8087.7331-1.8087 2.0051v.0647c0 1.2567.7505 1.9978 1.744 1.9978.9455 0 1.7855-.7571 1.7855-1.9978Zm-9.3258 3.4343v-5.5163m.016 1.9941v.0648c0 1.2567.7592 2.0051 1.7207 2.0051.9695 0 1.8087-.7331 1.8087-2.0051v-.0648c0-1.2567-.7505-1.9978-1.744-1.9978-.9454 0-1.7854.7571-1.7854 1.9978Zm13.6843-3.9447c-.576-.1432-1.3956.0597-1.3956 1.0524v4.9746m-.6968-4.043h2.0502\" stroke=\"#fff\" stroke-miterlimit=\"10\" stroke-linecap=\"round\" stroke-linejoin=\"round\" \/><\/svg>      <\/span>\n      <p class=\"custom-file__label\" aria-hidden=\"true\">\n        <span class=\"custom-file__title\">Strat\u00e9gie lavalloise de gestion des mati\u00e8res r\u00e9siduelles pour 2020-2025<\/span>\n        <span class=\"custom-file__size\"> &#8211; 189.13 KB<\/span>\n      <\/p>\n      <span class=\"sr-only\">\n        Download file Strat\u00e9gie lavalloise de gestion des mati\u00e8res r\u00e9siduelles pour 2020-2025 (format PDF, size 189.13 KB)      <\/span>\n    <\/a>\n  <\/div>\n  \n<\/div>\n\n\n<div class=\"sticky-section-sidebar\"\n>\n   <div class=\"sticky-section-sidebar__inner\">\n     \n\n<p><\/p>\n\n   <\/div>\n<\/div>\n\n<\/section>\n<section class=\"mixed-carousel mixed-carousel--custom alignfull\"\n>\n    \n<div class=\"heading-with-button container\">\n      <h2 class=\"heading-with-button__title\">Pour aller plus loin<\/h2>\n    <\/div>\n    <div class=\"mixed-carousel__carousel-wrapper\">\n      <div class=\"mixed-carousel__carousel swiper\">\n        <div class=\"swiper-wrapper\">\n                      \n<div class=\"mixed-item swiper-slide aligndefault mixed-item--landscape-thumbnail\">\n  <a class=\"mixed-item__inner\" href=\"https:\/\/www.laval.ca\/conseils\/adopter-animal-compagnie-etapes-essentielles\/\">    <div class=\"mixed-item__thumbnail-wrapper\">\n      <img decoding=\"async\" width=\"609\" height=\"350\" src=\"https:\/\/www.laval.ca\/wp-content\/uploads\/2025\/02\/collecte-matiere-residuelle-609x350-1.jpg\" class=\"attachment-medium_large size-medium_large\" alt=\"Les 3 bacs de d\u00e9chets, r\u00e9cup\u00e9ration et compost sont sur le bord de la rue\" sizes=\"(min-width:1216px) 430px, (min-width:1080px) 36vw, (min-width:768px) 41vw, (min-width:560px) 60vw, 85vw\" srcset=\"https:\/\/www.laval.ca\/wp-content\/uploads\/2025\/02\/collecte-matiere-residuelle-609x350-1.jpg 609w, https:\/\/www.laval.ca\/wp-content\/uploads\/2025\/02\/collecte-matiere-residuelle-609x350-1-300x172.jpg 300w\" \/>    <\/div>\n    <h3 class=\"mixed-item__title\"><span>R\u00e8glement municipal\u202f<\/span><\/h3>\n          <p class=\"mixed-item__excerpt\">Apprenez-en plus sur les r\u00e8gles encadrant la collecte des mati\u00e8res r\u00e9siduelles.\u202f<\/p>\n      <\/a><\/div>\n\n\n<div class=\"mixed-item swiper-slide aligndefault mixed-item--landscape-thumbnail\">\n  <a class=\"mixed-item__inner\" href=\"https:\/\/www.laval.ca\/environnement\/collectes\/\">    <div class=\"mixed-item__thumbnail-wrapper\">\n      <img decoding=\"async\" width=\"609\" height=\"350\" src=\"https:\/\/www.laval.ca\/wp-content\/uploads\/2025\/02\/environnement-collectes.jpg\" class=\"attachment-medium_large size-medium_large\" alt=\"\" sizes=\"(min-width:1216px) 430px, (min-width:1080px) 36vw, (min-width:768px) 41vw, (min-width:560px) 60vw, 85vw\" srcset=\"https:\/\/www.laval.ca\/wp-content\/uploads\/2025\/02\/environnement-collectes.jpg 609w, https:\/\/www.laval.ca\/wp-content\/uploads\/2025\/02\/environnement-collectes-300x172.jpg 300w\" \/>    <\/div>\n    <h3 class=\"mixed-item__title\"><span>Tout sur les collectes <\/span><\/h3>\n          <p class=\"mixed-item__excerpt\">Obtenez les horaires de collectes et des informations pratiques pour bien trier. <\/p>\n      <\/a><\/div>\n\n\n<div class=\"mixed-item swiper-slide aligndefault mixed-item--landscape-thumbnail\">\n  <a class=\"mixed-item__inner\" href=\"https:\/\/www.laval.ca\/environnement\/transition-ecologique\/plan-climatique\/\">    <div class=\"mixed-item__thumbnail-wrapper\">\n      <img decoding=\"async\" src=\"https:\/\/www.laval.ca\/wp-content\/themes\/laval.ca\/dist\/images\/defaults\/default.jpg\" alt=\"\">    <\/div>\n    <h3 class=\"mixed-item__title\"><span>Lutte contre les changements climatiques<\/span><\/h3>\n          <p class=\"mixed-item__excerpt\">D\u00e9couvrez les actions et les engagements de la Ville de Laval. <\/p>\n      <\/a><\/div>\n\n\n                  <\/div>\n      <\/div>\n    <\/div>\n    <div class=\"mixed-carousel__carousel-navigation container\">\n      <div class=\"swiper-button-prev\"><\/div>\n      <div class=\"swiper-button-next\"><\/div>\n    <\/div>\n      \n<\/section>\n","protected":false},"excerpt":{"rendered":"","protected":false},"author":34,"featured_media":0,"parent":27273,"menu_order":275,"comment_status":"closed","ping_status":"closed","template":"","meta":{"_acf_changed":false,"advgb_blocks_editor_width":"","advgb_blocks_columns_visual_guide":"","footnotes":"[]"},"class_list":["post-27284","page","type-page","status-publish","hentry"],"pp_statuses_selecting_workflow":false,"pp_workflow_action":"current","pp_status_selection":"publish","acf":[],"coauthors":[],"author_meta":{"author_link":"https:\/\/www.laval.ca\/en\/author\/i-boucherlaval-ca\/","display_name":"i.boucher@laval.ca"},"relative_dates":{"created":"Posted 2 years ago","modified":"Updated 8 months ago"},"absolute_dates":{"created":"Posted on August 20, 2024","modified":"Updated on September 11, 2025"},"absolute_dates_time":{"created":"Posted on August 20, 2024 12:02 pm","modified":"Updated on September 11, 2025 9:37 am"},"featured_img_caption":"","featured_img":false,"series_order":"","publishpress_future_action":{"enabled":false,"date":"2026-05-08 02:07:26","action":"change-status","newStatus":"draft","terms":[],"taxonomy":"translation_priority","extraData":[]},"publishpress_future_workflow_manual_trigger":{"enabledWorkflows":[]},"_links":{"self":[{"href":"https:\/\/www.laval.ca\/en\/wp-json\/wp\/v2\/pages\/27284","targetHints":{"allow":["GET"]}}],"collection":[{"href":"https:\/\/www.laval.ca\/en\/wp-json\/wp\/v2\/pages"}],"about":[{"href":"https:\/\/www.laval.ca\/en\/wp-json\/wp\/v2\/types\/page"}],"author":[{"embeddable":true,"href":"https:\/\/www.laval.ca\/en\/wp-json\/wp\/v2\/users\/34"}],"replies":[{"embeddable":true,"href":"https:\/\/www.laval.ca\/en\/wp-json\/wp\/v2\/comments?post=27284"}],"version-history":[{"count":9,"href":"https:\/\/www.laval.ca\/en\/wp-json\/wp\/v2\/pages\/27284\/revisions"}],"predecessor-version":[{"id":91179,"href":"https:\/\/www.laval.ca\/en\/wp-json\/wp\/v2\/pages\/27284\/revisions\/91179"}],"up":[{"embeddable":true,"href":"https:\/\/www.laval.ca\/en\/wp-json\/wp\/v2\/pages\/27273"}],"wp:attachment":[{"href":"https:\/\/www.laval.ca\/en\/wp-json\/wp\/v2\/media?parent=27284"}],"curies":[{"name":"wp","href":"https:\/\/api.w.org\/{rel}","templated":true}]}}

<section class="sticky-section-group aligndefault"
>
   
<div class="sticky-section-main"
>
   

<p class="is-style-intro-text">La Ville de Laval a défini sa vision à long terme d’une société sans gaspillage dans sa Stratégie lavalloise de gestion des matières résiduelles. </p>



<p>Cet exercice de planification pour la période 2020-2025 a été élaboré dans le but de réduire l’empreinte écologique de la Ville et de lui permettre d’atteindre les objectifs du Plan métropolitain de gestion des matières résiduelles. </p>



<p>Dans sa Stratégie lavalloise de gestion des matières résiduelles, la Ville présente <strong>21 mesures</strong> à mettre en place pour : </p>



<ul class="wp-block-list">
<li>améliorer la gestion des matières résiduelles </li>



<li>réduire les quantités envoyées à l’enfouissement  </li>



<li>privilégier la réduction des déchets à la source.</li>
</ul>


  <div class="custom-file-block aligndefault" 
  >
    <a href="https://www.laval.ca/wp-content/uploads/2025/02/collecte-strategie-lavalloise-gestion-matieres-residuelles-2020-2025.pdf" target="_blank" class="custom-file">
      <span class="custom-file__icon" aria-hidden="true">
        <svg width="30" height="31" viewBox="0 0 30 31" fill="none" xmlns="http://www.w3.org/2000/svg"><path d="M6.2451 12.627V1.1448h13.9746m8.0494 8.0502v20.1317H6.2451v-3.2364M28.2691 9.195l-8.0494-8.0502V9.195h8.0494Z" stroke="#6C6C6C" stroke-width="1.5" stroke-miterlimit="10" stroke-linecap="round" stroke-linejoin="round" /><path d="M22.2851 12.6975H1.1818v13.0058h21.1033V12.6975Z" fill="#E12324" stroke="#E12324" stroke-width="1.5" stroke-miterlimit="10" stroke-linecap="round" stroke-linejoin="round" /><path d="M13.8204 15.6531v5.9949m-.016-1.9942v-.0647c0-1.2568-.7593-2.0051-1.7208-2.0051-.9694 0-1.8087.7331-1.8087 2.0051v.0647c0 1.2567.7505 1.9978 1.744 1.9978.9455 0 1.7855-.7571 1.7855-1.9978Zm-9.3258 3.4343v-5.5163m.016 1.9941v.0648c0 1.2567.7592 2.0051 1.7207 2.0051.9695 0 1.8087-.7331 1.8087-2.0051v-.0648c0-1.2567-.7505-1.9978-1.744-1.9978-.9454 0-1.7854.7571-1.7854 1.9978Zm13.6843-3.9447c-.576-.1432-1.3956.0597-1.3956 1.0524v4.9746m-.6968-4.043h2.0502" stroke="#fff" stroke-miterlimit="10" stroke-linecap="round" stroke-linejoin="round" /></svg>      </span>
      <p class="custom-file__label" aria-hidden="true">
        <span class="custom-file__title">Stratégie lavalloise de gestion des matières résiduelles pour 2020-2025</span>
        <span class="custom-file__size"> &#8211; 189.13 KB</span>
      </p>
      <span class="sr-only">
        Download file Stratégie lavalloise de gestion des matières résiduelles pour 2020-2025 (format PDF, size 189.13 KB)      </span>
    </a>
  </div>
  
</div>


<div class="sticky-section-sidebar"
>
   <div class="sticky-section-sidebar__inner">
     

<p></p>

   </div>
</div>

</section>
<section class="mixed-carousel mixed-carousel--custom alignfull"
>
    
<div class="heading-with-button container">
      <h2 class="heading-with-button__title">Pour aller plus loin</h2>
    </div>
    <div class="mixed-carousel__carousel-wrapper">
      <div class="mixed-carousel__carousel swiper">
        <div class="swiper-wrapper">
                      
<div class="mixed-item swiper-slide aligndefault mixed-item--landscape-thumbnail">
  <a class="mixed-item__inner" href="https://www.laval.ca/conseils/adopter-animal-compagnie-etapes-essentielles/">    <div class="mixed-item__thumbnail-wrapper">
      <img decoding="async" width="609" height="350" src="https://www.laval.ca/wp-content/uploads/2025/02/collecte-matiere-residuelle-609x350-1.jpg" class="attachment-medium_large size-medium_large" alt="Les 3 bacs de déchets, récupération et compost sont sur le bord de la rue" sizes="(min-width:1216px) 430px, (min-width:1080px) 36vw, (min-width:768px) 41vw, (min-width:560px) 60vw, 85vw" srcset="https://www.laval.ca/wp-content/uploads/2025/02/collecte-matiere-residuelle-609x350-1.jpg 609w, https://www.laval.ca/wp-content/uploads/2025/02/collecte-matiere-residuelle-609x350-1-300x172.jpg 300w" />    </div>
    <h3 class="mixed-item__title"><span>Règlement municipal </span></h3>
          <p class="mixed-item__excerpt">Apprenez-en plus sur les règles encadrant la collecte des matières résiduelles. </p>
      </a></div>


<div class="mixed-item swiper-slide aligndefault mixed-item--landscape-thumbnail">
  <a class="mixed-item__inner" href="https://www.laval.ca/environnement/collectes/">    <div class="mixed-item__thumbnail-wrapper">
      <img decoding="async" width="609" height="350" src="https://www.laval.ca/wp-content/uploads/2025/02/environnement-collectes.jpg" class="attachment-medium_large size-medium_large" alt="" sizes="(min-width:1216px) 430px, (min-width:1080px) 36vw, (min-width:768px) 41vw, (min-width:560px) 60vw, 85vw" srcset="https://www.laval.ca/wp-content/uploads/2025/02/environnement-collectes.jpg 609w, https://www.laval.ca/wp-content/uploads/2025/02/environnement-collectes-300x172.jpg 300w" />    </div>
    <h3 class="mixed-item__title"><span>Tout sur les collectes </span></h3>
          <p class="mixed-item__excerpt">Obtenez les horaires de collectes et des informations pratiques pour bien trier. </p>
      </a></div>


<div class="mixed-item swiper-slide aligndefault mixed-item--landscape-thumbnail">
  <a class="mixed-item__inner" href="https://www.laval.ca/environnement/transition-ecologique/plan-climatique/">    <div class="mixed-item__thumbnail-wrapper">
      <img decoding="async" src="https://www.laval.ca/wp-content/themes/laval.ca/dist/images/defaults/default.jpg" alt="">    </div>
    <h3 class="mixed-item__title"><span>Lutte contre les changements climatiques</span></h3>
          <p class="mixed-item__excerpt">Découvrez les actions et les engagements de la Ville de Laval. </p>
      </a></div>


                  </div>
      </div>
    </div>
    <div class="mixed-carousel__carousel-navigation container">
      <div class="swiper-button-prev"></div>
      <div class="swiper-button-next"></div>
    </div>
      
</section>
