{"id":27216,"date":"2024-09-25T16:51:06","date_gmt":"2024-09-25T20:51:06","guid":{"rendered":"https:\/\/www.laval.ca\/activites-culturelles-participatives\/"},"modified":"2025-09-02T16:07:27","modified_gmt":"2025-09-02T20:07:27","slug":"cultural-participatory-activities","status":"publish","type":"page","link":"https:\/\/www.laval.ca\/en\/culture\/cultural-activities\/cultural-participatory-activities\/","title":{"rendered":"Cultural Participatory activities"},"content":{"rendered":"<section class=\"sticky-section-group aligndefault\"\n>\n   \n<div class=\"sticky-section-main\"\n>\n   \n\n<p class=\"is-style-intro-text\" style=\"font-style:normal;font-weight:600\">Participez \u00e0 des projets culturels qui transforment et dynamisent les quartiers de Laval.\u00a0Que vous soyez une personne jeune, adulte ou a\u00een\u00e9e, la ville vous offre une multitude d&#8217;occasions d\u2019exprimer votre cr\u00e9ativit\u00e9 et votre sensibilit\u00e9 artistique et de contribuer ainsi \u00e0 l&#8217;essor de votre communaut\u00e9.<\/p>\n\n\n\n<h2 class=\"wp-block-heading\"><strong>Le programme \u00ab\u00a0La culture en visite\u00a0\u00bb<\/strong><\/h2>\n\n\n\n<p>Vous vous occupez d\u2019une r\u00e9sidence pour personnes a\u00een\u00e9es \u00e0 Laval?\u00a0\u00a0<\/p>\n\n\n\n<p>Le programme \u00ab\u00a0La culture en visite\u00a0\u00bb vous donne acc\u00e8s \u00e0 une offre de m\u00e9diation et de diffusion culturelle professionnelle gratuite et accessible dans votre milieu de vie.<\/p>\n\n\n\n<h3 class=\"wp-block-heading\">L<strong>es bienfaits du programme pour les personnes \u00e2g\u00e9es<\/strong><\/h3>\n\n\n\n<ul class=\"wp-block-list\">\n<li>Offrir une activit\u00e9 de m\u00e9diation culturelle gratuite, avec des artistes professionnels au sein de la r\u00e9sidence\u00a0<\/li>\n\n\n\n<li>Combattre l&#8217;isolement et la solitude\u00a0<\/li>\n\n\n\n<li>Favoriser l&#8217;inclusion sociale\u00a0<\/li>\n\n\n\n<li>Encourager la stimulation intellectuelle par des prestations et des ateliers culturels\u00a0<\/li>\n\n\n\n<li>Favoriser la r\u00e9miniscence chez les a\u00een\u00e9s (souvenirs affectifs)\u00a0<\/li>\n<\/ul>\n\n\n\n<h3 class=\"wp-block-heading\">C<strong>omment s\u2019inscrire au programme?<\/strong><\/h3>\n\n\n\n<ul class=\"wp-block-list\">\n<li>Repr\u00e9senter l\u2019administration d\u2019une r\u00e9sidence priv\u00e9e (RPA),\u202fun centre d&#8217;h\u00e9bergement (CHSLD) ou une r\u00e9sidence de l&#8217;Office municipal d&#8217;habitation (OMH) de Laval.\u00a0<\/li>\n\n\n\n<li>Envoyer une demande \u00e0 : <a href=\"mailto:diffusionculturelle@laval.ca\" target=\"_blank\" rel=\"noreferrer noopener\">diffusionculturelle@laval.ca<\/a>\u00a0<\/li>\n<\/ul>\n\n\n  <div class=\"lightbox-video aligndefault external-video\"\n  >\n    <a href=\"https:\/\/youtu.be\/U2mC_UwUWrg\" class=\"lightbox-video__thumbnail\" data-caption=\"Vid\u00e9o sur le programme la culture en visite\" target=\"_blank\" rel=\"noopener\" data-fancybox>\n      <img decoding=\"async\" width=\"960\" height=\"540\" src=\"https:\/\/www.laval.ca\/wp-content\/uploads\/2025\/01\/culture-visite-video-1216x684-1-960x540.jpg\" class=\"attachment-photo-gallery-landscape size-photo-gallery-landscape\" alt=\"\" srcset=\"https:\/\/www.laval.ca\/wp-content\/uploads\/2025\/01\/culture-visite-video-1216x684-1-960x540.jpg 960w, https:\/\/www.laval.ca\/wp-content\/uploads\/2025\/01\/culture-visite-video-1216x684-1-300x169.jpg 300w, https:\/\/www.laval.ca\/wp-content\/uploads\/2025\/01\/culture-visite-video-1216x684-1-1024x576.jpg 1024w, https:\/\/www.laval.ca\/wp-content\/uploads\/2025\/01\/culture-visite-video-1216x684-1-768x432.jpg 768w, https:\/\/www.laval.ca\/wp-content\/uploads\/2025\/01\/culture-visite-video-1216x684-1-420x235.jpg 420w, https:\/\/www.laval.ca\/wp-content\/uploads\/2025\/01\/culture-visite-video-1216x684-1.jpg 1216w\" sizes=\"(max-width: 960px) 100vw, 960px\" \/>      <div class=\"lightbox-video__overlay\">\n        <div class=\"lightbox-video__play-wrapper\">\n          <span class=\"lightbox-video__play-icon icon-play\" aria-hidden=\"true\"><\/span>\n          <p class=\"sr-only\">Play video<\/p>\n                      <p class=\"lightbox-video__caption\">Vid\u00e9o sur le programme la culture en visite<\/p>\n                  <\/div>\n      <\/div>\n    <\/a>\n  <\/div>\n  \n<\/div>\n\n\n<div class=\"sticky-section-sidebar\"\n>\n   <div class=\"sticky-section-sidebar__inner\">\n     \n\n<p><\/p>\n\n   <\/div>\n<\/div>\n\n<\/section>\n\n<p>Cr\u00e9dit photo : Sophie Poliquin<\/p>\n<section class=\"mixed-carousel mixed-carousel--custom alignfull\"\n>\n    \n<div class=\"heading-with-button container\">\n    <\/div>\n    <div class=\"mixed-carousel__carousel-wrapper\">\n      <div class=\"mixed-carousel__carousel swiper\">\n        <div class=\"swiper-wrapper\">\n                      \n<div class=\"mixed-item swiper-slide aligndefault mixed-item--landscape-thumbnail\">\n  <a class=\"mixed-item__inner\" href=\"https:\/\/www.laval.ca\/sports-loisirs\/inscrire-activite-sportive-culturelle-loisirs\/\">    <div class=\"mixed-item__thumbnail-wrapper\">\n      <img decoding=\"async\" width=\"609\" height=\"350\" src=\"https:\/\/www.laval.ca\/wp-content\/uploads\/2025\/02\/inscriptions-activites-sport-culture-609x350-1.jpg\" class=\"attachment-medium_large size-medium_large\" alt=\"Illustration d&#039;une ballerine et d&#039;un joueur de hockey\" sizes=\"(min-width:1216px) 430px, (min-width:1080px) 36vw, (min-width:768px) 41vw, (min-width:560px) 60vw, 85vw\" srcset=\"https:\/\/www.laval.ca\/wp-content\/uploads\/2025\/02\/inscriptions-activites-sport-culture-609x350-1.jpg 609w, https:\/\/www.laval.ca\/wp-content\/uploads\/2025\/02\/inscriptions-activites-sport-culture-609x350-1-300x172.jpg 300w\" \/>    <\/div>\n    <h3 class=\"mixed-item__title\"><span>Inscription aux activit\u00e9s de loisirs\u00a0<\/span><\/h3>\n          <p class=\"mixed-item__excerpt\">Participez \u00e0 la vie sportive et culturelle lavalloise : inscrivez-vous aux activit\u00e9s et d\u00e9couvrez nos organismes!<\/p>\n      <\/a><\/div>\n\n\n                  <\/div>\n      <\/div>\n    <\/div>\n    <div class=\"mixed-carousel__carousel-navigation container\">\n      <div class=\"swiper-button-prev\"><\/div>\n      <div class=\"swiper-button-next\"><\/div>\n    <\/div>\n      \n<\/section>\n\n<p><\/p>\n","protected":false},"excerpt":{"rendered":"<p>Cr\u00e9dit photo : Sophie Poliquin<\/p>\n","protected":false},"author":34,"featured_media":0,"parent":27217,"menu_order":238,"comment_status":"closed","ping_status":"closed","template":"","meta":{"_acf_changed":false,"advgb_blocks_editor_width":"","advgb_blocks_columns_visual_guide":"","footnotes":""},"class_list":["post-27216","page","type-page","status-publish","hentry"],"pp_statuses_selecting_workflow":false,"pp_workflow_action":"current","pp_status_selection":"publish","acf":[],"coauthors":[],"author_meta":{"author_link":"https:\/\/www.laval.ca\/en\/author\/i-boucherlaval-ca\/","display_name":"i.boucher@laval.ca"},"relative_dates":{"created":"Posted 2 years ago","modified":"Updated 8 months ago"},"absolute_dates":{"created":"Posted on September 25, 2024","modified":"Updated on September 2, 2025"},"absolute_dates_time":{"created":"Posted on September 25, 2024 4:51 pm","modified":"Updated on September 2, 2025 4:07 pm"},"featured_img_caption":"","featured_img":false,"series_order":"","publishpress_future_action":{"enabled":false,"date":"2026-05-04 11:36:14","action":"change-status","newStatus":"draft","terms":[],"taxonomy":"translation_priority","extraData":[]},"publishpress_future_workflow_manual_trigger":{"enabledWorkflows":[]},"_links":{"self":[{"href":"https:\/\/www.laval.ca\/en\/wp-json\/wp\/v2\/pages\/27216","targetHints":{"allow":["GET"]}}],"collection":[{"href":"https:\/\/www.laval.ca\/en\/wp-json\/wp\/v2\/pages"}],"about":[{"href":"https:\/\/www.laval.ca\/en\/wp-json\/wp\/v2\/types\/page"}],"author":[{"embeddable":true,"href":"https:\/\/www.laval.ca\/en\/wp-json\/wp\/v2\/users\/34"}],"replies":[{"embeddable":true,"href":"https:\/\/www.laval.ca\/en\/wp-json\/wp\/v2\/comments?post=27216"}],"version-history":[{"count":7,"href":"https:\/\/www.laval.ca\/en\/wp-json\/wp\/v2\/pages\/27216\/revisions"}],"predecessor-version":[{"id":89674,"href":"https:\/\/www.laval.ca\/en\/wp-json\/wp\/v2\/pages\/27216\/revisions\/89674"}],"up":[{"embeddable":true,"href":"https:\/\/www.laval.ca\/en\/wp-json\/wp\/v2\/pages\/27217"}],"wp:attachment":[{"href":"https:\/\/www.laval.ca\/en\/wp-json\/wp\/v2\/media?parent=27216"}],"curies":[{"name":"wp","href":"https:\/\/api.w.org\/{rel}","templated":true}]}}

<section class="sticky-section-group aligndefault"
>
   
<div class="sticky-section-main"
>
   

<p class="is-style-intro-text" style="font-style:normal;font-weight:600">Participez à des projets culturels qui transforment et dynamisent les quartiers de Laval. Que vous soyez une personne jeune, adulte ou aînée, la ville vous offre une multitude d&#8217;occasions d’exprimer votre créativité et votre sensibilité artistique et de contribuer ainsi à l&#8217;essor de votre communauté.</p>



<h2 class="wp-block-heading"><strong>Le programme « La culture en visite »</strong></h2>



<p>Vous vous occupez d’une résidence pour personnes aînées à Laval?  </p>



<p>Le programme « La culture en visite » vous donne accès à une offre de médiation et de diffusion culturelle professionnelle gratuite et accessible dans votre milieu de vie.</p>



<h3 class="wp-block-heading">L<strong>es bienfaits du programme pour les personnes âgées</strong></h3>



<ul class="wp-block-list">
<li>Offrir une activité de médiation culturelle gratuite, avec des artistes professionnels au sein de la résidence </li>



<li>Combattre l&#8217;isolement et la solitude </li>



<li>Favoriser l&#8217;inclusion sociale </li>



<li>Encourager la stimulation intellectuelle par des prestations et des ateliers culturels </li>



<li>Favoriser la réminiscence chez les aînés (souvenirs affectifs) </li>
</ul>



<h3 class="wp-block-heading">C<strong>omment s’inscrire au programme?</strong></h3>



<ul class="wp-block-list">
<li>Représenter l’administration d’une résidence privée (RPA), un centre d&#8217;hébergement (CHSLD) ou une résidence de l&#8217;Office municipal d&#8217;habitation (OMH) de Laval. </li>



<li>Envoyer une demande à : <a href="mailto:diffusionculturelle@laval.ca" target="_blank" rel="noreferrer noopener">diffusionculturelle@laval.ca</a> </li>
</ul>


  <div class="lightbox-video aligndefault external-video"
  >
    <a href="https://youtu.be/U2mC_UwUWrg" class="lightbox-video__thumbnail" data-caption="Vidéo sur le programme la culture en visite" target="_blank" rel="noopener" data-fancybox>
      <img decoding="async" width="960" height="540" src="https://www.laval.ca/wp-content/uploads/2025/01/culture-visite-video-1216x684-1-960x540.jpg" class="attachment-photo-gallery-landscape size-photo-gallery-landscape" alt="" srcset="https://www.laval.ca/wp-content/uploads/2025/01/culture-visite-video-1216x684-1-960x540.jpg 960w, https://www.laval.ca/wp-content/uploads/2025/01/culture-visite-video-1216x684-1-300x169.jpg 300w, https://www.laval.ca/wp-content/uploads/2025/01/culture-visite-video-1216x684-1-1024x576.jpg 1024w, https://www.laval.ca/wp-content/uploads/2025/01/culture-visite-video-1216x684-1-768x432.jpg 768w, https://www.laval.ca/wp-content/uploads/2025/01/culture-visite-video-1216x684-1-420x235.jpg 420w, https://www.laval.ca/wp-content/uploads/2025/01/culture-visite-video-1216x684-1.jpg 1216w" sizes="(max-width: 960px) 100vw, 960px" />      <div class="lightbox-video__overlay">
        <div class="lightbox-video__play-wrapper">
          <span class="lightbox-video__play-icon icon-play" aria-hidden="true"></span>
          <p class="sr-only">Play video</p>
                      <p class="lightbox-video__caption">Vidéo sur le programme la culture en visite</p>
                  </div>
      </div>
    </a>
  </div>
  
</div>


<div class="sticky-section-sidebar"
>
   <div class="sticky-section-sidebar__inner">
     

<p></p>

   </div>
</div>

</section>

<p>Crédit photo : Sophie Poliquin</p>
<section class="mixed-carousel mixed-carousel--custom alignfull"
>
    
<div class="heading-with-button container">
    </div>
    <div class="mixed-carousel__carousel-wrapper">
      <div class="mixed-carousel__carousel swiper">
        <div class="swiper-wrapper">
                      
<div class="mixed-item swiper-slide aligndefault mixed-item--landscape-thumbnail">
  <a class="mixed-item__inner" href="https://www.laval.ca/sports-loisirs/inscrire-activite-sportive-culturelle-loisirs/">    <div class="mixed-item__thumbnail-wrapper">
      <img decoding="async" width="609" height="350" src="https://www.laval.ca/wp-content/uploads/2025/02/inscriptions-activites-sport-culture-609x350-1.jpg" class="attachment-medium_large size-medium_large" alt="Illustration d&#039;une ballerine et d&#039;un joueur de hockey" sizes="(min-width:1216px) 430px, (min-width:1080px) 36vw, (min-width:768px) 41vw, (min-width:560px) 60vw, 85vw" srcset="https://www.laval.ca/wp-content/uploads/2025/02/inscriptions-activites-sport-culture-609x350-1.jpg 609w, https://www.laval.ca/wp-content/uploads/2025/02/inscriptions-activites-sport-culture-609x350-1-300x172.jpg 300w" />    </div>
    <h3 class="mixed-item__title"><span>Inscription aux activités de loisirs </span></h3>
          <p class="mixed-item__excerpt">Participez à la vie sportive et culturelle lavalloise : inscrivez-vous aux activités et découvrez nos organismes!</p>
      </a></div>


                  </div>
      </div>
    </div>
    <div class="mixed-carousel__carousel-navigation container">
      <div class="swiper-button-prev"></div>
      <div class="swiper-button-next"></div>
    </div>
      
</section>

<p></p>

<p>Crédit photo : Sophie Poliquin</p>
