{"id":27213,"date":"2024-09-26T11:14:51","date_gmt":"2024-09-26T15:14:51","guid":{"rendered":"https:\/\/www.laval.ca\/evenements-festivals\/"},"modified":"2025-04-07T16:34:36","modified_gmt":"2025-04-07T20:34:36","slug":"cultural-events","status":"publish","type":"page","link":"https:\/\/www.laval.ca\/en\/culture\/cultural-activities\/cultural-events\/","title":{"rendered":"Events and festivals"},"content":{"rendered":"<section class=\"sticky-section-group aligndefault\"\n>\n   \n<div class=\"sticky-section-main\"\n>\n   \n\n<p class=\"is-style-intro-text\" style=\"font-style:normal;font-weight:600\">D\u00e9couvrez les \u00e9v\u00e9nements et festivals offerts \u00e0 Laval. Une programmation riche et vari\u00e9e vous y attend.\u00a0<\/p>\n\n\n  <section class=\"child-pages aligndefault child-pages--style-text\"\n  >\n\n          <ul class=\"child-pages__listing reset-list\">\n            <li class=\"child-pages__item\">\n        <a class=\"child-pages__item__inner\" href=\"https:\/\/www.laval.ca\/en\/culture\/cultural-activities\/cultural-events\/journees-culture-laval\/\"\n          >\n                    <div class=\"child-pages__item__content\">\n            <p class=\"child-pages__item__title\"><span>Journ\u00e9es de la culture<\/span><\/p>\n                          <div class=\"child-pages__item__excerpt\"><p>D\u00e9couvrez les activit\u00e9s culturelles offertes gratuitement dans le cadre des Journ\u00e9es de la culture \u00e0 Laval du 26 au 28 septembre 2025.<\/p>\n<\/div>\n                      <\/div>\n        <\/a>\n      <\/li>\n            <li class=\"child-pages__item\">\n        <a class=\"child-pages__item__inner\" href=\"https:\/\/www.laval.ca\/en\/culture\/cultural-activities\/cultural-events\/musical-zones-home\/\"\n          >\n                    <div class=\"child-pages__item__content\">\n            <p class=\"child-pages__item__title\"><span>Musical zones<\/span><\/p>\n                          <div class=\"child-pages__item__excerpt\"><p>Laissez-vous emporter par des performances musicales gratuites dans diff\u00e9rents lieux de la ville.<\/p>\n<\/div>\n                      <\/div>\n        <\/a>\n      <\/li>\n            <li class=\"child-pages__item\">\n        <a class=\"child-pages__item__inner\" href=\"https:\/\/www.laval.ca\/en\/culture\/cultural-activities\/cultural-events\/national-day-quebec\/\"\n          >\n                    <div class=\"child-pages__item__content\">\n            <p class=\"child-pages__item__title\"><span>National Day of Quebec<\/span><\/p>\n                          <div class=\"child-pages__item__excerpt\"><p>\u00c0 Laval, le Centre de la nature accueille chaque ann\u00e9e, en juin, une F\u00eate nationale gratuite et festive.<\/p>\n<\/div>\n                      <\/div>\n        <\/a>\n      <\/li>\n            <li class=\"child-pages__item\">\n        <a class=\"child-pages__item__inner\" href=\"https:\/\/www.laval.ca\/en\/culture\/cultural-activities\/cultural-events\/petits-bonheurs-laval\/\"\n          >\n                    <div class=\"child-pages__item__content\">\n            <p class=\"child-pages__item__title\"><span>Petits bonheurs festival<\/span><\/p>\n                          <div class=\"child-pages__item__excerpt\"><p>Plongez dans l\u2019aventure avec le festival Petits bonheurs Laval, le rendez-vous culturel des tout-petits de 0\u00a0\u00e0\u00a06 ans, qui a lieu chaque ann\u00e9e au mois de mai.<\/p>\n<\/div>\n                      <\/div>\n        <\/a>\n      <\/li>\n            <li class=\"child-pages__item\">\n        <a class=\"child-pages__item__inner\" href=\"https:\/\/www.laval.ca\/en\/culture\/cultural-activities\/cultural-events\/station-culturelle-momo\/\"\n          >\n                    <div class=\"child-pages__item__content\">\n            <p class=\"child-pages__item__title\"><span>Station culturelle Momo<\/span><\/p>\n                          <div class=\"child-pages__item__excerpt\"><p>Nouvelle destination au c\u0153ur du secteur Montmorency, la station culturelle Momo vous invite \u00e0 venir profiter des beaux jours de l&#8217;\u00e9t\u00e9 au centre-ville Laval!<\/p>\n<\/div>\n                      <\/div>\n        <\/a>\n      <\/li>\n            <li class=\"child-pages__item\">\n        <a class=\"child-pages__item__inner\" href=\"https:\/\/www.laval.ca\/en\/culture\/cultural-activities\/cultural-events\/triennale-banlieue\/\"\n          >\n                    <div class=\"child-pages__item__content\">\n            <p class=\"child-pages__item__title\"><span>Triennale Banlieue !<\/span><\/p>\n                          <div class=\"child-pages__item__excerpt\"><p>Visitez la Triennale Banlieue, organis\u00e9e par la Salle Alfred-Pellan de la Maison des arts de Laval, un rendez-vous incontournable d&#8217;arts contemporains et actuels sur le th\u00e8me de la banlieue. <\/p>\n<\/div>\n                      <\/div>\n        <\/a>\n      <\/li>\n            <\/ul>\n      <\/section>\n  \n<\/div>\n\n\n<div class=\"sticky-section-sidebar\"\n>\n   <div class=\"sticky-section-sidebar__inner\">\n     \n\n<p><\/p>\n\n   <\/div>\n<\/div>\n\n<\/section>\n\n<p>Cr\u00e9dit photo : Yannick Mitchell<\/p>\n","protected":false},"excerpt":{"rendered":"<p>Cr\u00e9dit photo : Yannick Mitchell<\/p>\n","protected":false},"author":34,"featured_media":0,"parent":27217,"menu_order":261,"comment_status":"closed","ping_status":"closed","template":"","meta":{"_acf_changed":false,"advgb_blocks_editor_width":"","advgb_blocks_columns_visual_guide":"","footnotes":""},"class_list":["post-27213","page","type-page","status-publish","hentry"],"pp_statuses_selecting_workflow":false,"pp_workflow_action":"current","pp_status_selection":"publish","acf":[],"coauthors":[],"author_meta":{"author_link":"https:\/\/www.laval.ca\/en\/author\/i-boucherlaval-ca\/","display_name":"i.boucher@laval.ca"},"relative_dates":{"created":"Posted 2 years ago","modified":"Updated 1 year ago"},"absolute_dates":{"created":"Posted on September 26, 2024","modified":"Updated on April 7, 2025"},"absolute_dates_time":{"created":"Posted on September 26, 2024 11:14 am","modified":"Updated on April 7, 2025 4:34 pm"},"featured_img_caption":"","featured_img":false,"series_order":"","publishpress_future_action":{"enabled":false,"date":"2026-05-07 05:36:26","action":"change-status","newStatus":"draft","terms":[],"taxonomy":"translation_priority","extraData":[]},"publishpress_future_workflow_manual_trigger":{"enabledWorkflows":[]},"_links":{"self":[{"href":"https:\/\/www.laval.ca\/en\/wp-json\/wp\/v2\/pages\/27213","targetHints":{"allow":["GET"]}}],"collection":[{"href":"https:\/\/www.laval.ca\/en\/wp-json\/wp\/v2\/pages"}],"about":[{"href":"https:\/\/www.laval.ca\/en\/wp-json\/wp\/v2\/types\/page"}],"author":[{"embeddable":true,"href":"https:\/\/www.laval.ca\/en\/wp-json\/wp\/v2\/users\/34"}],"replies":[{"embeddable":true,"href":"https:\/\/www.laval.ca\/en\/wp-json\/wp\/v2\/comments?post=27213"}],"version-history":[{"count":7,"href":"https:\/\/www.laval.ca\/en\/wp-json\/wp\/v2\/pages\/27213\/revisions"}],"predecessor-version":[{"id":62911,"href":"https:\/\/www.laval.ca\/en\/wp-json\/wp\/v2\/pages\/27213\/revisions\/62911"}],"up":[{"embeddable":true,"href":"https:\/\/www.laval.ca\/en\/wp-json\/wp\/v2\/pages\/27217"}],"wp:attachment":[{"href":"https:\/\/www.laval.ca\/en\/wp-json\/wp\/v2\/media?parent=27213"}],"curies":[{"name":"wp","href":"https:\/\/api.w.org\/{rel}","templated":true}]}}

<section class="sticky-section-group aligndefault"
>
   
<div class="sticky-section-main"
>
   

<p class="is-style-intro-text" style="font-style:normal;font-weight:600">Découvrez les événements et festivals offerts à Laval. Une programmation riche et variée vous y attend. </p>


  <section class="child-pages aligndefault child-pages--style-text"
  >

          <ul class="child-pages__listing reset-list">
            <li class="child-pages__item">
        <a class="child-pages__item__inner" href="https://www.laval.ca/en/culture/cultural-activities/cultural-events/journees-culture-laval/"
          >
                    <div class="child-pages__item__content">
            <p class="child-pages__item__title"><span>Journées de la culture</span></p>
                          <div class="child-pages__item__excerpt"><p>Découvrez les activités culturelles offertes gratuitement dans le cadre des Journées de la culture à Laval du 26 au 28 septembre 2025.</p>
</div>
                      </div>
        </a>
      </li>
            <li class="child-pages__item">
        <a class="child-pages__item__inner" href="https://www.laval.ca/en/culture/cultural-activities/cultural-events/musical-zones-home/"
          >
                    <div class="child-pages__item__content">
            <p class="child-pages__item__title"><span>Musical zones</span></p>
                          <div class="child-pages__item__excerpt"><p>Laissez-vous emporter par des performances musicales gratuites dans différents lieux de la ville.</p>
</div>
                      </div>
        </a>
      </li>
            <li class="child-pages__item">
        <a class="child-pages__item__inner" href="https://www.laval.ca/en/culture/cultural-activities/cultural-events/national-day-quebec/"
          >
                    <div class="child-pages__item__content">
            <p class="child-pages__item__title"><span>National Day of Quebec</span></p>
                          <div class="child-pages__item__excerpt"><p>À Laval, le Centre de la nature accueille chaque année, en juin, une Fête nationale gratuite et festive.</p>
</div>
                      </div>
        </a>
      </li>
            <li class="child-pages__item">
        <a class="child-pages__item__inner" href="https://www.laval.ca/en/culture/cultural-activities/cultural-events/petits-bonheurs-laval/"
          >
                    <div class="child-pages__item__content">
            <p class="child-pages__item__title"><span>Petits bonheurs festival</span></p>
                          <div class="child-pages__item__excerpt"><p>Plongez dans l’aventure avec le festival Petits bonheurs Laval, le rendez-vous culturel des tout-petits de 0 à 6 ans, qui a lieu chaque année au mois de mai.</p>
</div>
                      </div>
        </a>
      </li>
            <li class="child-pages__item">
        <a class="child-pages__item__inner" href="https://www.laval.ca/en/culture/cultural-activities/cultural-events/station-culturelle-momo/"
          >
                    <div class="child-pages__item__content">
            <p class="child-pages__item__title"><span>Station culturelle Momo</span></p>
                          <div class="child-pages__item__excerpt"><p>Nouvelle destination au cœur du secteur Montmorency, la station culturelle Momo vous invite à venir profiter des beaux jours de l&#8217;été au centre-ville Laval!</p>
</div>
                      </div>
        </a>
      </li>
            <li class="child-pages__item">
        <a class="child-pages__item__inner" href="https://www.laval.ca/en/culture/cultural-activities/cultural-events/triennale-banlieue/"
          >
                    <div class="child-pages__item__content">
            <p class="child-pages__item__title"><span>Triennale Banlieue !</span></p>
                          <div class="child-pages__item__excerpt"><p>Visitez la Triennale Banlieue, organisée par la Salle Alfred-Pellan de la Maison des arts de Laval, un rendez-vous incontournable d&#8217;arts contemporains et actuels sur le thème de la banlieue. </p>
</div>
                      </div>
        </a>
      </li>
            </ul>
      </section>
  
</div>


<div class="sticky-section-sidebar"
>
   <div class="sticky-section-sidebar__inner">
     

<p></p>

   </div>
</div>

</section>

<p>Crédit photo : Yannick Mitchell</p>

<p>Crédit photo : Yannick Mitchell</p>
