{"id":27210,"date":"2024-09-26T12:15:27","date_gmt":"2024-09-26T16:15:27","guid":{"rendered":"https:\/\/www.laval.ca\/activites-parcs\/"},"modified":"2025-09-03T13:31:19","modified_gmt":"2025-09-03T17:31:19","slug":"park-activities","status":"publish","type":"page","link":"https:\/\/www.laval.ca\/en\/culture\/cultural-activities\/performing-arts\/park-activities\/","title":{"rendered":"Park activities"},"content":{"rendered":"<section class=\"sticky-section-group aligndefault\"\n>\n   \n<div class=\"sticky-section-main\"\n>\n   \n\n<p class=\"is-style-intro-text\" style=\"font-style:normal;font-weight:600\">L&#8217;\u00e9t\u00e9 est la saison id\u00e9ale pour profiter des espaces verts et s&#8217;adonner \u00e0 des activit\u00e9s en plein air. La Ville de Laval vous propose une programmation riche et vari\u00e9e de pi\u00e8ces de th\u00e9\u00e2tre, de spectacles de danse et de cirque gratuits dans ses parcs.\u00a0<\/p>\n\n\n\n<h2 class=\"wp-block-heading\"><strong>Th\u00e9\u00e2tre \u00e0 ciel ouvert<\/strong><\/h2>\n\n\n\n<p>Chaque \u00e9t\u00e9, la Ville propose 2 pi\u00e8ces originales destin\u00e9es au jeune public. Plus de 40 repr\u00e9sentations gratuites sont offertes dans les parcs de Laval, pour le plaisir des enfants et de leurs familles. Les \u0153uvres sont d\u2019abord jou\u00e9es au Centre de la nature. Elles tournent ensuite dans les parcs de Laval, l&#8217;ann\u00e9e suivante.<\/p>\n\n\n\n  <div class=\"notification-message notification-message__bg-alert-circle\" \n  >\n   <div class=\"notification-message__inner-container\">\n    <div class=\"notification-message__heading\">\n              <span class=\"notification-message__icon icon icon-alert-circle\"><\/span>\n                    <p class=\"notification-message__title\">N&#039;oubliez pas votre couverture et votre chaise pliante.<\/p>\n          <\/div>\n      <\/div>\n  <\/div>\n\n\n\n<h3 class=\"wp-block-heading\"><strong>Programmation<\/strong><\/h3>\n\n\n\n<p>La programmation 2025 sera disponible en juin.<\/p>\n\n\n\n<h2 class=\"wp-block-heading\"><strong>Spectacle de la petite enfance (0 \u00e0 5 ans)<\/strong><\/h2>\n\n\n\n<p>Petits et grands sont invit\u00e9s \u00e0 d\u00e9couvrir la magie du th\u00e9\u00e2tre cet \u00e9t\u00e9 avec des pi\u00e8ces sp\u00e9cialement con\u00e7us pour la petite enfance.<\/p>\n\n\n\n<h3 class=\"wp-block-heading\"><strong>Programmation<\/strong><\/h3>\n\n\n\n<p>La programmation 2025 sera disponible en juin.<\/p>\n\n\n\n<h2 class=\"wp-block-heading\"><strong>Cirque<\/strong><\/h2>\n\n\n\n<p>Des acrobaties et des rires vous attendent : spectacles de cirque gratuits au Centre de la nature et dans les parcs tout l&#8217;\u00e9t\u00e9!<\/p>\n\n\n\n<h3 class=\"wp-block-heading\"><strong>Programmation<\/strong><\/h3>\n\n\n\n<p>La programmation 2025 sera disponible en juin.<\/p>\n\n\n\n<h2 class=\"wp-block-heading\"><strong>Piano public<\/strong><\/h2>\n\n\n\n<p>Cet \u00e9t\u00e9, jouez vos airs pr\u00e9f\u00e9r\u00e9s sur des pianos mis \u00e0 votre disposition dans plusieurs lieux publics de la ville. Improvisez, composez, partagez vos m\u00e9lodies pr\u00e9f\u00e9r\u00e9es pour donner un air d\u2019\u00e9t\u00e9 \u00e0 votre quartier.\u00a0<\/p>\n\n\n\n<p>Les emplacements des pianos pour l\u2019\u00e9t\u00e9 2025 seront annonc\u00e9s au d\u00e9but du mois de juin.<\/p>\n\n\n\n<\/div>\n\n\n<div class=\"sticky-section-sidebar\"\n>\n   <div class=\"sticky-section-sidebar__inner\">\n     \n\n<p><\/p>\n\n   <\/div>\n<\/div>\n\n<\/section>\n<section class=\"mixed-carousel mixed-carousel--custom alignfull\"\n>\n    \n<div class=\"heading-with-button container\">\n      <h2 class=\"heading-with-button__title\">Pour aller plus loin<\/h2>\n    <\/div>\n    <div class=\"mixed-carousel__carousel-wrapper\">\n      <div class=\"mixed-carousel__carousel swiper\">\n        <div class=\"swiper-wrapper\">\n                      \n<div class=\"mixed-item swiper-slide aligndefault mixed-item--landscape-thumbnail\">\n  <a class=\"mixed-item__inner\" href=\"https:\/\/www.laval.ca\/culture\/activites-culturelles\/arts-scene\/programmation-salle\/\">    <div class=\"mixed-item__thumbnail-wrapper\">\n      <img decoding=\"async\" width=\"609\" height=\"350\" src=\"https:\/\/www.laval.ca\/wp-content\/uploads\/2025\/02\/salle-spectacle-theatre-muses-609x350-1.jpg\" class=\"attachment-medium_large size-medium_large\" alt=\"Salle de spectacle de la Maison des arts avec des spectateurs\" sizes=\"(min-width:1216px) 430px, (min-width:1080px) 36vw, (min-width:768px) 41vw, (min-width:560px) 60vw, 85vw\" srcset=\"https:\/\/www.laval.ca\/wp-content\/uploads\/2025\/02\/salle-spectacle-theatre-muses-609x350-1.jpg 609w, https:\/\/www.laval.ca\/wp-content\/uploads\/2025\/02\/salle-spectacle-theatre-muses-609x350-1-300x172.jpg 300w\" \/>    <\/div>\n    <h3 class=\"mixed-item__title\"><span>Programmation en salle<\/span><\/h3>\n          <p class=\"mixed-item__excerpt\">D\u00e9couvrez la programmation de la Maison des arts et de l&#8217;Espace citoyen des Confluents.<\/p>\n      <\/a><\/div>\n\n\n<div class=\"mixed-item swiper-slide aligndefault mixed-item--landscape-thumbnail\">\n  <a class=\"mixed-item__inner\" href=\"https:\/\/www.laval.ca\/culture\/activites-culturelles\/evenements-festivals\/zones-musicales\/\">    <div class=\"mixed-item__thumbnail-wrapper\">\n      <img decoding=\"async\" width=\"609\" height=\"350\" src=\"https:\/\/www.laval.ca\/wp-content\/uploads\/2025\/02\/zones-musicales-spectacle-609x350-1.jpg\" class=\"attachment-medium_large size-medium_large\" alt=\"Foule pour le spectacle des Zones musicales au Centre-ville\" sizes=\"(min-width:1216px) 430px, (min-width:1080px) 36vw, (min-width:768px) 41vw, (min-width:560px) 60vw, 85vw\" srcset=\"https:\/\/www.laval.ca\/wp-content\/uploads\/2025\/02\/zones-musicales-spectacle-609x350-1.jpg 609w, https:\/\/www.laval.ca\/wp-content\/uploads\/2025\/02\/zones-musicales-spectacle-609x350-1-300x172.jpg 300w\" \/>    <\/div>\n    <h3 class=\"mixed-item__title\"><span>Zones musicales<\/span><\/h3>\n          <p class=\"mixed-item__excerpt\">D\u00e9couvrez les spectacles en plein air dans nos parcs.<\/p>\n      <\/a><\/div>\n\n\n<div class=\"mixed-item swiper-slide aligndefault mixed-item--landscape-thumbnail\">\n  <a class=\"mixed-item__inner\" href=\"https:\/\/www.laval.ca\/culture\/soutien-artistes-organismes-culturels\/soutien-professionnels\/\">    <div class=\"mixed-item__thumbnail-wrapper\">\n      <img decoding=\"async\" width=\"609\" height=\"350\" src=\"https:\/\/www.laval.ca\/wp-content\/uploads\/2025\/02\/soutien-artiste-609x350-1.jpg\" class=\"attachment-medium_large size-medium_large\" alt=\"Foule \u00e9coutant un spectacle dans un parc.\" sizes=\"(min-width:1216px) 430px, (min-width:1080px) 36vw, (min-width:768px) 41vw, (min-width:560px) 60vw, 85vw\" srcset=\"https:\/\/www.laval.ca\/wp-content\/uploads\/2025\/02\/soutien-artiste-609x350-1.jpg 609w, https:\/\/www.laval.ca\/wp-content\/uploads\/2025\/02\/soutien-artiste-609x350-1-300x172.jpg 300w\" \/>    <\/div>\n    <h3 class=\"mixed-item__title\"><span>Soutien financier aux artistes professionnels<\/span><\/h3>\n          <p class=\"mixed-item__excerpt\">B\u00e9n\u00e9ficiez d&#8217;un soutien \u00e0 la cr\u00e9ation de spectacles pour le jeune public.<\/p>\n      <\/a><\/div>\n\n\n                  <\/div>\n      <\/div>\n    <\/div>\n    <div class=\"mixed-carousel__carousel-navigation container\">\n      <div class=\"swiper-button-prev\"><\/div>\n      <div class=\"swiper-button-next\"><\/div>\n    <\/div>\n      \n<\/section>\n\n<p>Cr\u00e9dit photo : Charles Briand<\/p>\n","protected":false},"excerpt":{"rendered":"<p>Cr\u00e9dit photo : Charles Briand<\/p>\n","protected":false},"author":34,"featured_media":0,"parent":27215,"menu_order":0,"comment_status":"closed","ping_status":"closed","template":"","meta":{"_acf_changed":false,"advgb_blocks_editor_width":"","advgb_blocks_columns_visual_guide":"","footnotes":""},"class_list":["post-27210","page","type-page","status-publish","hentry"],"pp_statuses_selecting_workflow":false,"pp_workflow_action":"current","pp_status_selection":"publish","acf":[],"coauthors":[],"author_meta":{"author_link":"https:\/\/www.laval.ca\/en\/author\/i-boucherlaval-ca\/","display_name":"i.boucher@laval.ca"},"relative_dates":{"created":"Posted 2 years ago","modified":"Updated 8 months ago"},"absolute_dates":{"created":"Posted on September 26, 2024","modified":"Updated on September 3, 2025"},"absolute_dates_time":{"created":"Posted on September 26, 2024 12:15 pm","modified":"Updated on September 3, 2025 1:31 pm"},"featured_img_caption":"","featured_img":false,"series_order":"","publishpress_future_action":{"enabled":false,"date":"2026-05-04 16:41:28","action":"change-status","newStatus":"draft","terms":[],"taxonomy":"translation_priority","extraData":[]},"publishpress_future_workflow_manual_trigger":{"enabledWorkflows":[]},"_links":{"self":[{"href":"https:\/\/www.laval.ca\/en\/wp-json\/wp\/v2\/pages\/27210","targetHints":{"allow":["GET"]}}],"collection":[{"href":"https:\/\/www.laval.ca\/en\/wp-json\/wp\/v2\/pages"}],"about":[{"href":"https:\/\/www.laval.ca\/en\/wp-json\/wp\/v2\/types\/page"}],"author":[{"embeddable":true,"href":"https:\/\/www.laval.ca\/en\/wp-json\/wp\/v2\/users\/34"}],"replies":[{"embeddable":true,"href":"https:\/\/www.laval.ca\/en\/wp-json\/wp\/v2\/comments?post=27210"}],"version-history":[{"count":4,"href":"https:\/\/www.laval.ca\/en\/wp-json\/wp\/v2\/pages\/27210\/revisions"}],"predecessor-version":[{"id":89861,"href":"https:\/\/www.laval.ca\/en\/wp-json\/wp\/v2\/pages\/27210\/revisions\/89861"}],"up":[{"embeddable":true,"href":"https:\/\/www.laval.ca\/en\/wp-json\/wp\/v2\/pages\/27215"}],"wp:attachment":[{"href":"https:\/\/www.laval.ca\/en\/wp-json\/wp\/v2\/media?parent=27210"}],"curies":[{"name":"wp","href":"https:\/\/api.w.org\/{rel}","templated":true}]}}

<section class="sticky-section-group aligndefault"
>
   
<div class="sticky-section-main"
>
   

<p class="is-style-intro-text" style="font-style:normal;font-weight:600">L&#8217;été est la saison idéale pour profiter des espaces verts et s&#8217;adonner à des activités en plein air. La Ville de Laval vous propose une programmation riche et variée de pièces de théâtre, de spectacles de danse et de cirque gratuits dans ses parcs. </p>



<h2 class="wp-block-heading"><strong>Théâtre à ciel ouvert</strong></h2>



<p>Chaque été, la Ville propose 2 pièces originales destinées au jeune public. Plus de 40 représentations gratuites sont offertes dans les parcs de Laval, pour le plaisir des enfants et de leurs familles. Les œuvres sont d’abord jouées au Centre de la nature. Elles tournent ensuite dans les parcs de Laval, l&#8217;année suivante.</p>



  <div class="notification-message notification-message__bg-alert-circle" 
  >
   <div class="notification-message__inner-container">
    <div class="notification-message__heading">
              <span class="notification-message__icon icon icon-alert-circle"></span>
                    <p class="notification-message__title">N&#039;oubliez pas votre couverture et votre chaise pliante.</p>
          </div>
      </div>
  </div>



<h3 class="wp-block-heading"><strong>Programmation</strong></h3>



<p>La programmation 2025 sera disponible en juin.</p>



<h2 class="wp-block-heading"><strong>Spectacle de la petite enfance (0 à 5 ans)</strong></h2>



<p>Petits et grands sont invités à découvrir la magie du théâtre cet été avec des pièces spécialement conçus pour la petite enfance.</p>



<h3 class="wp-block-heading"><strong>Programmation</strong></h3>



<p>La programmation 2025 sera disponible en juin.</p>



<h2 class="wp-block-heading"><strong>Cirque</strong></h2>



<p>Des acrobaties et des rires vous attendent : spectacles de cirque gratuits au Centre de la nature et dans les parcs tout l&#8217;été!</p>



<h3 class="wp-block-heading"><strong>Programmation</strong></h3>



<p>La programmation 2025 sera disponible en juin.</p>



<h2 class="wp-block-heading"><strong>Piano public</strong></h2>



<p>Cet été, jouez vos airs préférés sur des pianos mis à votre disposition dans plusieurs lieux publics de la ville. Improvisez, composez, partagez vos mélodies préférées pour donner un air d’été à votre quartier. </p>



<p>Les emplacements des pianos pour l’été 2025 seront annoncés au début du mois de juin.</p>



</div>


<div class="sticky-section-sidebar"
>
   <div class="sticky-section-sidebar__inner">
     

<p></p>

   </div>
</div>

</section>
<section class="mixed-carousel mixed-carousel--custom alignfull"
>
    
<div class="heading-with-button container">
      <h2 class="heading-with-button__title">Pour aller plus loin</h2>
    </div>
    <div class="mixed-carousel__carousel-wrapper">
      <div class="mixed-carousel__carousel swiper">
        <div class="swiper-wrapper">
                      
<div class="mixed-item swiper-slide aligndefault mixed-item--landscape-thumbnail">
  <a class="mixed-item__inner" href="https://www.laval.ca/culture/activites-culturelles/arts-scene/programmation-salle/">    <div class="mixed-item__thumbnail-wrapper">
      <img decoding="async" width="609" height="350" src="https://www.laval.ca/wp-content/uploads/2025/02/salle-spectacle-theatre-muses-609x350-1.jpg" class="attachment-medium_large size-medium_large" alt="Salle de spectacle de la Maison des arts avec des spectateurs" sizes="(min-width:1216px) 430px, (min-width:1080px) 36vw, (min-width:768px) 41vw, (min-width:560px) 60vw, 85vw" srcset="https://www.laval.ca/wp-content/uploads/2025/02/salle-spectacle-theatre-muses-609x350-1.jpg 609w, https://www.laval.ca/wp-content/uploads/2025/02/salle-spectacle-theatre-muses-609x350-1-300x172.jpg 300w" />    </div>
    <h3 class="mixed-item__title"><span>Programmation en salle</span></h3>
          <p class="mixed-item__excerpt">Découvrez la programmation de la Maison des arts et de l&#8217;Espace citoyen des Confluents.</p>
      </a></div>


<div class="mixed-item swiper-slide aligndefault mixed-item--landscape-thumbnail">
  <a class="mixed-item__inner" href="https://www.laval.ca/culture/activites-culturelles/evenements-festivals/zones-musicales/">    <div class="mixed-item__thumbnail-wrapper">
      <img decoding="async" width="609" height="350" src="https://www.laval.ca/wp-content/uploads/2025/02/zones-musicales-spectacle-609x350-1.jpg" class="attachment-medium_large size-medium_large" alt="Foule pour le spectacle des Zones musicales au Centre-ville" sizes="(min-width:1216px) 430px, (min-width:1080px) 36vw, (min-width:768px) 41vw, (min-width:560px) 60vw, 85vw" srcset="https://www.laval.ca/wp-content/uploads/2025/02/zones-musicales-spectacle-609x350-1.jpg 609w, https://www.laval.ca/wp-content/uploads/2025/02/zones-musicales-spectacle-609x350-1-300x172.jpg 300w" />    </div>
    <h3 class="mixed-item__title"><span>Zones musicales</span></h3>
          <p class="mixed-item__excerpt">Découvrez les spectacles en plein air dans nos parcs.</p>
      </a></div>


<div class="mixed-item swiper-slide aligndefault mixed-item--landscape-thumbnail">
  <a class="mixed-item__inner" href="https://www.laval.ca/culture/soutien-artistes-organismes-culturels/soutien-professionnels/">    <div class="mixed-item__thumbnail-wrapper">
      <img decoding="async" width="609" height="350" src="https://www.laval.ca/wp-content/uploads/2025/02/soutien-artiste-609x350-1.jpg" class="attachment-medium_large size-medium_large" alt="Foule écoutant un spectacle dans un parc." sizes="(min-width:1216px) 430px, (min-width:1080px) 36vw, (min-width:768px) 41vw, (min-width:560px) 60vw, 85vw" srcset="https://www.laval.ca/wp-content/uploads/2025/02/soutien-artiste-609x350-1.jpg 609w, https://www.laval.ca/wp-content/uploads/2025/02/soutien-artiste-609x350-1-300x172.jpg 300w" />    </div>
    <h3 class="mixed-item__title"><span>Soutien financier aux artistes professionnels</span></h3>
          <p class="mixed-item__excerpt">Bénéficiez d&#8217;un soutien à la création de spectacles pour le jeune public.</p>
      </a></div>


                  </div>
      </div>
    </div>
    <div class="mixed-carousel__carousel-navigation container">
      <div class="swiper-button-prev"></div>
      <div class="swiper-button-next"></div>
    </div>
      
</section>

<p>Crédit photo : Charles Briand</p>

<p>Crédit photo : Charles Briand</p>
