{"id":26806,"date":"2025-08-29T01:00:29","date_gmt":"2025-08-29T05:00:29","guid":{"rendered":"https:\/\/www.laval.ca\/semaine-lavalloise-aines\/"},"modified":"2025-08-28T16:47:23","modified_gmt":"2025-08-28T20:47:23","slug":"laval-senior-week","status":"publish","type":"page","link":"https:\/\/www.laval.ca\/en\/sports-leisure\/events-parties\/laval-senior-week\/","title":{"rendered":"Laval Seniors Week"},"content":{"rendered":"<section class=\"sticky-section-group aligndefault\"\n>\n   \n<div class=\"sticky-section-main\"\n>\n   \n\n<p class=\"is-style-intro-text\">Cet \u00e9v\u00e9nement souligne la contribution des personnes a\u00een\u00e9es \u00e0 la communaut\u00e9 lavalloise et valorise le vieillissement actif en proposant des activit\u00e9s vari\u00e9es. C\u2019est aussi une occasion unique de d\u00e9couvrir la diversit\u00e9 des organisations qui \u0153uvrent pour et avec les personnes a\u00een\u00e9es.\u00a0<\/p>\n\n\n\n<h2 class=\"wp-block-heading\"><strong>Rendez-vous \u00e0 la prochaine \u00e9dition<\/strong><\/h2>\n\n\n\n<p>La 36<sup>e<\/sup>\u00a0\u00e9dition de la Semaine lavalloise des a\u00een\u00e9s aura lieu du 1<sup>er<\/sup>\u00a0au 7\u00a0octobre\u00a02025. La programmation sera annonc\u00e9e en septembre.\u00a0<\/p>\n\n\n\n<p>Cet \u00e9v\u00e9nement est organis\u00e9 par la Ville en collaboration avec la <a href=\"https:\/\/tableaineslaval.ca\/?_gl=1*odtrgv*_gcl_aw*R0NMLjE3MTg3MzYyMzEuQ2owS0NRancwX1d5QmhETUFSSXNBTDFWejh1ZFJnbHUxNHpRS1doQ1I5aDZlRHBQM05TQ1VvUFpvNzZYVVZLM3JSYmNuNmZoV28xOV9MTWFBc21TRUFMd193Y0I.*_gcl_au*NDg1NTYxNDkuMTcyNTM2ODE5Mg..*_ga*MjE0NTI4MTA0MS4xNzAxNzE2Mjkw*_ga_G6H5B2R1FL*MTcyNTkxMDU3Ny4zMzkuMS4xNzI1OTE1Mjc1LjMyLjAuMA..\" target=\"_blank\" rel=\"noreferrer noopener\">Table r\u00e9gionale de concertation des a\u00een\u00e9s de Laval<\/a> et de nombreux organismes communautaires lavallois.\u00a0<\/p>\n\n<\/div>\n\n\n<div class=\"sticky-section-sidebar\"\n>\n   <div class=\"sticky-section-sidebar__inner\">\n     \n\n<p><\/p>\n\n   <\/div>\n<\/div>\n\n<\/section>\n<section class=\"mixed-carousel mixed-carousel--custom alignfull\"\n>\n    \n<div class=\"heading-with-button container\">\n      <h2 class=\"heading-with-button__title\">Pour aller plus loin<\/h2>\n    <\/div>\n    <div class=\"mixed-carousel__carousel-wrapper\">\n      <div class=\"mixed-carousel__carousel swiper\">\n        <div class=\"swiper-wrapper\">\n                      \n<div class=\"mixed-item swiper-slide aligndefault mixed-item--landscape-thumbnail\">\n  <a class=\"mixed-item__inner\" href=\"https:\/\/www.laval.ca\/calendrier-activites\/\" target=\"_blank\">    <div class=\"mixed-item__thumbnail-wrapper\">\n      <img decoding=\"async\" width=\"609\" height=\"350\" src=\"https:\/\/www.laval.ca\/wp-content\/uploads\/2025\/02\/calendrier-activites-609x350-1.jpg\" class=\"attachment-medium_large size-medium_large\" alt=\"Vue a\u00e9rienne de Laval\" sizes=\"(min-width:1216px) 430px, (min-width:1080px) 36vw, (min-width:768px) 41vw, (min-width:560px) 60vw, 85vw\" srcset=\"https:\/\/www.laval.ca\/wp-content\/uploads\/2025\/02\/calendrier-activites-609x350-1.jpg 609w, https:\/\/www.laval.ca\/wp-content\/uploads\/2025\/02\/calendrier-activites-609x350-1-300x172.jpg 300w\" \/>    <\/div>\n    <h3 class=\"mixed-item__title\"><span>Quoi faire \u00e0 Laval? <\/span><\/h3>\n          <p class=\"mixed-item__excerpt\">Consultez le calendrier des activit\u00e9s pour trouver votre prochaine sortie. <\/p>\n      <\/a><\/div>\n\n\n<div class=\"mixed-item swiper-slide aligndefault mixed-item--landscape-thumbnail\">\n  <a class=\"mixed-item__inner\" href=\"https:\/\/www.laval.ca\/sports-loisirs\/inscrire-activite-sportive-culturelle-loisirs\/\">    <div class=\"mixed-item__thumbnail-wrapper\">\n      <img decoding=\"async\" width=\"609\" height=\"350\" src=\"https:\/\/www.laval.ca\/wp-content\/uploads\/2025\/02\/inscriptions-activites-sport-culture-609x350-1.jpg\" class=\"attachment-medium_large size-medium_large\" alt=\"Illustration d&#039;une ballerine et d&#039;un joueur de hockey\" sizes=\"(min-width:1216px) 430px, (min-width:1080px) 36vw, (min-width:768px) 41vw, (min-width:560px) 60vw, 85vw\" srcset=\"https:\/\/www.laval.ca\/wp-content\/uploads\/2025\/02\/inscriptions-activites-sport-culture-609x350-1.jpg 609w, https:\/\/www.laval.ca\/wp-content\/uploads\/2025\/02\/inscriptions-activites-sport-culture-609x350-1-300x172.jpg 300w\" \/>    <\/div>\n    <h3 class=\"mixed-item__title\"><span>Activit\u00e9s sportives, culturelles et de loisirs <\/span><\/h3>\n          <p class=\"mixed-item__excerpt\">Vous souhaitez vous inscrire \u00e0 une activit\u00e9? On vous dit tout.  <\/p>\n      <\/a><\/div>\n\n\n                  <\/div>\n      <\/div>\n    <\/div>\n    <div class=\"mixed-carousel__carousel-navigation container\">\n      <div class=\"swiper-button-prev\"><\/div>\n      <div class=\"swiper-button-next\"><\/div>\n    <\/div>\n      \n<\/section>\n","protected":false},"excerpt":{"rendered":"","protected":false},"author":34,"featured_media":0,"parent":27025,"menu_order":68,"comment_status":"closed","ping_status":"closed","template":"","meta":{"_acf_changed":false,"advgb_blocks_editor_width":"","advgb_blocks_columns_visual_guide":"","footnotes":""},"class_list":["post-26806","page","type-page","status-publish","hentry"],"pp_statuses_selecting_workflow":false,"pp_workflow_action":"current","pp_status_selection":"publish","acf":[],"coauthors":[],"author_meta":{"author_link":"https:\/\/www.laval.ca\/en\/author\/i-boucherlaval-ca\/","display_name":"i.boucher@laval.ca"},"relative_dates":{"created":"Posted 8 months ago","modified":"Updated 8 months ago"},"absolute_dates":{"created":"Posted on August 29, 2025","modified":"Updated on August 28, 2025"},"absolute_dates_time":{"created":"Posted on August 29, 2025 1:00 am","modified":"Updated on August 28, 2025 4:47 pm"},"featured_img_caption":"","featured_img":false,"series_order":"","publishpress_future_action":{"enabled":false,"date":"2026-05-09 06:54:41","action":"change-status","newStatus":"draft","terms":[],"taxonomy":"translation_priority","extraData":[]},"publishpress_future_workflow_manual_trigger":{"enabledWorkflows":[]},"_links":{"self":[{"href":"https:\/\/www.laval.ca\/en\/wp-json\/wp\/v2\/pages\/26806","targetHints":{"allow":["GET"]}}],"collection":[{"href":"https:\/\/www.laval.ca\/en\/wp-json\/wp\/v2\/pages"}],"about":[{"href":"https:\/\/www.laval.ca\/en\/wp-json\/wp\/v2\/types\/page"}],"author":[{"embeddable":true,"href":"https:\/\/www.laval.ca\/en\/wp-json\/wp\/v2\/users\/34"}],"replies":[{"embeddable":true,"href":"https:\/\/www.laval.ca\/en\/wp-json\/wp\/v2\/comments?post=26806"}],"version-history":[{"count":7,"href":"https:\/\/www.laval.ca\/en\/wp-json\/wp\/v2\/pages\/26806\/revisions"}],"predecessor-version":[{"id":89206,"href":"https:\/\/www.laval.ca\/en\/wp-json\/wp\/v2\/pages\/26806\/revisions\/89206"}],"up":[{"embeddable":true,"href":"https:\/\/www.laval.ca\/en\/wp-json\/wp\/v2\/pages\/27025"}],"wp:attachment":[{"href":"https:\/\/www.laval.ca\/en\/wp-json\/wp\/v2\/media?parent=26806"}],"curies":[{"name":"wp","href":"https:\/\/api.w.org\/{rel}","templated":true}]}}

<section class="sticky-section-group aligndefault"
>
   
<div class="sticky-section-main"
>
   

<p class="is-style-intro-text">Cet événement souligne la contribution des personnes aînées à la communauté lavalloise et valorise le vieillissement actif en proposant des activités variées. C’est aussi une occasion unique de découvrir la diversité des organisations qui œuvrent pour et avec les personnes aînées. </p>



<h2 class="wp-block-heading"><strong>Rendez-vous à la prochaine édition</strong></h2>



<p>La 36<sup>e</sup> édition de la Semaine lavalloise des aînés aura lieu du 1<sup>er</sup> au 7 octobre 2025. La programmation sera annoncée en septembre. </p>



<p>Cet événement est organisé par la Ville en collaboration avec la <a href="https://tableaineslaval.ca/?_gl=1*odtrgv*_gcl_aw*R0NMLjE3MTg3MzYyMzEuQ2owS0NRancwX1d5QmhETUFSSXNBTDFWejh1ZFJnbHUxNHpRS1doQ1I5aDZlRHBQM05TQ1VvUFpvNzZYVVZLM3JSYmNuNmZoV28xOV9MTWFBc21TRUFMd193Y0I.*_gcl_au*NDg1NTYxNDkuMTcyNTM2ODE5Mg..*_ga*MjE0NTI4MTA0MS4xNzAxNzE2Mjkw*_ga_G6H5B2R1FL*MTcyNTkxMDU3Ny4zMzkuMS4xNzI1OTE1Mjc1LjMyLjAuMA.." target="_blank" rel="noreferrer noopener">Table régionale de concertation des aînés de Laval</a> et de nombreux organismes communautaires lavallois. </p>

</div>


<div class="sticky-section-sidebar"
>
   <div class="sticky-section-sidebar__inner">
     

<p></p>

   </div>
</div>

</section>
<section class="mixed-carousel mixed-carousel--custom alignfull"
>
    
<div class="heading-with-button container">
      <h2 class="heading-with-button__title">Pour aller plus loin</h2>
    </div>
    <div class="mixed-carousel__carousel-wrapper">
      <div class="mixed-carousel__carousel swiper">
        <div class="swiper-wrapper">
                      
<div class="mixed-item swiper-slide aligndefault mixed-item--landscape-thumbnail">
  <a class="mixed-item__inner" href="https://www.laval.ca/calendrier-activites/" target="_blank">    <div class="mixed-item__thumbnail-wrapper">
      <img decoding="async" width="609" height="350" src="https://www.laval.ca/wp-content/uploads/2025/02/calendrier-activites-609x350-1.jpg" class="attachment-medium_large size-medium_large" alt="Vue aérienne de Laval" sizes="(min-width:1216px) 430px, (min-width:1080px) 36vw, (min-width:768px) 41vw, (min-width:560px) 60vw, 85vw" srcset="https://www.laval.ca/wp-content/uploads/2025/02/calendrier-activites-609x350-1.jpg 609w, https://www.laval.ca/wp-content/uploads/2025/02/calendrier-activites-609x350-1-300x172.jpg 300w" />    </div>
    <h3 class="mixed-item__title"><span>Quoi faire à Laval? </span></h3>
          <p class="mixed-item__excerpt">Consultez le calendrier des activités pour trouver votre prochaine sortie. </p>
      </a></div>


<div class="mixed-item swiper-slide aligndefault mixed-item--landscape-thumbnail">
  <a class="mixed-item__inner" href="https://www.laval.ca/sports-loisirs/inscrire-activite-sportive-culturelle-loisirs/">    <div class="mixed-item__thumbnail-wrapper">
      <img decoding="async" width="609" height="350" src="https://www.laval.ca/wp-content/uploads/2025/02/inscriptions-activites-sport-culture-609x350-1.jpg" class="attachment-medium_large size-medium_large" alt="Illustration d&#039;une ballerine et d&#039;un joueur de hockey" sizes="(min-width:1216px) 430px, (min-width:1080px) 36vw, (min-width:768px) 41vw, (min-width:560px) 60vw, 85vw" srcset="https://www.laval.ca/wp-content/uploads/2025/02/inscriptions-activites-sport-culture-609x350-1.jpg 609w, https://www.laval.ca/wp-content/uploads/2025/02/inscriptions-activites-sport-culture-609x350-1-300x172.jpg 300w" />    </div>
    <h3 class="mixed-item__title"><span>Activités sportives, culturelles et de loisirs </span></h3>
          <p class="mixed-item__excerpt">Vous souhaitez vous inscrire à une activité? On vous dit tout.  </p>
      </a></div>


                  </div>
      </div>
    </div>
    <div class="mixed-carousel__carousel-navigation container">
      <div class="swiper-button-prev"></div>
      <div class="swiper-button-next"></div>
    </div>
      
</section>
