{"id":26750,"date":"2024-12-04T15:42:53","date_gmt":"2024-12-04T20:42:53","guid":{"rendered":"https:\/\/www.laval.ca\/poste-police-ouest\/"},"modified":"2025-04-01T16:00:21","modified_gmt":"2025-04-01T20:00:21","slug":"west-sector-police-station","status":"publish","type":"page","link":"https:\/\/www.laval.ca\/en\/municipal-organization\/projects\/west-sector-police-station\/","title":{"rendered":"West Sector Police Station"},"content":{"rendered":"<section class=\"sticky-section-group aligndefault\"\n>\n   \n<div class=\"sticky-section-main\"\n>\n   \n\n<p class=\"is-style-intro-text\">Pour optimiser la s\u00e9curit\u00e9 de la population, la Ville de Laval construit\u00a0un nouveau poste de police\u00a0dans le secteur de l\u2019ouest de l\u2019\u00eele. Ce dernier sera compl\u00e9mentaire au poste de gendarmerie Val\u00e9rie-Gignac,\u00a0situ\u00e9 dans l\u2019est de la ville.<\/p>\n\n\n\n<p>Ces 2 emplacements strat\u00e9giques permettront d\u2019assurer un travail policier dans un axe est-ouest, ce qui se traduira par une am\u00e9lioration du temps de r\u00e9ponse aux appels d\u2019urgence et une pr\u00e9sence polici\u00e8re accrue. Au total, plus de 225\u00a0policiers patrouilleurs seront affect\u00e9s \u00e0 ce poste et r\u00e9pondront exclusivement aux appels d\u2019urgence.<\/p>\n\n\n\n<p>Le b\u00e2timent d&#8217;une\u00a0superficie d\u2019environ 10\u00a0 680\u00a0m<sup>2<\/sup>, r\u00e9partis sur 4\u00a0\u00e9tages et un sous-sol, se situera au\u00a0<a href=\"https:\/\/www.google.com\/maps\/place\/2455+Boulevard+du+Cur%c3%a9-Labelle%2c+Laval%2c+QC+H7T+2Z3\/%4045.5599947%2c-73.7711472%2c17z\/data=%213m1%214b1%214m5%213m4%211s0x4cc92393d1954d9d:0xdd8abe068f0dcfc2%218m2%213d45.5599947%214d-73.7689585\" target=\"_blank\" rel=\"noreferrer noopener\">2455,\u00a0boulevard Cur\u00e9-Labelle<\/a>.\u00a0Ce projet constitue un investissement de 59,53\u00a0M$ et\u00a0se terminera\u00a0\u00e0 l\u2019automne\u00a02023.<\/p>\n\n\n\n<p>Le\u00a0poste de police de l&#8217;Ouest\u00a0abritera des services n\u00e9vralgiques du Service de police de Laval.<\/p>\n\n\n\n<h2 class=\"wp-block-heading\">Avancement des travaux\u00a0<\/h2>\n\n\n\n<p><br\/>Consultez notre\u00a0<a href=\"\/organisation-municipale\/salle-presse\/communiques-presse\/poste-police-ouest-travaux-debut\/\">communiqu\u00e9\u00a0du\u00a05 ao\u00fbt 2021\u200b<\/a>\u00a0sur le\u00a0d\u00e9but des travaux pour le poste de police de l&#8217;Ouest.<\/p>\n\n\n\n<p>\u200b\u200bVisionnez la vid\u00e9o d&#8217;avancement des travaux\u00a0\u200bau mois de mai 2023 :<\/p>\n\n\n  <div class=\"lightbox-video aligndefault external-video\"\n  >\n    <a href=\"https:\/\/www.youtube.com\/watch?v=XMQgLS_4ETI\" class=\"lightbox-video__thumbnail\" data-caption=\"Poste de police de l&#039;Ouest\" target=\"_blank\" rel=\"noopener\" data-fancybox>\n      <img decoding=\"async\" width=\"805\" height=\"453\" src=\"https:\/\/www.laval.ca\/wp-content\/uploads\/2025\/04\/poste-police-ouest-video-805x453-1.jpg\" class=\"attachment-photo-gallery-landscape size-photo-gallery-landscape\" alt=\"Poste de police de l&#039;Ouest\" srcset=\"https:\/\/www.laval.ca\/wp-content\/uploads\/2025\/04\/poste-police-ouest-video-805x453-1.jpg 805w, https:\/\/www.laval.ca\/wp-content\/uploads\/2025\/04\/poste-police-ouest-video-805x453-1-300x169.jpg 300w, https:\/\/www.laval.ca\/wp-content\/uploads\/2025\/04\/poste-police-ouest-video-805x453-1-768x432.jpg 768w, https:\/\/www.laval.ca\/wp-content\/uploads\/2025\/04\/poste-police-ouest-video-805x453-1-420x235.jpg 420w\" sizes=\"(max-width: 805px) 100vw, 805px\" \/>      <div class=\"lightbox-video__overlay\">\n        <div class=\"lightbox-video__play-wrapper\">\n          <span class=\"lightbox-video__play-icon icon-play\" aria-hidden=\"true\"><\/span>\n          <p class=\"sr-only\">Play video<\/p>\n                      <p class=\"lightbox-video__caption\">Poste de police de l&#039;Ouest<\/p>\n                  <\/div>\n      <\/div>\n    <\/a>\n  <\/div>\n  \n\n\n<p><br\/><br\/><\/p>\n\n<\/div>\n\n\n<div class=\"sticky-section-sidebar\"\n>\n   <div class=\"sticky-section-sidebar__inner\">\n     \n<div class=\"sidebar-cta-wrapper aligndefault\">\n   <div class=\"sidebar-cta\">\n     \n  <div class=\"theme-icon aligndefault theme-icon--colored\">\n    <span class=\"theme-icon__icon icon icon-info\"><\/span>\n  <\/div>\n  \n\n\n<p class=\"has-xlarge-font-size\"><strong>Nous joindre<\/strong><\/p>\n\n\n\n<p><strong>\u200bDemande d&#8217;information ou un signalement:<\/strong><\/p>\n\n\n\n<p>311<br \/>De l&#8217;ext\u00e9rieur de Laval<br \/>450 978-8000<\/p>\n\n\n\n<div class=\"wp-block-buttons is-layout-flex wp-block-buttons-is-layout-flex\">\n<div class=\"wp-block-button\"><a class=\"wp-block-button__link wp-element-button\" href=\"http:\/\/mondossier.laval.ca\" target=\"_blank\" rel=\"noreferrer noopener\">Mon dossier<\/a><\/div>\n<\/div>\n\n   <\/div>\n<\/div>\n\n   <\/div>\n<\/div>\n\n<\/section>\n","protected":false},"excerpt":{"rendered":"","protected":false},"author":34,"featured_media":0,"parent":27048,"menu_order":262,"comment_status":"closed","ping_status":"closed","template":"","meta":{"_acf_changed":false,"advgb_blocks_editor_width":"","advgb_blocks_columns_visual_guide":"","footnotes":""},"class_list":["post-26750","page","type-page","status-publish","hentry"],"pp_statuses_selecting_workflow":false,"pp_workflow_action":"current","pp_status_selection":"publish","acf":[],"coauthors":[],"author_meta":{"author_link":"https:\/\/www.laval.ca\/en\/author\/i-boucherlaval-ca\/","display_name":"i.boucher@laval.ca"},"relative_dates":{"created":"Posted 1 year ago","modified":"Updated 1 year ago"},"absolute_dates":{"created":"Posted on December 4, 2024","modified":"Updated on April 1, 2025"},"absolute_dates_time":{"created":"Posted on December 4, 2024 3:42 pm","modified":"Updated on April 1, 2025 4:00 pm"},"featured_img_caption":"","featured_img":false,"series_order":"","publishpress_future_action":{"enabled":false,"date":"2026-05-08 17:21:17","action":"change-status","newStatus":"draft","terms":[],"taxonomy":"translation_priority","extraData":[]},"publishpress_future_workflow_manual_trigger":{"enabledWorkflows":[]},"_links":{"self":[{"href":"https:\/\/www.laval.ca\/en\/wp-json\/wp\/v2\/pages\/26750","targetHints":{"allow":["GET"]}}],"collection":[{"href":"https:\/\/www.laval.ca\/en\/wp-json\/wp\/v2\/pages"}],"about":[{"href":"https:\/\/www.laval.ca\/en\/wp-json\/wp\/v2\/types\/page"}],"author":[{"embeddable":true,"href":"https:\/\/www.laval.ca\/en\/wp-json\/wp\/v2\/users\/34"}],"replies":[{"embeddable":true,"href":"https:\/\/www.laval.ca\/en\/wp-json\/wp\/v2\/comments?post=26750"}],"version-history":[{"count":7,"href":"https:\/\/www.laval.ca\/en\/wp-json\/wp\/v2\/pages\/26750\/revisions"}],"predecessor-version":[{"id":62054,"href":"https:\/\/www.laval.ca\/en\/wp-json\/wp\/v2\/pages\/26750\/revisions\/62054"}],"up":[{"embeddable":true,"href":"https:\/\/www.laval.ca\/en\/wp-json\/wp\/v2\/pages\/27048"}],"wp:attachment":[{"href":"https:\/\/www.laval.ca\/en\/wp-json\/wp\/v2\/media?parent=26750"}],"curies":[{"name":"wp","href":"https:\/\/api.w.org\/{rel}","templated":true}]}}

<section class="sticky-section-group aligndefault"
>
   
<div class="sticky-section-main"
>
   

<p class="is-style-intro-text">Pour optimiser la sécurité de la population, la Ville de Laval construit un nouveau poste de police dans le secteur de l’ouest de l’île. Ce dernier sera complémentaire au poste de gendarmerie Valérie-Gignac, situé dans l’est de la ville.</p>



<p>Ces 2 emplacements stratégiques permettront d’assurer un travail policier dans un axe est-ouest, ce qui se traduira par une amélioration du temps de réponse aux appels d’urgence et une présence policière accrue. Au total, plus de 225 policiers patrouilleurs seront affectés à ce poste et répondront exclusivement aux appels d’urgence.</p>



<p>Le bâtiment d&#8217;une superficie d’environ 10  680 m<sup>2</sup>, répartis sur 4 étages et un sous-sol, se situera au <a href="https://www.google.com/maps/place/2455+Boulevard+du+Cur%c3%a9-Labelle%2c+Laval%2c+QC+H7T+2Z3/%4045.5599947%2c-73.7711472%2c17z/data=%213m1%214b1%214m5%213m4%211s0x4cc92393d1954d9d:0xdd8abe068f0dcfc2%218m2%213d45.5599947%214d-73.7689585" target="_blank" rel="noreferrer noopener">2455, boulevard Curé-Labelle</a>. Ce projet constitue un investissement de 59,53 M$ et se terminera à l’automne 2023.</p>



<p>Le poste de police de l&#8217;Ouest abritera des services névralgiques du Service de police de Laval.</p>



<h2 class="wp-block-heading">Avancement des travaux </h2>



<p><br/>Consultez notre <a href="/organisation-municipale/salle-presse/communiques-presse/poste-police-ouest-travaux-debut/">communiqué du 5 août 2021​</a> sur le début des travaux pour le poste de police de l&#8217;Ouest.</p>



<p>​​Visionnez la vidéo d&#8217;avancement des travaux ​au mois de mai 2023 :</p>


  <div class="lightbox-video aligndefault external-video"
  >
    <a href="https://www.youtube.com/watch?v=XMQgLS_4ETI" class="lightbox-video__thumbnail" data-caption="Poste de police de l&#039;Ouest" target="_blank" rel="noopener" data-fancybox>
      <img decoding="async" width="805" height="453" src="https://www.laval.ca/wp-content/uploads/2025/04/poste-police-ouest-video-805x453-1.jpg" class="attachment-photo-gallery-landscape size-photo-gallery-landscape" alt="Poste de police de l&#039;Ouest" srcset="https://www.laval.ca/wp-content/uploads/2025/04/poste-police-ouest-video-805x453-1.jpg 805w, https://www.laval.ca/wp-content/uploads/2025/04/poste-police-ouest-video-805x453-1-300x169.jpg 300w, https://www.laval.ca/wp-content/uploads/2025/04/poste-police-ouest-video-805x453-1-768x432.jpg 768w, https://www.laval.ca/wp-content/uploads/2025/04/poste-police-ouest-video-805x453-1-420x235.jpg 420w" sizes="(max-width: 805px) 100vw, 805px" />      <div class="lightbox-video__overlay">
        <div class="lightbox-video__play-wrapper">
          <span class="lightbox-video__play-icon icon-play" aria-hidden="true"></span>
          <p class="sr-only">Play video</p>
                      <p class="lightbox-video__caption">Poste de police de l&#039;Ouest</p>
                  </div>
      </div>
    </a>
  </div>
  


<p><br/><br/></p>

</div>


<div class="sticky-section-sidebar"
>
   <div class="sticky-section-sidebar__inner">
     
<div class="sidebar-cta-wrapper aligndefault">
   <div class="sidebar-cta">
     
  <div class="theme-icon aligndefault theme-icon--colored">
    <span class="theme-icon__icon icon icon-info"></span>
  </div>
  


<p class="has-xlarge-font-size"><strong>Nous joindre</strong></p>



<p><strong>​Demande d&#8217;information ou un signalement:</strong></p>



<p>311<br />De l&#8217;extérieur de Laval<br />450 978-8000</p>



<div class="wp-block-buttons is-layout-flex wp-block-buttons-is-layout-flex">
<div class="wp-block-button"><a class="wp-block-button__link wp-element-button" href="http://mondossier.laval.ca" target="_blank" rel="noreferrer noopener">Mon dossier</a></div>
</div>

   </div>
</div>

   </div>
</div>

</section>
