{"id":26715,"date":"2024-12-11T16:55:49","date_gmt":"2024-12-11T21:55:49","guid":{"rendered":"https:\/\/www.laval.ca\/programmation\/ados\/"},"modified":"2025-09-02T15:55:25","modified_gmt":"2025-09-02T19:55:25","slug":"teens","status":"publish","type":"page","link":"https:\/\/www.laval.ca\/en\/culture\/librairies\/activities-events-and-registration\/teens\/","title":{"rendered":"Teens"},"content":{"rendered":"<section class=\"sticky-section-group aligndefault\"\n>\n   \n<div class=\"sticky-section-main\"\n>\n   \n\n<p class=\"is-style-intro-text\">Encore plus de folies avec les activit\u00e9s Interdit aux adultes, des jeux, de la r\u00e9alit\u00e9 virtuelle, de la cr\u00e9ation litt\u00e9raire et des rencontres.<\/p>\n\n\n\n<h2 class=\"wp-block-heading\">Programmation<\/h2>\n\n\n\n<\/div>\n\n\n<div class=\"sticky-section-sidebar\"\n>\n   <div class=\"sticky-section-sidebar__inner\">\n     \n<div class=\"sidebar-cta-wrapper aligndefault\">\n   <div class=\"sidebar-cta\">\n     \n  <div class=\"theme-icon aligndefault theme-icon--colored\">\n    <span class=\"theme-icon__icon icon icon-bibliotheque\"><\/span>\n  <\/div>\n  \n\n\n<p class=\"has-xlarge-font-size\"><strong>Site web des biblioth\u00e8ques<\/strong><\/p>\n\n\n\n<p>R\u00e9servez des documents, consultez votre dossier, empruntez des livres num\u00e9riques et plus encore.<\/p>\n\n\n\n<div class=\"wp-block-buttons is-layout-flex wp-block-buttons-is-layout-flex\">\n<div class=\"wp-block-button\"><a class=\"wp-block-button__link wp-element-button\" href=\"https:\/\/biblio.laval.ca\" target=\"_blank\" rel=\"noreferrer noopener\">En savoir plus<\/a><\/div>\n<\/div>\n\n   <\/div>\n<\/div>\n\n\n<div class=\"sidebar-cta-wrapper aligndefault\">\n   <div class=\"sidebar-cta \">\n          <p class=\"sidebar-cta__title has-xlarge-font-size\"><strong>Suivre les biblioth\u00e8ques<\/strong><\/p>\n              <ul class=\"sidebar-cta__socials\">\n                  <li class=\"sidebar-cta__socials__item\">\n            <a href=\"https:\/\/www.facebook.com\/bibliothequeslaval\" class=\"sidebar-cta__socials__link\" target=\"_blank\" rel=\"noopener noreferrer\">\n              <span class=\"social-icon vtx-icon vtx-icon-facebook\"><\/span>\n              <span class=\"social-name\">Facebook<\/span>\n            <\/a>\n          <\/li>\n                  <li class=\"sidebar-cta__socials__item\">\n            <a href=\"https:\/\/www.youtube.com\/c\/Biblioth%C3%A8quesdeLaval\/featured\" class=\"sidebar-cta__socials__link\" target=\"_blank\" rel=\"noopener noreferrer\">\n              <span class=\"social-icon vtx-icon vtx-icon-youtube\"><\/span>\n              <span class=\"social-name\">YouTube<\/span>\n            <\/a>\n          <\/li>\n              <\/ul>\n       <\/div>\n<\/div>\n\n   <\/div>\n<\/div>\n\n<\/section>\n<section class=\"mixed-carousel mixed-carousel--custom alignfull\"\n>\n    \n<div class=\"heading-with-button container\">\n      <h2 class=\"heading-with-button__title\">Pour aller plus loin<\/h2>\n    <\/div>\n    <div class=\"mixed-carousel__carousel-wrapper\">\n      <div class=\"mixed-carousel__carousel swiper\">\n        <div class=\"swiper-wrapper\">\n                      \n<div class=\"mixed-item swiper-slide aligndefault mixed-item--landscape-thumbnail\">\n  <a class=\"mixed-item__inner\" href=\"\">    <div class=\"mixed-item__thumbnail-wrapper\">\n      <img decoding=\"async\" src=\"https:\/\/www.laval.ca\/wp-content\/themes\/laval.ca\/dist\/images\/defaults\/default.jpg\" alt=\"\">    <\/div>\n    <h3 class=\"mixed-item__title\"><span>Plus d&#039;activit\u00e9s sur la th\u00e9matique Techno<\/span><\/h3>\n          <p class=\"mixed-item__excerpt\">Technologie, innovation, informatique\u2026 d\u00e9couvrez une foule de possibilit\u00e9s num\u00e9riques et technologiques.<\/p>\n      <\/a><\/div>\n\n\n<div class=\"mixed-item swiper-slide aligndefault mixed-item--landscape-thumbnail\">\n  <a class=\"mixed-item__inner\" href=\"https:\/\/www.laval.ca\/culture\/bibliotheques\/horaires-coordonnees\/\">    <div class=\"mixed-item__thumbnail-wrapper\">\n      <img decoding=\"async\" width=\"609\" height=\"350\" src=\"https:\/\/www.laval.ca\/wp-content\/uploads\/2025\/04\/horaires-coordonnees-609x350-1.jpg\" class=\"attachment-medium_large size-medium_large\" alt=\"Femme sortant d&#039;une biblioth\u00e8que\" sizes=\"(min-width:1216px) 430px, (min-width:1080px) 36vw, (min-width:768px) 41vw, (min-width:560px) 60vw, 85vw\" srcset=\"https:\/\/www.laval.ca\/wp-content\/uploads\/2025\/04\/horaires-coordonnees-609x350-1.jpg 609w, https:\/\/www.laval.ca\/wp-content\/uploads\/2025\/04\/horaires-coordonnees-609x350-1-300x172.jpg 300w\" \/>    <\/div>\n    <h3 class=\"mixed-item__title\"><span>Horaires des biblioth\u00e8ques<\/span><\/h3>\n          <p class=\"mixed-item__excerpt\">Consultez les horaires et coordonn\u00e9es des biblioth\u00e8ques.<\/p>\n      <\/a><\/div>\n\n\n<div class=\"mixed-item swiper-slide aligndefault mixed-item--landscape-thumbnail\">\n  <a class=\"mixed-item__inner\" href=\"https:\/\/www.laval.ca\/culture\/bibliotheques\/renouvellement-reseau\/\">    <div class=\"mixed-item__thumbnail-wrapper\">\n      <img decoding=\"async\" src=\"https:\/\/www.laval.ca\/wp-content\/themes\/laval.ca\/dist\/images\/defaults\/default.jpg\" alt=\"\">    <\/div>\n    <h3 class=\"mixed-item__title\"><span>Transformation du r\u00e9seau de biblioth\u00e8ques<\/span><\/h3>\n          <p class=\"mixed-item__excerpt\">Le r\u00e9seau de biblioth\u00e8ques de Laval est en transformation pour vous offrir un meilleur acc\u00e8s \u00e0 la culture et au savoir.<\/p>\n      <\/a><\/div>\n\n\n                  <\/div>\n      <\/div>\n    <\/div>\n    <div class=\"mixed-carousel__carousel-navigation container\">\n      <div class=\"swiper-button-prev\"><\/div>\n      <div class=\"swiper-button-next\"><\/div>\n    <\/div>\n      \n<\/section>\n","protected":false},"excerpt":{"rendered":"","protected":false},"author":34,"featured_media":0,"parent":26714,"menu_order":0,"comment_status":"closed","ping_status":"closed","template":"","meta":{"_acf_changed":false,"advgb_blocks_editor_width":"","advgb_blocks_columns_visual_guide":"","footnotes":""},"class_list":["post-26715","page","type-page","status-publish","hentry"],"pp_statuses_selecting_workflow":false,"pp_workflow_action":"current","pp_status_selection":"publish","acf":[],"coauthors":[],"author_meta":{"author_link":"https:\/\/www.laval.ca\/en\/author\/i-boucherlaval-ca\/","display_name":"i.boucher@laval.ca"},"relative_dates":{"created":"Posted 1 year ago","modified":"Updated 8 months ago"},"absolute_dates":{"created":"Posted on December 11, 2024","modified":"Updated on September 2, 2025"},"absolute_dates_time":{"created":"Posted on December 11, 2024 4:55 pm","modified":"Updated on September 2, 2025 3:55 pm"},"featured_img_caption":"","featured_img":false,"series_order":"","publishpress_future_action":{"enabled":false,"date":"2026-05-03 03:26:44","action":"change-status","newStatus":"draft","terms":[],"taxonomy":"translation_priority","extraData":[]},"publishpress_future_workflow_manual_trigger":{"enabledWorkflows":[]},"_links":{"self":[{"href":"https:\/\/www.laval.ca\/en\/wp-json\/wp\/v2\/pages\/26715","targetHints":{"allow":["GET"]}}],"collection":[{"href":"https:\/\/www.laval.ca\/en\/wp-json\/wp\/v2\/pages"}],"about":[{"href":"https:\/\/www.laval.ca\/en\/wp-json\/wp\/v2\/types\/page"}],"author":[{"embeddable":true,"href":"https:\/\/www.laval.ca\/en\/wp-json\/wp\/v2\/users\/34"}],"replies":[{"embeddable":true,"href":"https:\/\/www.laval.ca\/en\/wp-json\/wp\/v2\/comments?post=26715"}],"version-history":[{"count":7,"href":"https:\/\/www.laval.ca\/en\/wp-json\/wp\/v2\/pages\/26715\/revisions"}],"predecessor-version":[{"id":89662,"href":"https:\/\/www.laval.ca\/en\/wp-json\/wp\/v2\/pages\/26715\/revisions\/89662"}],"up":[{"embeddable":true,"href":"https:\/\/www.laval.ca\/en\/wp-json\/wp\/v2\/pages\/26714"}],"wp:attachment":[{"href":"https:\/\/www.laval.ca\/en\/wp-json\/wp\/v2\/media?parent=26715"}],"curies":[{"name":"wp","href":"https:\/\/api.w.org\/{rel}","templated":true}]}}

<section class="sticky-section-group aligndefault"
>
   
<div class="sticky-section-main"
>
   

<p class="is-style-intro-text">Encore plus de folies avec les activités Interdit aux adultes, des jeux, de la réalité virtuelle, de la création littéraire et des rencontres.</p>



<h2 class="wp-block-heading">Programmation</h2>



</div>


<div class="sticky-section-sidebar"
>
   <div class="sticky-section-sidebar__inner">
     
<div class="sidebar-cta-wrapper aligndefault">
   <div class="sidebar-cta">
     
  <div class="theme-icon aligndefault theme-icon--colored">
    <span class="theme-icon__icon icon icon-bibliotheque"></span>
  </div>
  


<p class="has-xlarge-font-size"><strong>Site web des bibliothèques</strong></p>



<p>Réservez des documents, consultez votre dossier, empruntez des livres numériques et plus encore.</p>



<div class="wp-block-buttons is-layout-flex wp-block-buttons-is-layout-flex">
<div class="wp-block-button"><a class="wp-block-button__link wp-element-button" href="https://biblio.laval.ca" target="_blank" rel="noreferrer noopener">En savoir plus</a></div>
</div>

   </div>
</div>


<div class="sidebar-cta-wrapper aligndefault">
   <div class="sidebar-cta ">
          <p class="sidebar-cta__title has-xlarge-font-size"><strong>Suivre les bibliothèques</strong></p>
              <ul class="sidebar-cta__socials">
                  <li class="sidebar-cta__socials__item">
            <a href="https://www.facebook.com/bibliothequeslaval" class="sidebar-cta__socials__link" target="_blank" rel="noopener noreferrer">
              <span class="social-icon vtx-icon vtx-icon-facebook"></span>
              <span class="social-name">Facebook</span>
            </a>
          </li>
                  <li class="sidebar-cta__socials__item">
            <a href="https://www.youtube.com/c/Biblioth%C3%A8quesdeLaval/featured" class="sidebar-cta__socials__link" target="_blank" rel="noopener noreferrer">
              <span class="social-icon vtx-icon vtx-icon-youtube"></span>
              <span class="social-name">YouTube</span>
            </a>
          </li>
              </ul>
       </div>
</div>

   </div>
</div>

</section>
<section class="mixed-carousel mixed-carousel--custom alignfull"
>
    
<div class="heading-with-button container">
      <h2 class="heading-with-button__title">Pour aller plus loin</h2>
    </div>
    <div class="mixed-carousel__carousel-wrapper">
      <div class="mixed-carousel__carousel swiper">
        <div class="swiper-wrapper">
                      
<div class="mixed-item swiper-slide aligndefault mixed-item--landscape-thumbnail">
  <a class="mixed-item__inner" href="">    <div class="mixed-item__thumbnail-wrapper">
      <img decoding="async" src="https://www.laval.ca/wp-content/themes/laval.ca/dist/images/defaults/default.jpg" alt="">    </div>
    <h3 class="mixed-item__title"><span>Plus d&#039;activités sur la thématique Techno</span></h3>
          <p class="mixed-item__excerpt">Technologie, innovation, informatique… découvrez une foule de possibilités numériques et technologiques.</p>
      </a></div>


<div class="mixed-item swiper-slide aligndefault mixed-item--landscape-thumbnail">
  <a class="mixed-item__inner" href="https://www.laval.ca/culture/bibliotheques/horaires-coordonnees/">    <div class="mixed-item__thumbnail-wrapper">
      <img decoding="async" width="609" height="350" src="https://www.laval.ca/wp-content/uploads/2025/04/horaires-coordonnees-609x350-1.jpg" class="attachment-medium_large size-medium_large" alt="Femme sortant d&#039;une bibliothèque" sizes="(min-width:1216px) 430px, (min-width:1080px) 36vw, (min-width:768px) 41vw, (min-width:560px) 60vw, 85vw" srcset="https://www.laval.ca/wp-content/uploads/2025/04/horaires-coordonnees-609x350-1.jpg 609w, https://www.laval.ca/wp-content/uploads/2025/04/horaires-coordonnees-609x350-1-300x172.jpg 300w" />    </div>
    <h3 class="mixed-item__title"><span>Horaires des bibliothèques</span></h3>
          <p class="mixed-item__excerpt">Consultez les horaires et coordonnées des bibliothèques.</p>
      </a></div>


<div class="mixed-item swiper-slide aligndefault mixed-item--landscape-thumbnail">
  <a class="mixed-item__inner" href="https://www.laval.ca/culture/bibliotheques/renouvellement-reseau/">    <div class="mixed-item__thumbnail-wrapper">
      <img decoding="async" src="https://www.laval.ca/wp-content/themes/laval.ca/dist/images/defaults/default.jpg" alt="">    </div>
    <h3 class="mixed-item__title"><span>Transformation du réseau de bibliothèques</span></h3>
          <p class="mixed-item__excerpt">Le réseau de bibliothèques de Laval est en transformation pour vous offrir un meilleur accès à la culture et au savoir.</p>
      </a></div>


                  </div>
      </div>
    </div>
    <div class="mixed-carousel__carousel-navigation container">
      <div class="swiper-button-prev"></div>
      <div class="swiper-button-next"></div>
    </div>
      
</section>
