{"id":26617,"date":"2024-12-22T08:12:53","date_gmt":"2024-12-22T13:12:53","guid":{"rendered":"https:\/\/www.laval.ca\/radicalisation\/"},"modified":"2025-09-17T16:35:29","modified_gmt":"2025-09-17T20:35:29","slug":"prevention-radicalization","status":"publish","type":"page","link":"https:\/\/www.laval.ca\/en\/police\/prevention\/violence-prevention\/prevention-radicalization\/","title":{"rendered":"Prevention of radicalization"},"content":{"rendered":"<section class=\"sticky-section-group aligndefault\"\n>\n   \n<div class=\"sticky-section-main\"\n>\n   \n\n<p class=\"is-style-intro-text\">Radicalization can lead to violence. That\u2019s why the City of Laval is taking action to prevent it.<\/p>\n\n\n\n<h2 class=\"wp-block-heading\"><strong><strong>Understanding radicalization leading to violence<\/strong>&nbsp;<\/strong><\/h2>\n\n\n\n<p>A self-radicalized person slowly withdraws from their family, friends and colleagues. They adopt extreme beliefs that that can drive them to use violence in defence of a cause.&nbsp;<\/p>\n\n\n\n<h2 class=\"wp-block-heading\"><strong>How to help a person at risk?<\/strong>&nbsp;<\/h2>\n\n\n\n<p>Are you concerned about someone you know? Here\u2019s how you can maintain contact.&nbsp;<\/p>\n\n\n\n<ul class=\"wp-block-list\">\n<li>Listen without judgment, with respect and empathy. This helps foster a relationship of trust with the person at risk.&nbsp;&nbsp;<\/li>\n<\/ul>\n\n\n\n<ul class=\"wp-block-list\">\n<li>Do not confront the person about their ideas and beliefs, as they could react by withdrawing even more.&nbsp;<\/li>\n<\/ul>\n\n\n\n<ul class=\"wp-block-list\">\n<li>Choose the right time to open a discussion in a quiet place.&nbsp;<\/li>\n<\/ul>\n\n\n<section class=\"info-tip-box aligndefault\"\n>\n   <div class=\"info-tip-box__decoration\" aria-hidden=\"true\"><\/div>\n   <div class=\"info-tip-box__content\">\n    \n\n<h3 class=\"wp-block-heading\"><strong><strong>The City of Laval\u2019s strategy against radicalization&nbsp;<\/strong><\/strong><\/h3>\n\n\n\n<p>Laval\u2019s strategies aim to ensure that regional actors are better able to detect, prevent and take action to fight radicalization.&nbsp;<\/p>\n\n\n\n<p>Key regional partners and actors work together to<s>,<\/s> consolidate best practices aimed at providing optimal support to Laval residents and implementing targeted prevention measures.&nbsp;<\/p>\n\n\n\n<p>The action strategies developed by the steering committee&nbsp; take their inspiration from the Government of Quebec\u2019s action plan and are based on five main orientations:&nbsp;&nbsp;<\/p>\n\n\n\n<p>Establish an approach based on Laval\u2019s values.&nbsp;<\/p>\n\n\n\n<ul class=\"wp-block-list\">\n<li>Improve interventions.&nbsp;<\/li>\n<\/ul>\n\n\n\n<ul class=\"wp-block-list\">\n<li>Inform, raise awareness and train.&nbsp;<\/li>\n<\/ul>\n\n\n\n<ul class=\"wp-block-list\">\n<li>Develop a partnership and consensus-building approach.&nbsp;<\/li>\n<\/ul>\n\n\n\n<ul class=\"wp-block-list\">\n<li>Foster a culture of communication.&nbsp;<\/li>\n<\/ul>\n\n\n\n<p>To contact our committee, please write to\u202f\u200b\u200b<a href=\"mailto:urgence.sociale@laval.ca\" target=\"_blank\" rel=\"noreferrer noopener\">urgence.sociale@laval.ca<\/a>&nbsp;<\/p>\n\n   <\/div>\n<\/section>\n\n\n\n<h2 class=\"wp-block-heading\"><strong><strong>Resources available<\/strong><\/strong><\/h2>\n\n\n\n<p>Whether for you or for someone you know, there are many resources available in Laval:&nbsp;<\/p>\n\n\n\n<p><strong><strong>Info-Social line<\/strong><\/strong><\/p>\n\n\n\n<ul class=\"wp-block-list\">\n<li>Confidential psychosocial consultation offered free of charge&nbsp;<\/li>\n\n\n\n<li>Available 24 hours a day&nbsp;<\/li>\n\n\n\n<li>Contact 811 and select option 2&nbsp;<\/li>\n<\/ul>\n\n\n\n<p>To find out more,\u202fplease visit the website&nbsp; of the <a href=\"https:\/\/www.lavalensante.com\/en-cas-durgence\/811-info-sante-et-info-social\/\" target=\"_blank\" rel=\"noreferrer noopener\">Centre int\u00e9gr\u00e9 de sant\u00e9 et de services sociaux de Laval<\/a>.&nbsp;<\/p>\n\n\n\n<p><strong><strong>Direction de la protection de la jeunesse&nbsp;<\/strong><\/strong><\/p>\n\n\n\n<p>Are you concerned about a child under the age of 18? Contact 450-975-4000.&nbsp;<\/p>\n\n\n\n<p><strong><strong>Centre for the Prevention of Radicalization Leading to Violence<\/strong><\/strong><\/p>\n\n\n\n<p>In addition to its <a href=\"https:\/\/info-radical.org\/fr\/\" target=\"_blank\" rel=\"noreferrer noopener\">website<\/a>, you can request information by telephone: 514-687-7141 or 1-877-687-7141.&nbsp;<\/p>\n\n<\/div>\n\n\n<div class=\"sticky-section-sidebar\"\n>\n   <div class=\"sticky-section-sidebar__inner\">\n     \n<div class=\"sidebar-cta-wrapper aligndefault\">\n   <div class=\"sidebar-cta\">\n     \n  <div class=\"theme-icon aligndefault theme-icon--colored\">\n    <span class=\"theme-icon__icon icon icon-faq\"><\/span>\n  <\/div>\n  \n\n\n<p class=\"has-xlarge-font-size\"><strong>Want to report an emergency?<\/strong>&nbsp;<\/p>\n\n\n\n<p>Contact 911&nbsp;<\/p>\n\n   <\/div>\n<\/div>\n\n   <\/div>\n<\/div>\n\n<\/section>\n","protected":false},"excerpt":{"rendered":"","protected":false},"author":23,"featured_media":0,"parent":26636,"menu_order":0,"comment_status":"closed","ping_status":"closed","template":"","meta":{"_acf_changed":false,"advgb_blocks_editor_width":"","advgb_blocks_columns_visual_guide":"","footnotes":""},"class_list":["post-26617","page","type-page","status-publish","hentry"],"pp_statuses_selecting_workflow":false,"pp_workflow_action":"current","pp_status_selection":"publish","acf":[],"coauthors":[],"author_meta":{"author_link":"https:\/\/www.laval.ca\/en\/author\/mar-longprelaval-ca\/","display_name":"mar.longpre@laval.ca"},"relative_dates":{"created":"Posted 1 year ago","modified":"Updated 8 months ago"},"absolute_dates":{"created":"Posted on December 22, 2024","modified":"Updated on September 17, 2025"},"absolute_dates_time":{"created":"Posted on December 22, 2024 8:12 am","modified":"Updated on September 17, 2025 4:35 pm"},"featured_img_caption":"","featured_img":false,"series_order":"","publishpress_future_action":{"enabled":false,"date":"2026-05-08 04:27:17","action":"change-status","newStatus":"draft","terms":[],"taxonomy":"translation_priority","extraData":[]},"publishpress_future_workflow_manual_trigger":{"enabledWorkflows":[]},"_links":{"self":[{"href":"https:\/\/www.laval.ca\/en\/wp-json\/wp\/v2\/pages\/26617","targetHints":{"allow":["GET"]}}],"collection":[{"href":"https:\/\/www.laval.ca\/en\/wp-json\/wp\/v2\/pages"}],"about":[{"href":"https:\/\/www.laval.ca\/en\/wp-json\/wp\/v2\/types\/page"}],"author":[{"embeddable":true,"href":"https:\/\/www.laval.ca\/en\/wp-json\/wp\/v2\/users\/23"}],"replies":[{"embeddable":true,"href":"https:\/\/www.laval.ca\/en\/wp-json\/wp\/v2\/comments?post=26617"}],"version-history":[{"count":10,"href":"https:\/\/www.laval.ca\/en\/wp-json\/wp\/v2\/pages\/26617\/revisions"}],"predecessor-version":[{"id":92224,"href":"https:\/\/www.laval.ca\/en\/wp-json\/wp\/v2\/pages\/26617\/revisions\/92224"}],"up":[{"embeddable":true,"href":"https:\/\/www.laval.ca\/en\/wp-json\/wp\/v2\/pages\/26636"}],"wp:attachment":[{"href":"https:\/\/www.laval.ca\/en\/wp-json\/wp\/v2\/media?parent=26617"}],"curies":[{"name":"wp","href":"https:\/\/api.w.org\/{rel}","templated":true}]}}

<section class="sticky-section-group aligndefault"
>
   
<div class="sticky-section-main"
>
   

<p class="is-style-intro-text">Radicalization can lead to violence. That’s why the City of Laval is taking action to prevent it.</p>



<h2 class="wp-block-heading"><strong><strong>Understanding radicalization leading to violence</strong>&nbsp;</strong></h2>



<p>A self-radicalized person slowly withdraws from their family, friends and colleagues. They adopt extreme beliefs that that can drive them to use violence in defence of a cause.&nbsp;</p>



<h2 class="wp-block-heading"><strong>How to help a person at risk?</strong>&nbsp;</h2>



<p>Are you concerned about someone you know? Here’s how you can maintain contact.&nbsp;</p>



<ul class="wp-block-list">
<li>Listen without judgment, with respect and empathy. This helps foster a relationship of trust with the person at risk.&nbsp;&nbsp;</li>
</ul>



<ul class="wp-block-list">
<li>Do not confront the person about their ideas and beliefs, as they could react by withdrawing even more.&nbsp;</li>
</ul>



<ul class="wp-block-list">
<li>Choose the right time to open a discussion in a quiet place.&nbsp;</li>
</ul>


<section class="info-tip-box aligndefault"
>
   <div class="info-tip-box__decoration" aria-hidden="true"></div>
   <div class="info-tip-box__content">
    

<h3 class="wp-block-heading"><strong><strong>The City of Laval’s strategy against radicalization&nbsp;</strong></strong></h3>



<p>Laval’s strategies aim to ensure that regional actors are better able to detect, prevent and take action to fight radicalization.&nbsp;</p>



<p>Key regional partners and actors work together to<s>,</s> consolidate best practices aimed at providing optimal support to Laval residents and implementing targeted prevention measures.&nbsp;</p>



<p>The action strategies developed by the steering committee&nbsp; take their inspiration from the Government of Quebec’s action plan and are based on five main orientations:&nbsp;&nbsp;</p>



<p>Establish an approach based on Laval’s values.&nbsp;</p>



<ul class="wp-block-list">
<li>Improve interventions.&nbsp;</li>
</ul>



<ul class="wp-block-list">
<li>Inform, raise awareness and train.&nbsp;</li>
</ul>



<ul class="wp-block-list">
<li>Develop a partnership and consensus-building approach.&nbsp;</li>
</ul>



<ul class="wp-block-list">
<li>Foster a culture of communication.&nbsp;</li>
</ul>



<p>To contact our committee, please write to ​​<a href="mailto:urgence.sociale@laval.ca" target="_blank" rel="noreferrer noopener">urgence.sociale@laval.ca</a>&nbsp;</p>

   </div>
</section>



<h2 class="wp-block-heading"><strong><strong>Resources available</strong></strong></h2>



<p>Whether for you or for someone you know, there are many resources available in Laval:&nbsp;</p>



<p><strong><strong>Info-Social line</strong></strong></p>



<ul class="wp-block-list">
<li>Confidential psychosocial consultation offered free of charge&nbsp;</li>



<li>Available 24 hours a day&nbsp;</li>



<li>Contact 811 and select option 2&nbsp;</li>
</ul>



<p>To find out more, please visit the website&nbsp; of the <a href="https://www.lavalensante.com/en-cas-durgence/811-info-sante-et-info-social/" target="_blank" rel="noreferrer noopener">Centre intégré de santé et de services sociaux de Laval</a>.&nbsp;</p>



<p><strong><strong>Direction de la protection de la jeunesse&nbsp;</strong></strong></p>



<p>Are you concerned about a child under the age of 18? Contact 450-975-4000.&nbsp;</p>



<p><strong><strong>Centre for the Prevention of Radicalization Leading to Violence</strong></strong></p>



<p>In addition to its <a href="https://info-radical.org/fr/" target="_blank" rel="noreferrer noopener">website</a>, you can request information by telephone: 514-687-7141 or 1-877-687-7141.&nbsp;</p>

</div>


<div class="sticky-section-sidebar"
>
   <div class="sticky-section-sidebar__inner">
     
<div class="sidebar-cta-wrapper aligndefault">
   <div class="sidebar-cta">
     
  <div class="theme-icon aligndefault theme-icon--colored">
    <span class="theme-icon__icon icon icon-faq"></span>
  </div>
  


<p class="has-xlarge-font-size"><strong>Want to report an emergency?</strong>&nbsp;</p>



<p>Contact 911&nbsp;</p>

   </div>
</div>

   </div>
</div>

</section>
