{"id":26600,"date":"2024-12-23T14:33:01","date_gmt":"2024-12-23T19:33:01","guid":{"rendered":"https:\/\/www.laval.ca\/fete-famille\/"},"modified":"2025-07-16T13:57:28","modified_gmt":"2025-07-16T17:57:28","slug":"fete-famille","status":"publish","type":"page","link":"https:\/\/www.laval.ca\/en\/sports-leisure\/events-parties\/fete-famille\/","title":{"rendered":"F\u00eate de la famille"},"content":{"rendered":"\n<div class=\"wp-block-columns is-layout-flex wp-container-core-columns-is-layout-28f84493 wp-block-columns-is-layout-flex\">\n<div class=\"wp-block-column is-layout-flow wp-block-column-is-layout-flow\" style=\"flex-basis:66.66%\">\n<p class=\"is-style-intro-text\">Chaque ann\u00e9e, un peu avant la F\u00eate du travail, le Centre de la nature se transforme en un immense terrain de jeux. Au menu\u202f: jeux gonflables, escalade, tyrolienne, parcours a\u00e9rien, animations ambulantes, ateliers cr\u00e9atifs et scientifiques, spectacles divertissants et encore plus d\u2019activit\u00e9s gratuites!<\/p>\n\n\n\n  <div class=\"notification-message notification-message__bg-alert-circle\" \n  >\n   <div class=\"notification-message__inner-container\">\n    <div class=\"notification-message__heading\">\n              <span class=\"notification-message__icon icon icon-alert-circle\"><\/span>\n                    <p class=\"notification-message__title\">F\u00eate de la famille 2025<\/p>\n          <\/div>\n          <div class=\"notification-message__text\">\n        <p>Dans le cadre du <a href=\"https:\/\/www.laval.ca\/sports-loisirs\/evenements-fetes\/60-ans-laval\/\">60<sup>e<\/sup> anniversaire de Lava<\/a>l, la F\u00eate s&#8217;\u00e9tend sur 2 jours cette ann\u00e9e : samedi 30 et dimanche 31 ao\u00fbt 2025.<br \/>\nRendez-vous fin juillet pour en apprendre plus sur la prochaine \u00e9dition de la F\u00eate de la famille.<\/p>\n      <\/div>\n      <\/div>\n  <\/div>\n<\/div>\n\n\n\n<div class=\"wp-block-column is-layout-flow wp-block-column-is-layout-flow\" style=\"flex-basis:33.33%\"><\/div>\n<\/div>\n\n<div class=\"wp-block-group is-content-justification-space-between is-nowrap is-layout-flex wp-container-core-group-is-layout-ac7b6909 wp-block-group-is-layout-flex\">\n<h2 class=\"wp-block-heading has-grey-900-color has-text-color has-link-color wp-elements-baa17e1d36a35cbb41cd512fad74b42e\">Nous joindre<\/h2>\n\n\n\n<div class=\"wp-block-buttons is-layout-flex wp-block-buttons-is-layout-flex\"><\/div>\n<\/div>\n\n<div class=\"wp-block-group has-white-color has-text-color has-background has-link-color wp-elements-1f3343fcc09b132efeb6f37a2b51835e is-layout-constrained wp-block-group-is-layout-constrained\" style=\"background-color:#222d64\">\n<div class=\"wp-block-columns is-layout-flex wp-container-core-columns-is-layout-28f84493 wp-block-columns-is-layout-flex\">\n<div class=\"wp-block-column is-layout-flow wp-block-column-is-layout-flow\" style=\"flex-basis:10%\">\n<figure class=\"wp-block-image size-full is-resized\"><img decoding=\"async\" width=\"113\" height=\"91\" src=\"https:\/\/www.laval.ca\/wp-content\/uploads\/2025\/03\/Logo-Fete-famille.png\" alt=\"Logo de la F\u00eate de la famille\" class=\"wp-image-39555\" style=\"width:88px;height:auto\"\/><\/figure>\n<\/div>\n\n\n\n<div class=\"wp-block-column is-layout-flow wp-block-column-is-layout-flow\" style=\"flex-basis:30%\">\n<p class=\"has-white-color has-text-color has-link-color wp-elements-5f8bb91b105ee0434c1cb737f9448980\"><strong>Par t\u00e9l\u00e9phone\u202f:&nbsp;\u2028<\/strong><br>\u00c0 partir de Laval\u202f: 311&nbsp;<\/p>\n\n\n\n<p>De\u202fl\u2019ext\u00e9rieur de Laval : <br>450\u202f978-8000<\/p>\n\n\n\n<p class=\"has-white-color has-text-color has-link-color wp-elements-40bda68b3fa06ce0dcc882d1bc8672d9\"><strong>Par courriel\u202f:<\/strong><br><a href=\"mailto:zonesmusicales@laval.ca\" target=\"_blank\" rel=\"noreferrer noopener\"><\/a><a href=\"mailto:evs@laval.ca\">evs@laval.ca<\/a>&nbsp;<\/p>\n<\/div>\n\n\n\n<div class=\"wp-block-column is-vertically-aligned-top has-white-color has-text-color has-link-color wp-elements-198f96ea08e94257b894d762c702ea8c is-layout-constrained wp-block-column-is-layout-constrained\" style=\"flex-basis:30%\">\n<p><strong>Sur les r\u00e9seaux sociaux\u202f:<\/strong><\/p>\n\n\n<div class=\"sidebar-cta-wrapper aligndefault\"\n>\n   <div class=\"sidebar-cta white-text\">\n              <ul class=\"sidebar-cta__socials\">\n                  <li class=\"sidebar-cta__socials__item\">\n            <a href=\"https:\/\/www.facebook.com\/villedelavalpageofficielle\" class=\"sidebar-cta__socials__link\" target=\"_blank\" rel=\"noopener noreferrer\">\n              <span class=\"social-icon vtx-icon vtx-icon-facebook\"><\/span>\n              <span class=\"social-name\">Facebook<\/span>\n            <\/a>\n          <\/li>\n                  <li class=\"sidebar-cta__socials__item\">\n            <a href=\"https:\/\/twitter.com\/villedelavalqc\" class=\"sidebar-cta__socials__link\" target=\"_blank\" rel=\"noopener noreferrer\">\n              <span class=\"social-icon vtx-icon vtx-icon-twitter\"><\/span>\n              <span class=\"social-name\">X<\/span>\n            <\/a>\n          <\/li>\n              <\/ul>\n       <\/div>\n<\/div>\n<\/div>\n<\/div>\n<\/div>\n","protected":false},"excerpt":{"rendered":"<p>Chaque ann\u00e9e, un peu avant la F\u00eate du travail, le Centre de la nature se transforme en un immense terrain de jeux. Au menu\u202f: jeux gonflables, escalade, tyrolienne, parcours a\u00e9rien, animations ambulantes, ateliers cr\u00e9atifs et scientifiques, spectacles divertissants et encore plus d\u2019activit\u00e9s gratuites! Les spectacles Info pratiques L\u2019\u00e9v\u00e9nement est accessible aux personnes \u00e0 mobilit\u00e9 r\u00e9duite,&hellip;<\/p>\n","protected":false},"author":34,"featured_media":0,"parent":27025,"menu_order":70,"comment_status":"closed","ping_status":"closed","template":"","meta":{"_acf_changed":false,"advgb_blocks_editor_width":"","advgb_blocks_columns_visual_guide":"","footnotes":""},"class_list":["post-26600","page","type-page","status-publish","hentry"],"pp_statuses_selecting_workflow":false,"pp_workflow_action":"current","pp_status_selection":"publish","acf":[],"coauthors":[],"author_meta":{"author_link":"https:\/\/www.laval.ca\/en\/author\/i-boucherlaval-ca\/","display_name":"i.boucher@laval.ca"},"relative_dates":{"created":"Posted 1 year ago","modified":"Updated 9 months ago"},"absolute_dates":{"created":"Posted on December 23, 2024","modified":"Updated on July 16, 2025"},"absolute_dates_time":{"created":"Posted on December 23, 2024 2:33 pm","modified":"Updated on July 16, 2025 1:57 pm"},"featured_img_caption":"","featured_img":false,"series_order":"","publishpress_future_action":{"enabled":false,"date":"2026-05-03 11:46:36","action":"change-status","newStatus":"draft","terms":[],"taxonomy":"translation_priority","extraData":[]},"publishpress_future_workflow_manual_trigger":{"enabledWorkflows":[]},"_links":{"self":[{"href":"https:\/\/www.laval.ca\/en\/wp-json\/wp\/v2\/pages\/26600","targetHints":{"allow":["GET"]}}],"collection":[{"href":"https:\/\/www.laval.ca\/en\/wp-json\/wp\/v2\/pages"}],"about":[{"href":"https:\/\/www.laval.ca\/en\/wp-json\/wp\/v2\/types\/page"}],"author":[{"embeddable":true,"href":"https:\/\/www.laval.ca\/en\/wp-json\/wp\/v2\/users\/34"}],"replies":[{"embeddable":true,"href":"https:\/\/www.laval.ca\/en\/wp-json\/wp\/v2\/comments?post=26600"}],"version-history":[{"count":8,"href":"https:\/\/www.laval.ca\/en\/wp-json\/wp\/v2\/pages\/26600\/revisions"}],"predecessor-version":[{"id":82287,"href":"https:\/\/www.laval.ca\/en\/wp-json\/wp\/v2\/pages\/26600\/revisions\/82287"}],"up":[{"embeddable":true,"href":"https:\/\/www.laval.ca\/en\/wp-json\/wp\/v2\/pages\/27025"}],"wp:attachment":[{"href":"https:\/\/www.laval.ca\/en\/wp-json\/wp\/v2\/media?parent=26600"}],"curies":[{"name":"wp","href":"https:\/\/api.w.org\/{rel}","templated":true}]}}

Fête de la famille

<div class="wp-block-columns is-layout-flex wp-container-core-columns-is-layout-28f84493 wp-block-columns-is-layout-flex">
<div class="wp-block-column is-layout-flow wp-block-column-is-layout-flow" style="flex-basis:66.66%">
<p class="is-style-intro-text">Chaque année, un peu avant la Fête du travail, le Centre de la nature se transforme en un immense terrain de jeux. Au menu : jeux gonflables, escalade, tyrolienne, parcours aérien, animations ambulantes, ateliers créatifs et scientifiques, spectacles divertissants et encore plus d’activités gratuites!</p>



  <div class="notification-message notification-message__bg-alert-circle" 
  >
   <div class="notification-message__inner-container">
    <div class="notification-message__heading">
              <span class="notification-message__icon icon icon-alert-circle"></span>
                    <p class="notification-message__title">Fête de la famille 2025</p>
          </div>
          <div class="notification-message__text">
        <p>Dans le cadre du <a href="https://www.laval.ca/sports-loisirs/evenements-fetes/60-ans-laval/">60<sup>e</sup> anniversaire de Lava</a>l, la Fête s&#8217;étend sur 2 jours cette année : samedi 30 et dimanche 31 août 2025.<br />
Rendez-vous fin juillet pour en apprendre plus sur la prochaine édition de la Fête de la famille.</p>
      </div>
      </div>
  </div>
</div>



<div class="wp-block-column is-layout-flow wp-block-column-is-layout-flow" style="flex-basis:33.33%"></div>
</div>

<div class="wp-block-group is-content-justification-space-between is-nowrap is-layout-flex wp-container-core-group-is-layout-ac7b6909 wp-block-group-is-layout-flex">
<h2 class="wp-block-heading has-grey-900-color has-text-color has-link-color wp-elements-baa17e1d36a35cbb41cd512fad74b42e">Nous joindre</h2>



<div class="wp-block-buttons is-layout-flex wp-block-buttons-is-layout-flex"></div>
</div>

<div class="wp-block-group has-white-color has-text-color has-background has-link-color wp-elements-1f3343fcc09b132efeb6f37a2b51835e is-layout-constrained wp-block-group-is-layout-constrained" style="background-color:#222d64">
<div class="wp-block-columns is-layout-flex wp-container-core-columns-is-layout-28f84493 wp-block-columns-is-layout-flex">
<div class="wp-block-column is-layout-flow wp-block-column-is-layout-flow" style="flex-basis:10%">
<figure class="wp-block-image size-full is-resized"><img decoding="async" width="113" height="91" src="https://www.laval.ca/wp-content/uploads/2025/03/Logo-Fete-famille.png" alt="Logo de la Fête de la famille" class="wp-image-39555" style="width:88px;height:auto"/></figure>
</div>



<div class="wp-block-column is-layout-flow wp-block-column-is-layout-flow" style="flex-basis:30%">
<p class="has-white-color has-text-color has-link-color wp-elements-5f8bb91b105ee0434c1cb737f9448980"><strong>Par téléphone :&nbsp; </strong><br>À partir de Laval : 311&nbsp;</p>



<p>De l’extérieur de Laval : <br>450 978-8000</p>



<p class="has-white-color has-text-color has-link-color wp-elements-40bda68b3fa06ce0dcc882d1bc8672d9"><strong>Par courriel :</strong><br><a href="mailto:zonesmusicales@laval.ca" target="_blank" rel="noreferrer noopener"></a><a href="mailto:evs@laval.ca">evs@laval.ca</a>&nbsp;</p>
</div>



<div class="wp-block-column is-vertically-aligned-top has-white-color has-text-color has-link-color wp-elements-198f96ea08e94257b894d762c702ea8c is-layout-constrained wp-block-column-is-layout-constrained" style="flex-basis:30%">
<p><strong>Sur les réseaux sociaux :</strong></p>


<div class="sidebar-cta-wrapper aligndefault"
>
   <div class="sidebar-cta white-text">
              <ul class="sidebar-cta__socials">
                  <li class="sidebar-cta__socials__item">
            <a href="https://www.facebook.com/villedelavalpageofficielle" class="sidebar-cta__socials__link" target="_blank" rel="noopener noreferrer">
              <span class="social-icon vtx-icon vtx-icon-facebook"></span>
              <span class="social-name">Facebook</span>
            </a>
          </li>
                  <li class="sidebar-cta__socials__item">
            <a href="https://twitter.com/villedelavalqc" class="sidebar-cta__socials__link" target="_blank" rel="noopener noreferrer">
              <span class="social-icon vtx-icon vtx-icon-twitter"></span>
              <span class="social-name">X</span>
            </a>
          </li>
              </ul>
       </div>
</div>
</div>
</div>
</div>

<p>Chaque année, un peu avant la Fête du travail, le Centre de la nature se transforme en un immense terrain de jeux. Au menu : jeux gonflables, escalade, tyrolienne, parcours aérien, animations ambulantes, ateliers créatifs et scientifiques, spectacles divertissants et encore plus d’activités gratuites! Les spectacles Info pratiques L’événement est accessible aux personnes à mobilité réduite,&hellip;</p>
