{"id":79379,"date":"2025-07-02T07:00:00","date_gmt":"2025-07-02T11:00:00","guid":{"rendered":"https:\/\/www.laval.ca\/?post_type=missing-person&#038;p=79379"},"modified":"2025-07-02T07:13:34","modified_gmt":"2025-07-02T11:13:34","slug":"hagop-kachichian-victimes-recherchees","status":"publish","type":"missing-person","link":"https:\/\/www.laval.ca\/police\/a-propos\/personnes-disparues-recherchees\/hagop-kachichian-victimes-recherchees\/","title":{"rendered":"Agressions sexuelles : victimes recherch\u00e9es"},"content":{"rendered":"\n<p class=\"is-style-intro-text\"><strong>Laval, mercredi 2 juillet 2025 <\/strong>\u2013 Les enqu\u00eateurs de l\u2019escouade des Crimes sexuels du Service de police de Laval (SPL) ont r\u00e9cemment proc\u00e9d\u00e9 \u00e0 l\u2019arrestation de Hagop Kachichian, \u00e2g\u00e9 de 28 ans, en lien avec deux dossiers \u00e0 caract\u00e8re sexuel. Les enqu\u00eateurs croient que le suspect aurait pu faire d\u2019autres victimes et aimeraient entrer en contact avec ces derni\u00e8res.<\/p>\n\n\n\n<h2 class=\"wp-block-heading\">Photo du suspect<\/h2>\n\n\n\n<figure class=\"wp-block-image size-full is-resized\"><img decoding=\"async\" width=\"805\" height=\"453\" src=\"https:\/\/www.laval.ca\/wp-content\/uploads\/2025\/07\/Hagop-Kachichian-Victimes-recherchees-2.png\" alt=\"Homme de race arabe. Cheveux et barbe noirs.\" class=\"wp-image-79385\" style=\"object-fit:cover;width:805px;height:453px\" srcset=\"https:\/\/www.laval.ca\/wp-content\/uploads\/2025\/07\/Hagop-Kachichian-Victimes-recherchees-2.png 805w, https:\/\/www.laval.ca\/wp-content\/uploads\/2025\/07\/Hagop-Kachichian-Victimes-recherchees-2-300x169.png 300w, https:\/\/www.laval.ca\/wp-content\/uploads\/2025\/07\/Hagop-Kachichian-Victimes-recherchees-2-768x432.png 768w, https:\/\/www.laval.ca\/wp-content\/uploads\/2025\/07\/Hagop-Kachichian-Victimes-recherchees-2-420x235.png 420w\" sizes=\"(max-width: 805px) 100vw, 805px\" \/><\/figure>\n\n\n\n<h2 class=\"wp-block-heading\">Rappel des faits<\/h2>\n\n\n\n<p>Selon les informations recueillies, entre d\u00e9cembre 2024 et f\u00e9vrier 2025, le suspect se pr\u00e9sentant sous le pseudonyme <em>Hagop Keshishian<\/em> aurait utilis\u00e9 une plateforme de m\u00e9dias sociaux pour solliciter des services d&#8217;entretien m\u00e9nager. Offrant une compensation pour le d\u00e9placement, il aurait rapidement invit\u00e9 ses victimes \u00e0 se rendre \u00e0 son domicile situ\u00e9 \u00e0 Laval. Une fois sur place, le suspect aurait tenu des propos inappropri\u00e9s et aurait demand\u00e9 des services sexuels en \u00e9change d&#8217;argent. Il se serait ensuite livr\u00e9 \u00e0 des agressions sexuelles.<\/p>\n\n\n\n<h2 class=\"wp-block-heading\">Arrestation et comparution<\/h2>\n\n\n\n<p>Hagop Kachichian, \u00e2g\u00e9 de&nbsp;28 ans, a \u00e9t\u00e9 arr\u00eat\u00e9 par les enqu\u00eateurs le 25 juin dernier. Il fait face \u00e0 des accusations d\u2019agression sexuelle. Il a \u00e9t\u00e9 lib\u00e9r\u00e9 avec des conditions \u00e0 respecter en attente de sa comparution. Son dossier reviendra \u00e0 la Cour du Qu\u00e9bec le 16 septembre prochain.<\/p>\n\n\n\n<h2 class=\"wp-block-heading\">GECS<\/h2>\n\n\n\n<p>Puisque plusieurs victimes ont \u00e9t\u00e9 identifi\u00e9es, la structure de gestion des enqu\u00eates sur les crimes en s\u00e9rie (GECS), coordonn\u00e9e par la S\u00fbret\u00e9 du Qu\u00e9bec, a \u00e9t\u00e9 d\u00e9ploy\u00e9e. Il s\u2019agit d\u2019une structure de commandement unifi\u00e9 au sein de laquelle les services de police qu\u00e9b\u00e9cois travaillent en partenariat afin d\u2019identifier rapidement les crimes commis par des pr\u00e9dateurs et de proc\u00e9der \u00e0 leur arrestation. Cette coordination provinciale permet donc une mise en commun des ressources polici\u00e8res et vise \u00e0 mieux prot\u00e9ger les victimes.<\/p>\n\n\n\n<p><\/p>\n\n\n\n<div class=\"wp-block-group has-background is-layout-constrained wp-container-core-group-is-layout-92b9201d wp-block-group-is-layout-constrained\" style=\"background-color:#013166\">\n<h2 class=\"wp-block-heading has-text-align-left has-text-color has-link-color wp-elements-aa3bcc343607820522581cbdc0259d9c\" style=\"color:#fbc43f\">Ligne Info-Police<\/h2>\n\n\n\n<div class=\"wp-block-columns is-layout-flex wp-container-core-columns-is-layout-b2ab8c90 wp-block-columns-is-layout-flex\">\n<div class=\"wp-block-column is-layout-flow wp-block-column-is-layout-flow\">\n<p class=\"has-white-color has-text-color has-link-color wp-elements-50f8c296da85bdf633c1c6298468e1cb\">Toute personne qui aurait de l\u2019information concernant Hagop Kachichian peut communiquer, de fa\u00e7on confidentielle, sur la Ligne Info-Police au 450-662-INFO (4636) ou composer le 911 et mentionner le dossier LVL-250216-036.<\/p>\n<\/div>\n<\/div>\n<\/div>\n","protected":false},"author":177,"featured_media":79376,"template":"","meta":{"_acf_changed":false,"advgb_blocks_editor_width":"","advgb_blocks_columns_visual_guide":"","footnotes":""},"missing-person-category":[63],"class_list":["post-79379","missing-person","type-missing-person","status-publish","has-post-thumbnail","hentry","missing-person-category-personnes-recherchees"],"pp_statuses_selecting_workflow":false,"pp_workflow_action":"current","pp_status_selection":"publish","acf":[],"featured_img":"https:\/\/www.laval.ca\/wp-content\/uploads\/2025\/07\/Hagop-Kachichian-Victimes-recherchees.png","coauthors":[],"author_meta":{"author_link":"https:\/\/www.laval.ca\/en\/author\/n-mongeaulaval-ca\/","display_name":"n.mongeau@laval.ca"},"relative_dates":{"created":"Posted 10 months ago","modified":"Updated 10 months ago"},"absolute_dates":{"created":"Posted on July 2, 2025","modified":"Updated on July 2, 2025"},"absolute_dates_time":{"created":"Posted on July 2, 2025 7:00 am","modified":"Updated on July 2, 2025 7:13 am"},"featured_img_caption":"","tax_additional":{"missing-person-category":{"linked":["<a href=\"https:\/\/www.laval.ca\/?taxonomy=missing-person-category&#038;term=personnes-recherchees\" class=\"advgb-post-tax-term\">Personnes recherch\u00e9es<\/a>"],"unlinked":["<span class=\"advgb-post-tax-term\">Personnes recherch\u00e9es<\/span>"],"slug":"missing-person-category","name":"Cat\u00e9gories de personne disparue"},"pp_notify_user":{"linked":[],"unlinked":[],"slug":"pp_notify_user","name":"Notify Users"},"pp_notify_role":{"linked":[],"unlinked":[],"slug":"pp_notify_role","name":"Notify Roles"},"pp_notify_group":{"linked":[],"unlinked":[],"slug":"pp_notify_group","name":"Notification Groups"},"pp_notify_email":{"linked":[],"unlinked":[],"slug":"pp_notify_email","name":"Notify Emails"}},"series_order":"","publishpress_future_workflow_manual_trigger":{"enabledWorkflows":[]},"_links":{"self":[{"href":"https:\/\/www.laval.ca\/en\/wp-json\/wp\/v2\/missing-person\/79379","targetHints":{"allow":["GET"]}}],"collection":[{"href":"https:\/\/www.laval.ca\/en\/wp-json\/wp\/v2\/missing-person"}],"about":[{"href":"https:\/\/www.laval.ca\/en\/wp-json\/wp\/v2\/types\/missing-person"}],"version-history":[{"count":7,"href":"https:\/\/www.laval.ca\/en\/wp-json\/wp\/v2\/missing-person\/79379\/revisions"}],"predecessor-version":[{"id":79390,"href":"https:\/\/www.laval.ca\/en\/wp-json\/wp\/v2\/missing-person\/79379\/revisions\/79390"}],"wp:featuredmedia":[{"embeddable":true,"href":"https:\/\/www.laval.ca\/en\/wp-json\/wp\/v2\/media\/79376"}],"wp:attachment":[{"href":"https:\/\/www.laval.ca\/en\/wp-json\/wp\/v2\/media?parent=79379"}],"wp:term":[{"taxonomy":"missing-person-category","embeddable":true,"href":"https:\/\/www.laval.ca\/en\/wp-json\/wp\/v2\/missing-person-category?post=79379"}],"curies":[{"name":"wp","href":"https:\/\/api.w.org\/{rel}","templated":true}]}}

Agressions sexuelles : victimes recherchées

<p class="is-style-intro-text"><strong>Laval, mercredi 2 juillet 2025 </strong>– Les enquêteurs de l’escouade des Crimes sexuels du Service de police de Laval (SPL) ont récemment procédé à l’arrestation de Hagop Kachichian, âgé de 28 ans, en lien avec deux dossiers à caractère sexuel. Les enquêteurs croient que le suspect aurait pu faire d’autres victimes et aimeraient entrer en contact avec ces dernières.</p>



<h2 class="wp-block-heading">Photo du suspect</h2>



<figure class="wp-block-image size-full is-resized"><img decoding="async" width="805" height="453" src="https://www.laval.ca/wp-content/uploads/2025/07/Hagop-Kachichian-Victimes-recherchees-2.png" alt="Homme de race arabe. Cheveux et barbe noirs." class="wp-image-79385" style="object-fit:cover;width:805px;height:453px" srcset="https://www.laval.ca/wp-content/uploads/2025/07/Hagop-Kachichian-Victimes-recherchees-2.png 805w, https://www.laval.ca/wp-content/uploads/2025/07/Hagop-Kachichian-Victimes-recherchees-2-300x169.png 300w, https://www.laval.ca/wp-content/uploads/2025/07/Hagop-Kachichian-Victimes-recherchees-2-768x432.png 768w, https://www.laval.ca/wp-content/uploads/2025/07/Hagop-Kachichian-Victimes-recherchees-2-420x235.png 420w" sizes="(max-width: 805px) 100vw, 805px" /></figure>



<h2 class="wp-block-heading">Rappel des faits</h2>



<p>Selon les informations recueillies, entre décembre 2024 et février 2025, le suspect se présentant sous le pseudonyme <em>Hagop Keshishian</em> aurait utilisé une plateforme de médias sociaux pour solliciter des services d&#8217;entretien ménager. Offrant une compensation pour le déplacement, il aurait rapidement invité ses victimes à se rendre à son domicile situé à Laval. Une fois sur place, le suspect aurait tenu des propos inappropriés et aurait demandé des services sexuels en échange d&#8217;argent. Il se serait ensuite livré à des agressions sexuelles.</p>



<h2 class="wp-block-heading">Arrestation et comparution</h2>



<p>Hagop Kachichian, âgé de&nbsp;28 ans, a été arrêté par les enquêteurs le 25 juin dernier. Il fait face à des accusations d’agression sexuelle. Il a été libéré avec des conditions à respecter en attente de sa comparution. Son dossier reviendra à la Cour du Québec le 16 septembre prochain.</p>



<h2 class="wp-block-heading">GECS</h2>



<p>Puisque plusieurs victimes ont été identifiées, la structure de gestion des enquêtes sur les crimes en série (GECS), coordonnée par la Sûreté du Québec, a été déployée. Il s’agit d’une structure de commandement unifié au sein de laquelle les services de police québécois travaillent en partenariat afin d’identifier rapidement les crimes commis par des prédateurs et de procéder à leur arrestation. Cette coordination provinciale permet donc une mise en commun des ressources policières et vise à mieux protéger les victimes.</p>



<p></p>



<div class="wp-block-group has-background is-layout-constrained wp-container-core-group-is-layout-92b9201d wp-block-group-is-layout-constrained" style="background-color:#013166">
<h2 class="wp-block-heading has-text-align-left has-text-color has-link-color wp-elements-aa3bcc343607820522581cbdc0259d9c" style="color:#fbc43f">Ligne Info-Police</h2>



<div class="wp-block-columns is-layout-flex wp-container-core-columns-is-layout-b2ab8c90 wp-block-columns-is-layout-flex">
<div class="wp-block-column is-layout-flow wp-block-column-is-layout-flow">
<p class="has-white-color has-text-color has-link-color wp-elements-50f8c296da85bdf633c1c6298468e1cb">Toute personne qui aurait de l’information concernant Hagop Kachichian peut communiquer, de façon confidentielle, sur la Ligne Info-Police au 450-662-INFO (4636) ou composer le 911 et mentionner le dossier LVL-250216-036.</p>
</div>
</div>
</div>

<a href="https://www.laval.ca/?taxonomy=missing-person-category&#038;term=personnes-recherchees" class="advgb-post-tax-term">Personnes recherchées</a>

<span class="advgb-post-tax-term">Personnes recherchées</span>

Catégories de personne disparue
