{"id":69915,"date":"2025-04-15T07:53:00","date_gmt":"2025-04-15T11:53:00","guid":{"rendered":"https:\/\/www.laval.ca\/?post_type=missing-person&#038;p=69915"},"modified":"2025-05-27T09:56:57","modified_gmt":"2025-05-27T13:56:57","slug":"suspect-toujours-recherche-dans-le-cadre-du-dossier-de-vols-de-donnees-perpetres-au-mouvement-desjardins","status":"publish","type":"missing-person","link":"https:\/\/www.laval.ca\/police\/a-propos\/personnes-disparues-recherchees\/suspect-toujours-recherche-dans-le-cadre-du-dossier-de-vols-de-donnees-perpetres-au-mouvement-desjardins\/","title":{"rendered":"Suspect toujours recherch\u00e9 dans le cadre du dossier de vols de donn\u00e9es perp\u00e9tr\u00e9s au Mouvement Desjardins"},"content":{"rendered":"\n<p class=\"is-style-intro-text\">Le 12 juin 2024, le Service de police de Laval (SPL) a annonc\u00e9 l\u2019arrestation de trois individus dans le cadre du projet d\u2019enqu\u00eate Glaive, visant les fuites massives de donn\u00e9es personnelles au sein du Mouvement Desjardins. Ces individus sont accus\u00e9s d\u2019avoir particip\u00e9 \u00e0 des fraudes totalisant 8,9 millions de dollars entre septembre 2018 et janvier 2019.<\/p>\n\n\n\n<p class=\"is-style-intro-text\">Parmi les personnes arr\u00eat\u00e9es figurent Ayoub Kourdal, 36 ans, et Imad Jbara, 33 ans, qui ont comparu devant un juge, ainsi qu\u2019un troisi\u00e8me individu ayant sign\u00e9 une promesse de compara\u00eetre. <\/p>\n\n\n\n<p class=\"is-style-intro-text\">Un quatri\u00e8me suspect, Nassim Alikacem, \u00e2g\u00e9 de 31 ans, est toujours recherch\u00e9 en vertu d\u2019un mandat d\u2019arrestation pancanadien, pour des infractions de fraude de plus de 5000$ et de s\u2019\u00eatre frauduleusement fait passer pour une personne morte ou vivante avec l\u2019intention d\u2019obtenir un avantage pour lui-m\u00eame. Des d\u00e9marches sont prises par le SPL pour rechercher cette personne \u00e0 l\u2019\u00e9tranger, de concert avec l\u2019 \u00c9quipe de Soutien d\u2019Appr\u00e9hension de Fugitifs (ESAF) de la Gendarmerie Royale du Canada.<\/p>\n\n\n\n<figure class=\"wp-block-image size-full\"><img decoding=\"async\" width=\"805\" height=\"453\" src=\"https:\/\/www.laval.ca\/wp-content\/uploads\/2025\/05\/nassim-alikacem-recherche-2025.jpg\" alt=\"Homme cheveux noirs qui regarde en avant\" class=\"wp-image-70999\" srcset=\"https:\/\/www.laval.ca\/wp-content\/uploads\/2025\/05\/nassim-alikacem-recherche-2025.jpg 805w, https:\/\/www.laval.ca\/wp-content\/uploads\/2025\/05\/nassim-alikacem-recherche-2025-300x169.jpg 300w, https:\/\/www.laval.ca\/wp-content\/uploads\/2025\/05\/nassim-alikacem-recherche-2025-768x432.jpg 768w, https:\/\/www.laval.ca\/wp-content\/uploads\/2025\/05\/nassim-alikacem-recherche-2025-420x235.jpg 420w\" sizes=\"(max-width: 805px) 100vw, 805px\" \/><\/figure>\n\n\n\n<h2 class=\"wp-block-heading\"><strong>Projet d\u2019enqu\u00eate Glaive<\/strong><\/h2>\n\n\n\n<p>Cette enqu\u00eate exhaustive, men\u00e9e par les policiers de Laval depuis d\u00e9cembre 2018, avait pour objectif d\u2019enqu\u00eater sur l\u2019appropriation frauduleuse par un groupe d\u2019individus, via le site Web d\u2019Acc\u00e8s D de Desjardins, de sommes d\u00e9tenues dans les comptes de plusieurs membres de l\u2019institution financi\u00e8re.<\/p>\n\n\n\n<p>Ces individus utilisaient les donn\u00e9es subtilis\u00e9es chez Desjardins afin d\u2019obtenir, par le biais du service Web d\u2019Acc\u00e8s D, un mot de passe temporaire \u00e0 l\u2019aide des renseignements personnels des utilisateurs qu\u2019ils avaient en leur possession, pour ensuite proc\u00e9der \u00e0 des transactions faites directement \u00e0 partir des comptes bancaires.<\/p>\n\n\n\n<div class=\"wp-block-group has-background is-layout-constrained wp-container-core-group-is-layout-92b9201d wp-block-group-is-layout-constrained\" style=\"background-color:#013166\">\n<h2 class=\"wp-block-heading has-text-align-left has-text-color has-link-color wp-elements-aa3bcc343607820522581cbdc0259d9c\" style=\"color:#fbc43f\">Ligne Info-Police<\/h2>\n\n\n\n<div class=\"wp-block-columns is-layout-flex wp-container-core-columns-is-layout-b2ab8c90 wp-block-columns-is-layout-flex\">\n<div class=\"wp-block-column is-layout-flow wp-block-column-is-layout-flow\">\n<p class=\"has-white-color has-text-color has-link-color wp-elements-62eae035cea167cf59e2a0065d07c857\">Toute personne qui aurait de l\u2019information concernant Nassim Alikacem peut communiquer, de fa\u00e7on confidentielle, sur la Ligne Info-Police au 450-662-INFO (4636) ou composer le 911.<\/p>\n<\/div>\n<\/div>\n<\/div>\n","protected":false},"author":125,"featured_media":70999,"template":"","meta":{"_acf_changed":false,"advgb_blocks_editor_width":"","advgb_blocks_columns_visual_guide":"","footnotes":""},"missing-person-category":[63],"class_list":["post-69915","missing-person","type-missing-person","status-publish","has-post-thumbnail","hentry","missing-person-category-personnes-recherchees"],"pp_statuses_selecting_workflow":false,"pp_workflow_action":"current","pp_status_selection":"publish","acf":[],"featured_img":"https:\/\/www.laval.ca\/wp-content\/uploads\/2025\/05\/nassim-alikacem-recherche-2025.jpg","coauthors":[],"author_meta":{"author_link":"https:\/\/www.laval.ca\/en\/author\/e-landrylaval-ca\/","display_name":"e.landry@laval.ca"},"relative_dates":{"created":"Posted 1 year ago","modified":"Updated 11 months ago"},"absolute_dates":{"created":"Posted on April 15, 2025","modified":"Updated on May 27, 2025"},"absolute_dates_time":{"created":"Posted on April 15, 2025 7:53 am","modified":"Updated on May 27, 2025 9:56 am"},"featured_img_caption":"","tax_additional":{"missing-person-category":{"linked":["<a href=\"https:\/\/www.laval.ca\/?taxonomy=missing-person-category&#038;term=personnes-recherchees\" class=\"advgb-post-tax-term\">Personnes recherch\u00e9es<\/a>"],"unlinked":["<span class=\"advgb-post-tax-term\">Personnes recherch\u00e9es<\/span>"],"slug":"missing-person-category","name":"Cat\u00e9gories de personne disparue"},"pp_notify_user":{"linked":[],"unlinked":[],"slug":"pp_notify_user","name":"Notify Users"},"pp_notify_role":{"linked":[],"unlinked":[],"slug":"pp_notify_role","name":"Notify Roles"},"pp_notify_group":{"linked":[],"unlinked":[],"slug":"pp_notify_group","name":"Notification Groups"},"pp_notify_email":{"linked":[],"unlinked":[],"slug":"pp_notify_email","name":"Notify Emails"}},"series_order":"","publishpress_future_workflow_manual_trigger":{"enabledWorkflows":[]},"_links":{"self":[{"href":"https:\/\/www.laval.ca\/en\/wp-json\/wp\/v2\/missing-person\/69915","targetHints":{"allow":["GET"]}}],"collection":[{"href":"https:\/\/www.laval.ca\/en\/wp-json\/wp\/v2\/missing-person"}],"about":[{"href":"https:\/\/www.laval.ca\/en\/wp-json\/wp\/v2\/types\/missing-person"}],"version-history":[{"count":2,"href":"https:\/\/www.laval.ca\/en\/wp-json\/wp\/v2\/missing-person\/69915\/revisions"}],"predecessor-version":[{"id":71003,"href":"https:\/\/www.laval.ca\/en\/wp-json\/wp\/v2\/missing-person\/69915\/revisions\/71003"}],"wp:featuredmedia":[{"embeddable":true,"href":"https:\/\/www.laval.ca\/en\/wp-json\/wp\/v2\/media\/70999"}],"wp:attachment":[{"href":"https:\/\/www.laval.ca\/en\/wp-json\/wp\/v2\/media?parent=69915"}],"wp:term":[{"taxonomy":"missing-person-category","embeddable":true,"href":"https:\/\/www.laval.ca\/en\/wp-json\/wp\/v2\/missing-person-category?post=69915"}],"curies":[{"name":"wp","href":"https:\/\/api.w.org\/{rel}","templated":true}]}}

Suspect toujours recherché dans le cadre du dossier de vols de données perpétrés au Mouvement Desjardins

<p class="is-style-intro-text">Le 12 juin 2024, le Service de police de Laval (SPL) a annoncé l’arrestation de trois individus dans le cadre du projet d’enquête Glaive, visant les fuites massives de données personnelles au sein du Mouvement Desjardins. Ces individus sont accusés d’avoir participé à des fraudes totalisant 8,9 millions de dollars entre septembre 2018 et janvier 2019.</p>



<p class="is-style-intro-text">Parmi les personnes arrêtées figurent Ayoub Kourdal, 36 ans, et Imad Jbara, 33 ans, qui ont comparu devant un juge, ainsi qu’un troisième individu ayant signé une promesse de comparaître. </p>



<p class="is-style-intro-text">Un quatrième suspect, Nassim Alikacem, âgé de 31 ans, est toujours recherché en vertu d’un mandat d’arrestation pancanadien, pour des infractions de fraude de plus de 5000$ et de s’être frauduleusement fait passer pour une personne morte ou vivante avec l’intention d’obtenir un avantage pour lui-même. Des démarches sont prises par le SPL pour rechercher cette personne à l’étranger, de concert avec l’ Équipe de Soutien d’Appréhension de Fugitifs (ESAF) de la Gendarmerie Royale du Canada.</p>



<figure class="wp-block-image size-full"><img decoding="async" width="805" height="453" src="https://www.laval.ca/wp-content/uploads/2025/05/nassim-alikacem-recherche-2025.jpg" alt="Homme cheveux noirs qui regarde en avant" class="wp-image-70999" srcset="https://www.laval.ca/wp-content/uploads/2025/05/nassim-alikacem-recherche-2025.jpg 805w, https://www.laval.ca/wp-content/uploads/2025/05/nassim-alikacem-recherche-2025-300x169.jpg 300w, https://www.laval.ca/wp-content/uploads/2025/05/nassim-alikacem-recherche-2025-768x432.jpg 768w, https://www.laval.ca/wp-content/uploads/2025/05/nassim-alikacem-recherche-2025-420x235.jpg 420w" sizes="(max-width: 805px) 100vw, 805px" /></figure>



<h2 class="wp-block-heading"><strong>Projet d’enquête Glaive</strong></h2>



<p>Cette enquête exhaustive, menée par les policiers de Laval depuis décembre 2018, avait pour objectif d’enquêter sur l’appropriation frauduleuse par un groupe d’individus, via le site Web d’Accès D de Desjardins, de sommes détenues dans les comptes de plusieurs membres de l’institution financière.</p>



<p>Ces individus utilisaient les données subtilisées chez Desjardins afin d’obtenir, par le biais du service Web d’Accès D, un mot de passe temporaire à l’aide des renseignements personnels des utilisateurs qu’ils avaient en leur possession, pour ensuite procéder à des transactions faites directement à partir des comptes bancaires.</p>



<div class="wp-block-group has-background is-layout-constrained wp-container-core-group-is-layout-92b9201d wp-block-group-is-layout-constrained" style="background-color:#013166">
<h2 class="wp-block-heading has-text-align-left has-text-color has-link-color wp-elements-aa3bcc343607820522581cbdc0259d9c" style="color:#fbc43f">Ligne Info-Police</h2>



<div class="wp-block-columns is-layout-flex wp-container-core-columns-is-layout-b2ab8c90 wp-block-columns-is-layout-flex">
<div class="wp-block-column is-layout-flow wp-block-column-is-layout-flow">
<p class="has-white-color has-text-color has-link-color wp-elements-62eae035cea167cf59e2a0065d07c857">Toute personne qui aurait de l’information concernant Nassim Alikacem peut communiquer, de façon confidentielle, sur la Ligne Info-Police au 450-662-INFO (4636) ou composer le 911.</p>
</div>
</div>
</div>

<a href="https://www.laval.ca/?taxonomy=missing-person-category&#038;term=personnes-recherchees" class="advgb-post-tax-term">Personnes recherchées</a>

<span class="advgb-post-tax-term">Personnes recherchées</span>

Catégories de personne disparue
