{"id":51678,"date":"2024-07-08T07:30:00","date_gmt":"2024-07-08T11:30:00","guid":{"rendered":"https:\/\/www.laval.ca\/?post_type=missing-person&#038;p=51678"},"modified":"2025-03-19T12:23:08","modified_gmt":"2025-03-19T16:23:08","slug":"laurent-belanger-victimes-recherchees","status":"publish","type":"missing-person","link":"https:\/\/www.laval.ca\/police\/a-propos\/personnes-disparues-recherchees\/laurent-belanger-victimes-recherchees\/","title":{"rendered":"Agressions sexuelles: victimes recherch\u00e9es"},"content":{"rendered":"\n<p class=\"is-style-intro-text\">Le 2 juillet dernier, les enqu\u00eateurs de l\u2019escouade des Crimes sexuels du Service de police de Laval (SPL) ont proc\u00e9d\u00e9 \u00e0 l\u2019arrestation de Laurent B\u00e9langer, \u00e2g\u00e9 de 21 ans, en lien avec des dossiers \u00e0 caract\u00e8re sexuel survenus sur des personnes d\u2019\u00e2ge mineur, au courant de la derni\u00e8re ann\u00e9e. Les enqu\u00eateurs croient que le suspect aurait pu faire d\u2019autres victimes et aimeraient entrer en contact avec ces derni\u00e8res.<\/p>\n\n\n\n<h2 class=\"wp-block-heading\">Photo du suspect<\/h2>\n\n\n\n<figure class=\"wp-block-image size-full\"><img decoding=\"async\" width=\"805\" height=\"453\" src=\"https:\/\/www.laval.ca\/wp-content\/uploads\/2025\/03\/laurent-belanger-recherche.jpeg\" alt=\"Homme de race blanche de 21 ans portant un chandail bleu.\" class=\"wp-image-51676\" srcset=\"https:\/\/www.laval.ca\/wp-content\/uploads\/2025\/03\/laurent-belanger-recherche.jpeg 805w, https:\/\/www.laval.ca\/wp-content\/uploads\/2025\/03\/laurent-belanger-recherche-300x169.jpeg 300w, https:\/\/www.laval.ca\/wp-content\/uploads\/2025\/03\/laurent-belanger-recherche-768x432.jpeg 768w, https:\/\/www.laval.ca\/wp-content\/uploads\/2025\/03\/laurent-belanger-recherche-420x235.jpeg 420w\" sizes=\"(max-width: 805px) 100vw, 805px\" \/><\/figure>\n\n\n\n<h2 class=\"wp-block-heading\">Rappel des faits<\/h2>\n\n\n\n<p>L\u2019enqu\u00eate d\u00e9montre que le suspect se serait servi des r\u00e9seaux sociaux pour approcher des adolescentes d\u2019\u00e2ge mineur et engager des conversations avec ces derni\u00e8res. Une fois la confiance \u00e9tablie, le suspect aurait fix\u00e9 des rencontres avec les victimes, pendant lesquelles il se serait adonn\u00e9 \u00e0 des contacts sexuels. Les enqu\u00eateurs d\u00e9nombrent des victimes dans plusieurs villes \u00e0 travers le Qu\u00e9bec.<\/p>\n\n\n\n<h2 class=\"wp-block-heading\">Arrestation et comparution<\/h2>\n\n\n\n<p>Laurent B\u00e9langer, \u00e2g\u00e9 de 21 ans, fait face \u00e0 des accusations de leurre d\u2019enfant, de contacts sexuels, d\u2019incitation \u00e0 des contacts sexuels et d\u2019agressions sexuelles. Il a \u00e9t\u00e9 lib\u00e9r\u00e9 avec des conditions \u00e0 respecter \u00e0 la suite de sa comparution. Son dossier reviendra au tribunal le 26 ao\u00fbt prochain.<\/p>\n\n\n\n<h2 class=\"wp-block-heading\">GECS<\/h2>\n\n\n\n<p>Puisque plusieurs victimes ont \u00e9t\u00e9 identifi\u00e9es, la structure de gestion des enqu\u00eates sur les crimes en s\u00e9rie (GECS), coordonn\u00e9e par la S\u00fbret\u00e9 du Qu\u00e9bec, a \u00e9t\u00e9 d\u00e9ploy\u00e9e. Il s\u2019agit d\u2019une structure de commandement unifi\u00e9 au sein de laquelle les services de police qu\u00e9b\u00e9cois travaillent en partenariat afin d\u2019identifier rapidement les crimes commis par des pr\u00e9dateurs et de proc\u00e9der \u00e0 leur arrestation. Cette coordination provinciale permet donc une mise en commun des ressources polici\u00e8res et vise \u00e0 mieux prot\u00e9ger les victimes.<\/p>\n\n\n\n<div class=\"wp-block-group has-background is-layout-constrained wp-container-core-group-is-layout-92b9201d wp-block-group-is-layout-constrained\" style=\"background-color:#013166\">\n<h2 class=\"wp-block-heading has-text-align-left has-text-color has-link-color wp-elements-aa3bcc343607820522581cbdc0259d9c\" style=\"color:#fbc43f\">Ligne Info-Police<\/h2>\n\n\n\n<div class=\"wp-block-columns is-layout-flex wp-container-core-columns-is-layout-b2ab8c90 wp-block-columns-is-layout-flex\">\n<div class=\"wp-block-column is-layout-flow wp-block-column-is-layout-flow\">\n<p class=\"has-white-color has-text-color has-link-color wp-elements-5ab432e2f518bd81a7e7b51f3b378ef1\">Toute personne qui aurait de l\u2019information concernant Laurent B\u00e9langer peut communiquer, de fa\u00e7on confidentielle, sur la Ligne Info-Police au 450-662-INFO (4636) ou composer le 911 et mentionner le dossier RSL-230606-032.<\/p>\n<\/div>\n<\/div>\n<\/div>\n","protected":false},"author":79,"featured_media":51676,"template":"","meta":{"_acf_changed":false,"advgb_blocks_editor_width":"","advgb_blocks_columns_visual_guide":"","footnotes":""},"missing-person-category":[63],"class_list":["post-51678","missing-person","type-missing-person","status-publish","has-post-thumbnail","hentry","missing-person-category-personnes-recherchees"],"pp_statuses_selecting_workflow":false,"pp_workflow_action":"current","pp_status_selection":"publish","acf":[],"featured_img":"https:\/\/www.laval.ca\/wp-content\/uploads\/2025\/03\/laurent-belanger-recherche.jpeg","coauthors":[],"author_meta":{"author_link":"https:\/\/www.laval.ca\/en\/author\/la-arsenaultlaval-ca\/","display_name":"la.arsenault@laval.ca"},"relative_dates":{"created":"Posted 2 years ago","modified":"Updated 1 year ago"},"absolute_dates":{"created":"Posted on July 8, 2024","modified":"Updated on March 19, 2025"},"absolute_dates_time":{"created":"Posted on July 8, 2024 7:30 am","modified":"Updated on March 19, 2025 12:23 pm"},"featured_img_caption":"","tax_additional":{"missing-person-category":{"linked":["<a href=\"https:\/\/www.laval.ca\/?taxonomy=missing-person-category&#038;term=personnes-recherchees\" class=\"advgb-post-tax-term\">Personnes recherch\u00e9es<\/a>"],"unlinked":["<span class=\"advgb-post-tax-term\">Personnes recherch\u00e9es<\/span>"],"slug":"missing-person-category","name":"Cat\u00e9gories de personne disparue"},"pp_notify_user":{"linked":[],"unlinked":[],"slug":"pp_notify_user","name":"Notify Users"},"pp_notify_role":{"linked":[],"unlinked":[],"slug":"pp_notify_role","name":"Notify Roles"},"pp_notify_group":{"linked":[],"unlinked":[],"slug":"pp_notify_group","name":"Notification Groups"},"pp_notify_email":{"linked":[],"unlinked":[],"slug":"pp_notify_email","name":"Notify Emails"}},"series_order":"","publishpress_future_workflow_manual_trigger":{"enabledWorkflows":[]},"_links":{"self":[{"href":"https:\/\/www.laval.ca\/en\/wp-json\/wp\/v2\/missing-person\/51678","targetHints":{"allow":["GET"]}}],"collection":[{"href":"https:\/\/www.laval.ca\/en\/wp-json\/wp\/v2\/missing-person"}],"about":[{"href":"https:\/\/www.laval.ca\/en\/wp-json\/wp\/v2\/types\/missing-person"}],"version-history":[{"count":1,"href":"https:\/\/www.laval.ca\/en\/wp-json\/wp\/v2\/missing-person\/51678\/revisions"}],"predecessor-version":[{"id":51679,"href":"https:\/\/www.laval.ca\/en\/wp-json\/wp\/v2\/missing-person\/51678\/revisions\/51679"}],"wp:featuredmedia":[{"embeddable":true,"href":"https:\/\/www.laval.ca\/en\/wp-json\/wp\/v2\/media\/51676"}],"wp:attachment":[{"href":"https:\/\/www.laval.ca\/en\/wp-json\/wp\/v2\/media?parent=51678"}],"wp:term":[{"taxonomy":"missing-person-category","embeddable":true,"href":"https:\/\/www.laval.ca\/en\/wp-json\/wp\/v2\/missing-person-category?post=51678"}],"curies":[{"name":"wp","href":"https:\/\/api.w.org\/{rel}","templated":true}]}}

Agressions sexuelles: victimes recherchées

<p class="is-style-intro-text">Le 2 juillet dernier, les enquêteurs de l’escouade des Crimes sexuels du Service de police de Laval (SPL) ont procédé à l’arrestation de Laurent Bélanger, âgé de 21 ans, en lien avec des dossiers à caractère sexuel survenus sur des personnes d’âge mineur, au courant de la dernière année. Les enquêteurs croient que le suspect aurait pu faire d’autres victimes et aimeraient entrer en contact avec ces dernières.</p>



<h2 class="wp-block-heading">Photo du suspect</h2>



<figure class="wp-block-image size-full"><img decoding="async" width="805" height="453" src="https://www.laval.ca/wp-content/uploads/2025/03/laurent-belanger-recherche.jpeg" alt="Homme de race blanche de 21 ans portant un chandail bleu." class="wp-image-51676" srcset="https://www.laval.ca/wp-content/uploads/2025/03/laurent-belanger-recherche.jpeg 805w, https://www.laval.ca/wp-content/uploads/2025/03/laurent-belanger-recherche-300x169.jpeg 300w, https://www.laval.ca/wp-content/uploads/2025/03/laurent-belanger-recherche-768x432.jpeg 768w, https://www.laval.ca/wp-content/uploads/2025/03/laurent-belanger-recherche-420x235.jpeg 420w" sizes="(max-width: 805px) 100vw, 805px" /></figure>



<h2 class="wp-block-heading">Rappel des faits</h2>



<p>L’enquête démontre que le suspect se serait servi des réseaux sociaux pour approcher des adolescentes d’âge mineur et engager des conversations avec ces dernières. Une fois la confiance établie, le suspect aurait fixé des rencontres avec les victimes, pendant lesquelles il se serait adonné à des contacts sexuels. Les enquêteurs dénombrent des victimes dans plusieurs villes à travers le Québec.</p>



<h2 class="wp-block-heading">Arrestation et comparution</h2>



<p>Laurent Bélanger, âgé de 21 ans, fait face à des accusations de leurre d’enfant, de contacts sexuels, d’incitation à des contacts sexuels et d’agressions sexuelles. Il a été libéré avec des conditions à respecter à la suite de sa comparution. Son dossier reviendra au tribunal le 26 août prochain.</p>



<h2 class="wp-block-heading">GECS</h2>



<p>Puisque plusieurs victimes ont été identifiées, la structure de gestion des enquêtes sur les crimes en série (GECS), coordonnée par la Sûreté du Québec, a été déployée. Il s’agit d’une structure de commandement unifié au sein de laquelle les services de police québécois travaillent en partenariat afin d’identifier rapidement les crimes commis par des prédateurs et de procéder à leur arrestation. Cette coordination provinciale permet donc une mise en commun des ressources policières et vise à mieux protéger les victimes.</p>



<div class="wp-block-group has-background is-layout-constrained wp-container-core-group-is-layout-92b9201d wp-block-group-is-layout-constrained" style="background-color:#013166">
<h2 class="wp-block-heading has-text-align-left has-text-color has-link-color wp-elements-aa3bcc343607820522581cbdc0259d9c" style="color:#fbc43f">Ligne Info-Police</h2>



<div class="wp-block-columns is-layout-flex wp-container-core-columns-is-layout-b2ab8c90 wp-block-columns-is-layout-flex">
<div class="wp-block-column is-layout-flow wp-block-column-is-layout-flow">
<p class="has-white-color has-text-color has-link-color wp-elements-5ab432e2f518bd81a7e7b51f3b378ef1">Toute personne qui aurait de l’information concernant Laurent Bélanger peut communiquer, de façon confidentielle, sur la Ligne Info-Police au 450-662-INFO (4636) ou composer le 911 et mentionner le dossier RSL-230606-032.</p>
</div>
</div>
</div>

<a href="https://www.laval.ca/?taxonomy=missing-person-category&#038;term=personnes-recherchees" class="advgb-post-tax-term">Personnes recherchées</a>

<span class="advgb-post-tax-term">Personnes recherchées</span>

Catégories de personne disparue
