{"id":114977,"date":"2026-04-27T10:00:12","date_gmt":"2026-04-27T14:00:12","guid":{"rendered":"https:\/\/www.laval.ca\/?post_type=missing-person&#038;p=114977"},"modified":"2026-04-27T10:00:39","modified_gmt":"2026-04-27T14:00:39","slug":"vehicule-interet-recherche-poste-commandement","status":"publish","type":"missing-person","link":"https:\/\/www.laval.ca\/police\/a-propos\/personnes-disparues-recherchees\/vehicule-interet-recherche-poste-commandement\/","title":{"rendered":"V\u00e9hicule d\u2019int\u00e9r\u00eat recherch\u00e9: Poste de commandement"},"content":{"rendered":"\n<p><strong>Le Service de police de Laval (SPL) d\u00e9sire informer la population qu\u2019un poste de commandement mobile sera prochainement install\u00e9, dans le but de faire progresser une enqu\u00eate concernant un \u00e9v\u00e9nement survenu dans le quartier Sainte-Doroth\u00e9e.<\/strong><\/p>\n\n\n\n<p><strong>Les enqu\u00eateurs de l\u2019escouade des Crimes contre la personne sont \u00e0 la recherche d\u2019informations concernant un v\u00e9hicule Nissan bleu, dont le conducteur aurait abord\u00e9 des personnes \u00e0 pied dans le quartier Sainte-Doroth\u00e9e, lundi 20 avril dernier, vers 16 h 55.<\/strong><\/p>\n\n\n\n<p><strong>L\u2019aide du public est n\u00e9cessaire afin de permettre aux enqu\u00eateurs de comprendre le mobile de l\u2019\u00e9v\u00e9nement. Les citoyens poss\u00e9dant des informations ou ayant observ\u00e9 le v\u00e9hicule sont invit\u00e9s \u00e0 venir rencontrer les enqu\u00eateurs.<\/strong><\/p>\n\n\n\n<p><strong>Date<\/strong> : Lundi 27 avril<\/p>\n\n\n\n<p><strong>Heure <\/strong>: 16 h \u00e0 19 h<\/p>\n\n\n\n<p><strong>Emplacement<\/strong> : Intersection des rues Jolibourg et Bord-de-l\u2019eau<\/p>\n\n\n\n<h2 class=\"wp-block-heading\">Les faits <\/h2>\n\n\n\n<p>Au moment des faits, un gar\u00e7on d\u2019\u00e2ge mineur qui effectuait sa marche habituelle a \u00e9t\u00e9 abord\u00e9 par le conducteur d\u2019un v\u00e9hicule Nissan Versa bleu.<\/p>\n\n\n\n<p>L\u2019homme a eu des paroles et des comportements n\u00e9cessitant la tenue d\u2019une enqu\u00eate afin d\u2019\u00e9claircir la situation et les intentions de ce conducteur.<\/p>\n\n\n\n<p>Au moins une autre personne aurait \u00e9galement \u00e9t\u00e9 approch\u00e9e par le m\u00eame individu, dans des circonstances similaires.<\/p>\n\n\n\n<h2 class=\"wp-block-heading\">Description du v\u00e9hicule<\/h2>\n\n\n\n<p class=\"has-text-align-left\">Nissan Versa bleu, 2007 \u00e0 2013<\/p>\n\n\n\n<figure class=\"wp-block-image size-full is-resized\"><img decoding=\"async\" width=\"805\" height=\"453\" src=\"https:\/\/www.laval.ca\/wp-content\/uploads\/2026\/04\/Vehicule-dinteret-microsite.png\" alt=\"V\u00e9hicule d'int\u00e9ret : Nissan Versa bleu, 2007 \u00e0 2013.\" class=\"wp-image-115059\" style=\"width:977px;height:auto\" srcset=\"https:\/\/www.laval.ca\/wp-content\/uploads\/2026\/04\/Vehicule-dinteret-microsite.png 805w, https:\/\/www.laval.ca\/wp-content\/uploads\/2026\/04\/Vehicule-dinteret-microsite-300x169.png 300w, https:\/\/www.laval.ca\/wp-content\/uploads\/2026\/04\/Vehicule-dinteret-microsite-768x432.png 768w, https:\/\/www.laval.ca\/wp-content\/uploads\/2026\/04\/Vehicule-dinteret-microsite-420x235.png 420w\" sizes=\"(max-width: 805px) 100vw, 805px\" \/><\/figure>\n\n\n\n<p>Les m\u00e9dias qui d\u00e9sirent obtenir une entrevue, ou se d\u00e9placer sur place, sont pri\u00e9s de communiquer avec le d\u00e9partement des Affaires publiques au 450-662-5050. Une agente sera disponible pour r\u00e9pondre \u00e0 leurs questions.<\/p>\n\n\n\n<div class=\"wp-block-group has-background is-layout-constrained wp-container-core-group-is-layout-92b9201d wp-block-group-is-layout-constrained\" style=\"background-color:#013166\">\n<h2 class=\"wp-block-heading has-text-align-left has-text-color has-link-color wp-elements-aa3bcc343607820522581cbdc0259d9c\" style=\"color:#fbc43f\">Ligne Info-Police<\/h2>\n\n\n\n<div class=\"wp-block-columns is-layout-flex wp-container-core-columns-is-layout-b2ab8c90 wp-block-columns-is-layout-flex\">\n<div class=\"wp-block-column is-layout-flow wp-block-column-is-layout-flow\">\n<p class=\"has-white-color has-text-color has-link-color wp-elements-bb08a97b8c23eac11b1b8f0cad3d6d0a\">Toute personne qui aurait de l\u2019information concernant l&#8217;\u00e9v\u00e9nement ou le v\u00e9hicule peut communiquer, de fa\u00e7on confidentielle, sur la Ligne Info-Police au 450-662-INFO (4636) ou composer le 911 et mentionner le dossier LVL-260420-053.<\/p>\n<\/div>\n<\/div>\n<\/div>\n","protected":false},"author":280,"featured_media":115059,"template":"","meta":{"_acf_changed":false,"advgb_blocks_editor_width":"","advgb_blocks_columns_visual_guide":"","footnotes":""},"missing-person-category":[63],"class_list":["post-114977","missing-person","type-missing-person","status-publish","has-post-thumbnail","hentry","missing-person-category-personnes-recherchees"],"pp_statuses_selecting_workflow":false,"pp_workflow_action":"current","pp_status_selection":"publish","acf":[],"featured_img":"https:\/\/www.laval.ca\/wp-content\/uploads\/2026\/04\/Vehicule-dinteret-microsite.png","coauthors":[],"author_meta":{"author_link":"https:\/\/www.laval.ca\/en\/author\/j-maroislaval-ca\/","display_name":"Marois 983, Julie"},"relative_dates":{"created":"Posted 3 days ago","modified":"Updated 3 days ago"},"absolute_dates":{"created":"Posted on April 27, 2026","modified":"Updated on April 27, 2026"},"absolute_dates_time":{"created":"Posted on April 27, 2026 10:00 am","modified":"Updated on April 27, 2026 10:00 am"},"featured_img_caption":"","tax_additional":{"missing-person-category":{"linked":["<a href=\"https:\/\/www.laval.ca\/?taxonomy=missing-person-category&#038;term=personnes-recherchees\" class=\"advgb-post-tax-term\">Personnes recherch\u00e9es<\/a>"],"unlinked":["<span class=\"advgb-post-tax-term\">Personnes recherch\u00e9es<\/span>"],"slug":"missing-person-category","name":"Cat\u00e9gories de personne disparue"},"pp_notify_user":{"linked":[],"unlinked":[],"slug":"pp_notify_user","name":"Notify Users"},"pp_notify_role":{"linked":[],"unlinked":[],"slug":"pp_notify_role","name":"Notify Roles"},"pp_notify_group":{"linked":[],"unlinked":[],"slug":"pp_notify_group","name":"Notification Groups"},"pp_notify_email":{"linked":[],"unlinked":[],"slug":"pp_notify_email","name":"Notify Emails"}},"series_order":"","publishpress_future_workflow_manual_trigger":{"enabledWorkflows":[]},"_links":{"self":[{"href":"https:\/\/www.laval.ca\/en\/wp-json\/wp\/v2\/missing-person\/114977","targetHints":{"allow":["GET"]}}],"collection":[{"href":"https:\/\/www.laval.ca\/en\/wp-json\/wp\/v2\/missing-person"}],"about":[{"href":"https:\/\/www.laval.ca\/en\/wp-json\/wp\/v2\/types\/missing-person"}],"version-history":[{"count":6,"href":"https:\/\/www.laval.ca\/en\/wp-json\/wp\/v2\/missing-person\/114977\/revisions"}],"predecessor-version":[{"id":115063,"href":"https:\/\/www.laval.ca\/en\/wp-json\/wp\/v2\/missing-person\/114977\/revisions\/115063"}],"wp:featuredmedia":[{"embeddable":true,"href":"https:\/\/www.laval.ca\/en\/wp-json\/wp\/v2\/media\/115059"}],"wp:attachment":[{"href":"https:\/\/www.laval.ca\/en\/wp-json\/wp\/v2\/media?parent=114977"}],"wp:term":[{"taxonomy":"missing-person-category","embeddable":true,"href":"https:\/\/www.laval.ca\/en\/wp-json\/wp\/v2\/missing-person-category?post=114977"}],"curies":[{"name":"wp","href":"https:\/\/api.w.org\/{rel}","templated":true}]}}

Véhicule d’intérêt recherché: Poste de commandement

<p><strong>Le Service de police de Laval (SPL) désire informer la population qu’un poste de commandement mobile sera prochainement installé, dans le but de faire progresser une enquête concernant un événement survenu dans le quartier Sainte-Dorothée.</strong></p>



<p><strong>Les enquêteurs de l’escouade des Crimes contre la personne sont à la recherche d’informations concernant un véhicule Nissan bleu, dont le conducteur aurait abordé des personnes à pied dans le quartier Sainte-Dorothée, lundi 20 avril dernier, vers 16 h 55.</strong></p>



<p><strong>L’aide du public est nécessaire afin de permettre aux enquêteurs de comprendre le mobile de l’événement. Les citoyens possédant des informations ou ayant observé le véhicule sont invités à venir rencontrer les enquêteurs.</strong></p>



<p><strong>Date</strong> : Lundi 27 avril</p>



<p><strong>Heure </strong>: 16 h à 19 h</p>



<p><strong>Emplacement</strong> : Intersection des rues Jolibourg et Bord-de-l’eau</p>



<h2 class="wp-block-heading">Les faits </h2>



<p>Au moment des faits, un garçon d’âge mineur qui effectuait sa marche habituelle a été abordé par le conducteur d’un véhicule Nissan Versa bleu.</p>



<p>L’homme a eu des paroles et des comportements nécessitant la tenue d’une enquête afin d’éclaircir la situation et les intentions de ce conducteur.</p>



<p>Au moins une autre personne aurait également été approchée par le même individu, dans des circonstances similaires.</p>



<h2 class="wp-block-heading">Description du véhicule</h2>



<p class="has-text-align-left">Nissan Versa bleu, 2007 à 2013</p>



<figure class="wp-block-image size-full is-resized"><img decoding="async" width="805" height="453" src="https://www.laval.ca/wp-content/uploads/2026/04/Vehicule-dinteret-microsite.png" alt="Véhicule d'intéret : Nissan Versa bleu, 2007 à 2013." class="wp-image-115059" style="width:977px;height:auto" srcset="https://www.laval.ca/wp-content/uploads/2026/04/Vehicule-dinteret-microsite.png 805w, https://www.laval.ca/wp-content/uploads/2026/04/Vehicule-dinteret-microsite-300x169.png 300w, https://www.laval.ca/wp-content/uploads/2026/04/Vehicule-dinteret-microsite-768x432.png 768w, https://www.laval.ca/wp-content/uploads/2026/04/Vehicule-dinteret-microsite-420x235.png 420w" sizes="(max-width: 805px) 100vw, 805px" /></figure>



<p>Les médias qui désirent obtenir une entrevue, ou se déplacer sur place, sont priés de communiquer avec le département des Affaires publiques au 450-662-5050. Une agente sera disponible pour répondre à leurs questions.</p>



<div class="wp-block-group has-background is-layout-constrained wp-container-core-group-is-layout-92b9201d wp-block-group-is-layout-constrained" style="background-color:#013166">
<h2 class="wp-block-heading has-text-align-left has-text-color has-link-color wp-elements-aa3bcc343607820522581cbdc0259d9c" style="color:#fbc43f">Ligne Info-Police</h2>



<div class="wp-block-columns is-layout-flex wp-container-core-columns-is-layout-b2ab8c90 wp-block-columns-is-layout-flex">
<div class="wp-block-column is-layout-flow wp-block-column-is-layout-flow">
<p class="has-white-color has-text-color has-link-color wp-elements-bb08a97b8c23eac11b1b8f0cad3d6d0a">Toute personne qui aurait de l’information concernant l&#8217;événement ou le véhicule peut communiquer, de façon confidentielle, sur la Ligne Info-Police au 450-662-INFO (4636) ou composer le 911 et mentionner le dossier LVL-260420-053.</p>
</div>
</div>
</div>

<a href="https://www.laval.ca/?taxonomy=missing-person-category&#038;term=personnes-recherchees" class="advgb-post-tax-term">Personnes recherchées</a>

<span class="advgb-post-tax-term">Personnes recherchées</span>

Catégories de personne disparue
