{"id":98961,"date":"2025-12-10T20:31:44","date_gmt":"2025-12-11T01:31:44","guid":{"rendered":"https:\/\/www.laval.ca\/?post_type=events&#038;p=98961"},"modified":"2026-01-06T13:55:50","modified_gmt":"2026-01-06T18:55:50","slug":"atelier-aines-branches-4","status":"publish","type":"events","link":"https:\/\/www.laval.ca\/calendrier-activites\/atelier-aines-branches-4\/","title":{"rendered":"Soir\u00e9es d&#8217;aide technologique | A\u00een\u00e9s branch\u00e9s"},"content":{"rendered":"","protected":false},"author":121,"featured_media":0,"template":"","meta":{"_acf_changed":false,"advgb_blocks_editor_width":"","advgb_blocks_columns_visual_guide":"","footnotes":""},"event_interest":[305,447],"event_audience":[316],"event_microsites":[523],"event_status":[],"class_list":["post-98961","events","type-events","status-publish","hentry","event_interest-bibliotheques","event_interest-culture","event_audience-personnes-ainees","event_microsites-techno"],"pp_statuses_selecting_workflow":false,"pp_workflow_action":"current","pp_status_selection":"publish","acf":[],"featured_img":false,"coauthors":[],"author_meta":{"author_link":"https:\/\/www.laval.ca\/en\/author\/a-bissonlaval-ca\/","display_name":"a.bisson@laval.ca"},"relative_dates":{"created":"Posted 5 months ago","modified":"Updated 4 months ago"},"absolute_dates":{"created":"Posted on December 10, 2025","modified":"Updated on January 6, 2026"},"absolute_dates_time":{"created":"Posted on December 10, 2025 8:31 pm","modified":"Updated on January 6, 2026 1:55 pm"},"featured_img_caption":"","tax_additional":{"event_interest":{"linked":["<a href=\"https:\/\/www.laval.ca\/en\/?taxonomy=event_interest&#038;term=bibliotheques\" class=\"advgb-post-tax-term\">Biblioth\u00e8ques<\/a>","<a href=\"https:\/\/www.laval.ca\/en\/?taxonomy=event_interest&#038;term=culture\" class=\"advgb-post-tax-term\">Culture<\/a>"],"unlinked":["<span class=\"advgb-post-tax-term\">Biblioth\u00e8ques<\/span>","<span class=\"advgb-post-tax-term\">Culture<\/span>"],"slug":"event_interest","name":"Activit\u00e9s - Cat\u00e9gories "},"event_audience":{"linked":["<a href=\"https:\/\/www.laval.ca\/en\/?taxonomy=event_audience&#038;term=personnes-ainees\" class=\"advgb-post-tax-term\">Personnes a\u00een\u00e9es<\/a>"],"unlinked":["<span class=\"advgb-post-tax-term\">Personnes a\u00een\u00e9es<\/span>"],"slug":"event_audience","name":"Publics"},"event_microsites":{"linked":["<a href=\"https:\/\/www.laval.ca\/en\/?taxonomy=event_microsites&#038;term=techno\" class=\"advgb-post-tax-term\">Techno<\/a>"],"unlinked":["<span class=\"advgb-post-tax-term\">Techno<\/span>"],"slug":"event_microsites","name":"Taxonomies cach\u00e9es"},"pp_notify_user":{"linked":["<a href=\"https:\/\/www.laval.ca\/?taxonomy=pp_notify_user&#038;term=j-farrelllaval-ca\" class=\"advgb-post-tax-term\">j.farrell@laval.ca<\/a>"],"unlinked":["<span class=\"advgb-post-tax-term\">j.farrell@laval.ca<\/span>"],"slug":"pp_notify_user","name":"Notify Users"},"pp_notify_role":{"linked":[],"unlinked":[],"slug":"pp_notify_role","name":"Notify Roles"},"pp_notify_group":{"linked":[],"unlinked":[],"slug":"pp_notify_group","name":"Notification Groups"},"pp_notify_email":{"linked":[],"unlinked":[],"slug":"pp_notify_email","name":"Notify Emails"},"event_status":{"linked":[],"unlinked":[],"slug":"event_status","name":"Event statuses"}},"series_order":"","publishpress_future_workflow_manual_trigger":{"enabledWorkflows":[]},"_links":{"self":[{"href":"https:\/\/www.laval.ca\/en\/wp-json\/wp\/v2\/events\/98961","targetHints":{"allow":["GET"]}}],"collection":[{"href":"https:\/\/www.laval.ca\/en\/wp-json\/wp\/v2\/events"}],"about":[{"href":"https:\/\/www.laval.ca\/en\/wp-json\/wp\/v2\/types\/events"}],"author":[{"embeddable":true,"href":"https:\/\/www.laval.ca\/en\/wp-json\/wp\/v2\/users\/121"}],"version-history":[{"count":1,"href":"https:\/\/www.laval.ca\/en\/wp-json\/wp\/v2\/events\/98961\/revisions"}],"predecessor-version":[{"id":99733,"href":"https:\/\/www.laval.ca\/en\/wp-json\/wp\/v2\/events\/98961\/revisions\/99733"}],"wp:attachment":[{"href":"https:\/\/www.laval.ca\/en\/wp-json\/wp\/v2\/media?parent=98961"}],"wp:term":[{"taxonomy":"event_interest","embeddable":true,"href":"https:\/\/www.laval.ca\/en\/wp-json\/wp\/v2\/event_interest?post=98961"},{"taxonomy":"event_audience","embeddable":true,"href":"https:\/\/www.laval.ca\/en\/wp-json\/wp\/v2\/event_audience?post=98961"},{"taxonomy":"event_microsites","embeddable":true,"href":"https:\/\/www.laval.ca\/en\/wp-json\/wp\/v2\/event_microsites?post=98961"},{"taxonomy":"event_status","embeddable":true,"href":"https:\/\/www.laval.ca\/en\/wp-json\/wp\/v2\/event_status?post=98961"}],"curies":[{"name":"wp","href":"https:\/\/api.w.org\/{rel}","templated":true}]}}

Soirées d&#8217;aide technologique | Aînés branchés

<a href="https://www.laval.ca/en/?taxonomy=event_interest&#038;term=bibliotheques" class="advgb-post-tax-term">Bibliothèques</a>

<span class="advgb-post-tax-term">Bibliothèques</span>

Activités - Catégories

<a href="https://www.laval.ca/en/?taxonomy=event_audience&#038;term=personnes-ainees" class="advgb-post-tax-term">Personnes aînées</a>

<span class="advgb-post-tax-term">Personnes aînées</span>

Taxonomies cachées
