{"id":98567,"date":"2025-12-10T20:35:44","date_gmt":"2025-12-11T01:35:44","guid":{"rendered":"https:\/\/www.laval.ca\/?p=98567&#038;post_type=events&#038;preview_id=98567"},"modified":"2026-03-06T11:56:31","modified_gmt":"2026-03-06T16:56:31","slug":"conference-preparation-retraite-volet-psychosocial-biblio-emile-nelligan","status":"publish","type":"events","link":"https:\/\/www.laval.ca\/calendrier-activites\/conference-preparation-retraite-volet-psychosocial-biblio-emile-nelligan\/","title":{"rendered":"Conf\u00e9rence\u00a0: Pr\u00e9paration \u00e0 la retraite\u00a0&#8211;\u00a0volet psychosocial"},"content":{"rendered":"\n<p>Dans cette conf\u00e9rence destin\u00e9e aux personnes pr\u00e9voyant prendre leur retraite dans les prochaines ann\u00e9es, vous apprendrez tout sur la trajectoire de pr\u00e9paration \u00e0 la retraite\u00a0: les changements \u00e0 entrevoir, les moyens pour s&#8217;adapter et comment cultiver le bonheur dans cette nouvelle tranche de vie.<\/p>\n\n\n\n<p>Suivre les Biblioth\u00e8ques de Laval sur les m\u00e9dias sociaux&nbsp;:<\/p>\n\n\n<div class=\"sidebar-cta-wrapper aligndefault\"\n>\n   <div class=\"sidebar-cta \">\n              <ul class=\"sidebar-cta__socials\">\n                  <li class=\"sidebar-cta__socials__item\">\n            <a href=\"https:\/\/www.facebook.com\/bibliothequeslaval\" class=\"sidebar-cta__socials__link\" target=\"_blank\" rel=\"noopener noreferrer\">\n              <span class=\"social-icon vtx-icon vtx-icon-facebook\"><\/span>\n              <span class=\"social-name\">Facebook<\/span>\n            <\/a>\n          <\/li>\n                  <li class=\"sidebar-cta__socials__item\">\n            <a href=\"https:\/\/www.youtube.com\/c\/Biblioth\u00e8quesdeLaval\" class=\"sidebar-cta__socials__link\" target=\"_blank\" rel=\"noopener noreferrer\">\n              <span class=\"social-icon vtx-icon vtx-icon-youtube\"><\/span>\n              <span class=\"social-name\">YouTube<\/span>\n            <\/a>\n          <\/li>\n              <\/ul>\n       <\/div>\n<\/div>\n","protected":false},"author":165,"featured_media":101604,"template":"","meta":{"_acf_changed":false,"advgb_blocks_editor_width":"","advgb_blocks_columns_visual_guide":"","footnotes":""},"event_interest":[305],"event_audience":[317,316],"event_microsites":[321,520,525,328],"event_status":[],"class_list":["post-98567","events","type-events","status-publish","has-post-thumbnail","hentry","event_interest-bibliotheques","event_audience-adultes","event_audience-personnes-ainees","event_microsites-activites-culturelles","event_microsites-bibliotheque","event_microsites-bien-etre","event_microsites-conference"],"pp_statuses_selecting_workflow":false,"pp_workflow_action":"current","pp_status_selection":"publish","acf":[],"featured_img":"https:\/\/www.laval.ca\/wp-content\/uploads\/2026\/01\/preparation-retraite-volet-psychosocial-1216x516-1.png","coauthors":[],"author_meta":{"author_link":"https:\/\/www.laval.ca\/en\/author\/ju-chartierlaval-ca\/","display_name":"ju.chartier@laval.ca"},"relative_dates":{"created":"Posted 5 months ago","modified":"Updated 2 months ago"},"absolute_dates":{"created":"Posted on December 10, 2025","modified":"Updated on March 6, 2026"},"absolute_dates_time":{"created":"Posted on December 10, 2025 8:35 pm","modified":"Updated on March 6, 2026 11:56 am"},"featured_img_caption":"","tax_additional":{"event_interest":{"linked":["<a href=\"https:\/\/www.laval.ca\/en\/?taxonomy=event_interest&#038;term=bibliotheques\" class=\"advgb-post-tax-term\">Biblioth\u00e8ques<\/a>"],"unlinked":["<span class=\"advgb-post-tax-term\">Biblioth\u00e8ques<\/span>"],"slug":"event_interest","name":"Activit\u00e9s - Cat\u00e9gories "},"event_audience":{"linked":["<a href=\"https:\/\/www.laval.ca\/en\/?taxonomy=event_audience&#038;term=adultes-en\" class=\"advgb-post-tax-term\">Adultes<\/a>","<a href=\"https:\/\/www.laval.ca\/en\/?taxonomy=event_audience&#038;term=personnes-ainees\" class=\"advgb-post-tax-term\">Personnes a\u00een\u00e9es<\/a>"],"unlinked":["<span class=\"advgb-post-tax-term\">Adultes<\/span>","<span class=\"advgb-post-tax-term\">Personnes a\u00een\u00e9es<\/span>"],"slug":"event_audience","name":"Publics"},"event_microsites":{"linked":["<a href=\"https:\/\/www.laval.ca\/?taxonomy=event_microsites&#038;term=activites-culturelles\" class=\"advgb-post-tax-term\">Activit\u00e9s culturelles<\/a>","<a href=\"https:\/\/www.laval.ca\/en\/?taxonomy=event_microsites&#038;term=bibliotheque\" class=\"advgb-post-tax-term\">Biblioth\u00e8que<\/a>","<a href=\"https:\/\/www.laval.ca\/?taxonomy=event_microsites&#038;term=bien-etre\" class=\"advgb-post-tax-term\">Bien-\u00eatre<\/a>","<a href=\"https:\/\/www.laval.ca\/?taxonomy=event_microsites&#038;term=conference\" class=\"advgb-post-tax-term\">Conf\u00e9rence<\/a>"],"unlinked":["<span class=\"advgb-post-tax-term\">Activit\u00e9s culturelles<\/span>","<span class=\"advgb-post-tax-term\">Biblioth\u00e8que<\/span>","<span class=\"advgb-post-tax-term\">Bien-\u00eatre<\/span>","<span class=\"advgb-post-tax-term\">Conf\u00e9rence<\/span>"],"slug":"event_microsites","name":"Taxonomies cach\u00e9es"},"pp_notify_user":{"linked":["<a href=\"https:\/\/www.laval.ca\/?taxonomy=pp_notify_user&#038;term=j-farrelllaval-ca\" class=\"advgb-post-tax-term\">j.farrell@laval.ca<\/a>","<a href=\"https:\/\/www.laval.ca\/en\/?taxonomy=pp_notify_user&#038;term=ju-chartierlaval-ca\" class=\"advgb-post-tax-term\">ju.chartier@laval.ca<\/a>","<a href=\"https:\/\/www.laval.ca\/en\/?taxonomy=pp_notify_user&#038;term=n-ventura-boucherlaval-ca\" class=\"advgb-post-tax-term\">n.ventura-boucher@laval.ca<\/a>"],"unlinked":["<span class=\"advgb-post-tax-term\">j.farrell@laval.ca<\/span>","<span class=\"advgb-post-tax-term\">ju.chartier@laval.ca<\/span>","<span class=\"advgb-post-tax-term\">n.ventura-boucher@laval.ca<\/span>"],"slug":"pp_notify_user","name":"Notify Users"},"pp_notify_role":{"linked":[],"unlinked":[],"slug":"pp_notify_role","name":"Notify Roles"},"pp_notify_group":{"linked":[],"unlinked":[],"slug":"pp_notify_group","name":"Notification Groups"},"pp_notify_email":{"linked":[],"unlinked":[],"slug":"pp_notify_email","name":"Notify Emails"},"event_status":{"linked":[],"unlinked":[],"slug":"event_status","name":"Event statuses"}},"series_order":"","publishpress_future_workflow_manual_trigger":{"enabledWorkflows":[]},"_links":{"self":[{"href":"https:\/\/www.laval.ca\/en\/wp-json\/wp\/v2\/events\/98567","targetHints":{"allow":["GET"]}}],"collection":[{"href":"https:\/\/www.laval.ca\/en\/wp-json\/wp\/v2\/events"}],"about":[{"href":"https:\/\/www.laval.ca\/en\/wp-json\/wp\/v2\/types\/events"}],"author":[{"embeddable":true,"href":"https:\/\/www.laval.ca\/en\/wp-json\/wp\/v2\/users\/165"}],"version-history":[{"count":7,"href":"https:\/\/www.laval.ca\/en\/wp-json\/wp\/v2\/events\/98567\/revisions"}],"predecessor-version":[{"id":108135,"href":"https:\/\/www.laval.ca\/en\/wp-json\/wp\/v2\/events\/98567\/revisions\/108135"}],"wp:featuredmedia":[{"embeddable":true,"href":"https:\/\/www.laval.ca\/en\/wp-json\/wp\/v2\/media\/101604"}],"wp:attachment":[{"href":"https:\/\/www.laval.ca\/en\/wp-json\/wp\/v2\/media?parent=98567"}],"wp:term":[{"taxonomy":"event_interest","embeddable":true,"href":"https:\/\/www.laval.ca\/en\/wp-json\/wp\/v2\/event_interest?post=98567"},{"taxonomy":"event_audience","embeddable":true,"href":"https:\/\/www.laval.ca\/en\/wp-json\/wp\/v2\/event_audience?post=98567"},{"taxonomy":"event_microsites","embeddable":true,"href":"https:\/\/www.laval.ca\/en\/wp-json\/wp\/v2\/event_microsites?post=98567"},{"taxonomy":"event_status","embeddable":true,"href":"https:\/\/www.laval.ca\/en\/wp-json\/wp\/v2\/event_status?post=98567"}],"curies":[{"name":"wp","href":"https:\/\/api.w.org\/{rel}","templated":true}]}}

Conférence : Préparation à la retraite &#8211; volet psychosocial

<p>Dans cette conférence destinée aux personnes prévoyant prendre leur retraite dans les prochaines années, vous apprendrez tout sur la trajectoire de préparation à la retraite : les changements à entrevoir, les moyens pour s&#8217;adapter et comment cultiver le bonheur dans cette nouvelle tranche de vie.</p>



<p>Suivre les Bibliothèques de Laval sur les médias sociaux&nbsp;:</p>


<div class="sidebar-cta-wrapper aligndefault"
>
   <div class="sidebar-cta ">
              <ul class="sidebar-cta__socials">
                  <li class="sidebar-cta__socials__item">
            <a href="https://www.facebook.com/bibliothequeslaval" class="sidebar-cta__socials__link" target="_blank" rel="noopener noreferrer">
              <span class="social-icon vtx-icon vtx-icon-facebook"></span>
              <span class="social-name">Facebook</span>
            </a>
          </li>
                  <li class="sidebar-cta__socials__item">
            <a href="https://www.youtube.com/c/BibliothèquesdeLaval" class="sidebar-cta__socials__link" target="_blank" rel="noopener noreferrer">
              <span class="social-icon vtx-icon vtx-icon-youtube"></span>
              <span class="social-name">YouTube</span>
            </a>
          </li>
              </ul>
       </div>
</div>

<a href="https://www.laval.ca/en/?taxonomy=event_interest&#038;term=bibliotheques" class="advgb-post-tax-term">Bibliothèques</a>

<span class="advgb-post-tax-term">Bibliothèques</span>

Activités - Catégories

<a href="https://www.laval.ca/en/?taxonomy=event_audience&#038;term=personnes-ainees" class="advgb-post-tax-term">Personnes aînées</a>

<span class="advgb-post-tax-term">Personnes aînées</span>

<a href="https://www.laval.ca/?taxonomy=event_microsites&#038;term=activites-culturelles" class="advgb-post-tax-term">Activités culturelles</a>

<a href="https://www.laval.ca/en/?taxonomy=event_microsites&#038;term=bibliotheque" class="advgb-post-tax-term">Bibliothèque</a>

<a href="https://www.laval.ca/?taxonomy=event_microsites&#038;term=bien-etre" class="advgb-post-tax-term">Bien-être</a>

<a href="https://www.laval.ca/?taxonomy=event_microsites&#038;term=conference" class="advgb-post-tax-term">Conférence</a>

<span class="advgb-post-tax-term">Activités culturelles</span>

<span class="advgb-post-tax-term">Bibliothèque</span>

<span class="advgb-post-tax-term">Bien-être</span>

<span class="advgb-post-tax-term">Conférence</span>

Taxonomies cachées
