{"id":98050,"date":"2025-12-31T15:35:59","date_gmt":"2025-12-31T20:35:59","guid":{"rendered":"https:\/\/www.laval.ca\/?p=98050&#038;post_type=events&#038;preview_id=98050"},"modified":"2026-03-09T17:31:44","modified_gmt":"2026-03-09T21:31:44","slug":"ping-formation-gratuite-internet-module-7-biblio-marius-barbeau","status":"publish","type":"events","link":"https:\/\/www.laval.ca\/calendrier-activites\/ping-formation-gratuite-internet-module-7-biblio-marius-barbeau\/","title":{"rendered":"Ping! Formation gratuite \u00e0 Internet &#8211; Module 7 : D\u00e9velopper son autonomie num\u00e9rique et l\u2019intelligence artificielle"},"content":{"rendered":"\n<p>Ping! Formation gratuite \u00e0 Internet est une s\u00e9rie d&#8217;ateliers sur la litt\u00e9ratie num\u00e9rique de base. Le rythme prend en compte le temps d&#8217;apprentissage de chacune des personnes participantes, qui peuvent suivre uniquement les formations qui r\u00e9pondent \u00e0 leurs besoins. Ce module propose des trucs pour d\u00e9velopper une bonne autonomie num\u00e9rique et aborde l\u2019intelligence artificielle.<\/p>\n\n\n\n<p>Suivre les Biblioth\u00e8ques de Laval sur les m\u00e9dias sociaux&nbsp;:<\/p>\n\n\n<div class=\"sidebar-cta-wrapper aligndefault\"\n>\n   <div class=\"sidebar-cta \">\n              <ul class=\"sidebar-cta__socials\">\n                  <li class=\"sidebar-cta__socials__item\">\n            <a href=\"https:\/\/www.facebook.com\/bibliothequeslaval\" class=\"sidebar-cta__socials__link\" target=\"_blank\" rel=\"noopener noreferrer\">\n              <span class=\"social-icon vtx-icon vtx-icon-facebook\"><\/span>\n              <span class=\"social-name\">Facebook<\/span>\n            <\/a>\n          <\/li>\n                  <li class=\"sidebar-cta__socials__item\">\n            <a href=\"https:\/\/www.youtube.com\/c\/Biblioth\u00e8quesdeLaval\" class=\"sidebar-cta__socials__link\" target=\"_blank\" rel=\"noopener noreferrer\">\n              <span class=\"social-icon vtx-icon vtx-icon-youtube\"><\/span>\n              <span class=\"social-name\">YouTube<\/span>\n            <\/a>\n          <\/li>\n              <\/ul>\n       <\/div>\n<\/div>\n","protected":false},"author":121,"featured_media":101587,"template":"","meta":{"_acf_changed":false,"advgb_blocks_editor_width":"","advgb_blocks_columns_visual_guide":"","footnotes":""},"event_interest":[305,447],"event_audience":[317,316],"event_microsites":[321,520,523],"event_status":[],"class_list":["post-98050","events","type-events","status-publish","has-post-thumbnail","hentry","event_interest-bibliotheques","event_interest-culture","event_audience-adultes","event_audience-personnes-ainees","event_microsites-activites-culturelles","event_microsites-bibliotheque","event_microsites-techno"],"pp_statuses_selecting_workflow":false,"pp_workflow_action":"current","pp_status_selection":"publish","acf":[],"featured_img":"https:\/\/www.laval.ca\/wp-content\/uploads\/2025\/12\/aines-branches-1216x516-1.jpg","coauthors":[],"author_meta":{"author_link":"https:\/\/www.laval.ca\/en\/author\/a-bissonlaval-ca\/","display_name":"a.bisson@laval.ca"},"relative_dates":{"created":"Posted 4 months ago","modified":"Updated 2 months ago"},"absolute_dates":{"created":"Posted on December 31, 2025","modified":"Updated on March 9, 2026"},"absolute_dates_time":{"created":"Posted on December 31, 2025 3:35 pm","modified":"Updated on March 9, 2026 5:31 pm"},"featured_img_caption":"","tax_additional":{"event_interest":{"linked":["<a href=\"https:\/\/www.laval.ca\/en\/?taxonomy=event_interest&#038;term=bibliotheques\" class=\"advgb-post-tax-term\">Biblioth\u00e8ques<\/a>","<a href=\"https:\/\/www.laval.ca\/en\/?taxonomy=event_interest&#038;term=culture\" class=\"advgb-post-tax-term\">Culture<\/a>"],"unlinked":["<span class=\"advgb-post-tax-term\">Biblioth\u00e8ques<\/span>","<span class=\"advgb-post-tax-term\">Culture<\/span>"],"slug":"event_interest","name":"Activit\u00e9s - Cat\u00e9gories "},"event_audience":{"linked":["<a href=\"https:\/\/www.laval.ca\/en\/?taxonomy=event_audience&#038;term=adultes-en\" class=\"advgb-post-tax-term\">Adultes<\/a>","<a href=\"https:\/\/www.laval.ca\/en\/?taxonomy=event_audience&#038;term=personnes-ainees\" class=\"advgb-post-tax-term\">Personnes a\u00een\u00e9es<\/a>"],"unlinked":["<span class=\"advgb-post-tax-term\">Adultes<\/span>","<span class=\"advgb-post-tax-term\">Personnes a\u00een\u00e9es<\/span>"],"slug":"event_audience","name":"Publics"},"event_microsites":{"linked":["<a href=\"https:\/\/www.laval.ca\/?taxonomy=event_microsites&#038;term=activites-culturelles\" class=\"advgb-post-tax-term\">Activit\u00e9s culturelles<\/a>","<a href=\"https:\/\/www.laval.ca\/en\/?taxonomy=event_microsites&#038;term=bibliotheque\" class=\"advgb-post-tax-term\">Biblioth\u00e8que<\/a>","<a href=\"https:\/\/www.laval.ca\/en\/?taxonomy=event_microsites&#038;term=techno\" class=\"advgb-post-tax-term\">Techno<\/a>"],"unlinked":["<span class=\"advgb-post-tax-term\">Activit\u00e9s culturelles<\/span>","<span class=\"advgb-post-tax-term\">Biblioth\u00e8que<\/span>","<span class=\"advgb-post-tax-term\">Techno<\/span>"],"slug":"event_microsites","name":"Taxonomies cach\u00e9es"},"pp_notify_user":{"linked":["<a href=\"https:\/\/www.laval.ca\/?taxonomy=pp_notify_user&#038;term=j-farrelllaval-ca\" class=\"advgb-post-tax-term\">j.farrell@laval.ca<\/a>","<a href=\"https:\/\/www.laval.ca\/en\/?taxonomy=pp_notify_user&#038;term=ju-chartierlaval-ca\" class=\"advgb-post-tax-term\">ju.chartier@laval.ca<\/a>","<a href=\"https:\/\/www.laval.ca\/en\/?taxonomy=pp_notify_user&#038;term=n-ventura-boucherlaval-ca\" class=\"advgb-post-tax-term\">n.ventura-boucher@laval.ca<\/a>"],"unlinked":["<span class=\"advgb-post-tax-term\">j.farrell@laval.ca<\/span>","<span class=\"advgb-post-tax-term\">ju.chartier@laval.ca<\/span>","<span class=\"advgb-post-tax-term\">n.ventura-boucher@laval.ca<\/span>"],"slug":"pp_notify_user","name":"Notify Users"},"pp_notify_role":{"linked":[],"unlinked":[],"slug":"pp_notify_role","name":"Notify Roles"},"pp_notify_group":{"linked":[],"unlinked":[],"slug":"pp_notify_group","name":"Notification Groups"},"pp_notify_email":{"linked":[],"unlinked":[],"slug":"pp_notify_email","name":"Notify Emails"},"event_status":{"linked":[],"unlinked":[],"slug":"event_status","name":"Event statuses"}},"series_order":"","publishpress_future_workflow_manual_trigger":{"enabledWorkflows":[]},"_links":{"self":[{"href":"https:\/\/www.laval.ca\/en\/wp-json\/wp\/v2\/events\/98050","targetHints":{"allow":["GET"]}}],"collection":[{"href":"https:\/\/www.laval.ca\/en\/wp-json\/wp\/v2\/events"}],"about":[{"href":"https:\/\/www.laval.ca\/en\/wp-json\/wp\/v2\/types\/events"}],"author":[{"embeddable":true,"href":"https:\/\/www.laval.ca\/en\/wp-json\/wp\/v2\/users\/121"}],"version-history":[{"count":5,"href":"https:\/\/www.laval.ca\/en\/wp-json\/wp\/v2\/events\/98050\/revisions"}],"predecessor-version":[{"id":108420,"href":"https:\/\/www.laval.ca\/en\/wp-json\/wp\/v2\/events\/98050\/revisions\/108420"}],"wp:featuredmedia":[{"embeddable":true,"href":"https:\/\/www.laval.ca\/en\/wp-json\/wp\/v2\/media\/101587"}],"wp:attachment":[{"href":"https:\/\/www.laval.ca\/en\/wp-json\/wp\/v2\/media?parent=98050"}],"wp:term":[{"taxonomy":"event_interest","embeddable":true,"href":"https:\/\/www.laval.ca\/en\/wp-json\/wp\/v2\/event_interest?post=98050"},{"taxonomy":"event_audience","embeddable":true,"href":"https:\/\/www.laval.ca\/en\/wp-json\/wp\/v2\/event_audience?post=98050"},{"taxonomy":"event_microsites","embeddable":true,"href":"https:\/\/www.laval.ca\/en\/wp-json\/wp\/v2\/event_microsites?post=98050"},{"taxonomy":"event_status","embeddable":true,"href":"https:\/\/www.laval.ca\/en\/wp-json\/wp\/v2\/event_status?post=98050"}],"curies":[{"name":"wp","href":"https:\/\/api.w.org\/{rel}","templated":true}]}}

Ping! Formation gratuite à Internet &#8211; Module 7 : Développer son autonomie numérique et l’intelligence artificielle

<p>Ping! Formation gratuite à Internet est une série d&#8217;ateliers sur la littératie numérique de base. Le rythme prend en compte le temps d&#8217;apprentissage de chacune des personnes participantes, qui peuvent suivre uniquement les formations qui répondent à leurs besoins. Ce module propose des trucs pour développer une bonne autonomie numérique et aborde l’intelligence artificielle.</p>



<p>Suivre les Bibliothèques de Laval sur les médias sociaux&nbsp;:</p>


<div class="sidebar-cta-wrapper aligndefault"
>
   <div class="sidebar-cta ">
              <ul class="sidebar-cta__socials">
                  <li class="sidebar-cta__socials__item">
            <a href="https://www.facebook.com/bibliothequeslaval" class="sidebar-cta__socials__link" target="_blank" rel="noopener noreferrer">
              <span class="social-icon vtx-icon vtx-icon-facebook"></span>
              <span class="social-name">Facebook</span>
            </a>
          </li>
                  <li class="sidebar-cta__socials__item">
            <a href="https://www.youtube.com/c/BibliothèquesdeLaval" class="sidebar-cta__socials__link" target="_blank" rel="noopener noreferrer">
              <span class="social-icon vtx-icon vtx-icon-youtube"></span>
              <span class="social-name">YouTube</span>
            </a>
          </li>
              </ul>
       </div>
</div>

<a href="https://www.laval.ca/en/?taxonomy=event_interest&#038;term=bibliotheques" class="advgb-post-tax-term">Bibliothèques</a>

<span class="advgb-post-tax-term">Bibliothèques</span>

Activités - Catégories

<a href="https://www.laval.ca/en/?taxonomy=event_audience&#038;term=personnes-ainees" class="advgb-post-tax-term">Personnes aînées</a>

<span class="advgb-post-tax-term">Personnes aînées</span>

<a href="https://www.laval.ca/?taxonomy=event_microsites&#038;term=activites-culturelles" class="advgb-post-tax-term">Activités culturelles</a>

<a href="https://www.laval.ca/en/?taxonomy=event_microsites&#038;term=bibliotheque" class="advgb-post-tax-term">Bibliothèque</a>

<span class="advgb-post-tax-term">Activités culturelles</span>

<span class="advgb-post-tax-term">Bibliothèque</span>

Taxonomies cachées
