{"id":67301,"date":"2025-05-09T16:35:12","date_gmt":"2025-05-09T20:35:12","guid":{"rendered":"https:\/\/www.laval.ca\/?post_type=events&#038;p=67301"},"modified":"2026-04-24T16:38:33","modified_gmt":"2026-04-24T20:38:33","slug":"plaisir-famille-lausanne","status":"publish","type":"events","link":"https:\/\/www.laval.ca\/calendrier-activites\/plaisir-famille-lausanne\/","title":{"rendered":"Plaisir en famille \u00e0 Vimont Auteuil"},"content":{"rendered":"\n  <div class=\"notification-message notification-message__bg-alert-circle\" \n  >\n   <div class=\"notification-message__inner-container\">\n    <div class=\"notification-message__heading\">\n              <span class=\"notification-message__icon icon icon-alert-circle\"><\/span>\n                    <p class=\"notification-message__title\">Important<\/p>\n          <\/div>\n          <div class=\"notification-message__text\">\n        <p>En cas de conditions m\u00e9t\u00e9orologiques d\u00e9favorables ou de raisons hors de notre contr\u00f4le, une partie de l\u2019activit\u00e9 pourrait se d\u00e9rouler \u00e0 l&#8217;int\u00e9rieur du centre communautaire R\u00e9gent-Martimbeault<\/p>\n      <\/div>\n      <\/div>\n  <\/div>\n\n\n\n<p>15<sup>e<\/sup> \u00e9dition de Plaisir en famille. Soir\u00e9e festive, musique, activit\u00e9s familiales et pour tous les \u00e2ges (jeux gonflables, magicien, activit\u00e9s de mousse, etc.). Casse-cro\u00fbte ($) et kiosque d&#8217;organismes sur place.<\/p>\n\n\n\n<p>Suivre Maison de quartier Vimontl sur les m\u00e9dias sociaux\u00a0:<\/p>\n\n\n<div class=\"sidebar-cta-wrapper aligndefault\"\n>\n   <div class=\"sidebar-cta \">\n              <ul class=\"sidebar-cta__socials\">\n                  <li class=\"sidebar-cta__socials__item\">\n            <a href=\"https:\/\/www.facebook.com\/share\/1cYseMqdUA\/?mibextid=wwXIfr\" class=\"sidebar-cta__socials__link\" target=\"_blank\" rel=\"noopener noreferrer\">\n              <span class=\"social-icon vtx-icon vtx-icon-facebook\"><\/span>\n              <span class=\"social-name\">Facebook<\/span>\n            <\/a>\n          <\/li>\n              <\/ul>\n       <\/div>\n<\/div>\n","protected":false},"author":34,"featured_media":68422,"template":"","meta":{"_acf_changed":false,"advgb_blocks_editor_width":"","advgb_blocks_columns_visual_guide":"","footnotes":""},"event_interest":[307],"event_audience":[315,317,318,319,316],"event_microsites":[321],"event_status":[],"class_list":["post-67301","events","type-events","status-publish","has-post-thumbnail","hentry","event_interest-communautaire-et-organismes","event_audience-ados","event_audience-adultes","event_audience-enfants","event_audience-familles","event_audience-personnes-ainees","event_microsites-activites-culturelles"],"pp_statuses_selecting_workflow":false,"pp_workflow_action":"current","pp_status_selection":"publish","acf":[],"featured_img":"https:\/\/www.laval.ca\/wp-content\/uploads\/2025\/05\/loisirs-st-bruno-laval-plaisir-en-famille-1216x516-1.png","coauthors":[],"author_meta":{"author_link":"https:\/\/www.laval.ca\/en\/author\/i-boucherlaval-ca\/","display_name":"i.boucher@laval.ca"},"relative_dates":{"created":"Posted 12 months ago","modified":"Updated 6 days ago"},"absolute_dates":{"created":"Posted on May 9, 2025","modified":"Updated on April 24, 2026"},"absolute_dates_time":{"created":"Posted on May 9, 2025 4:35 pm","modified":"Updated on April 24, 2026 4:38 pm"},"featured_img_caption":"","tax_additional":{"event_interest":{"linked":["<a href=\"https:\/\/www.laval.ca\/?taxonomy=event_interest&#038;term=communautaire-et-organismes\" class=\"advgb-post-tax-term\">Communautaire et organismes<\/a>"],"unlinked":["<span class=\"advgb-post-tax-term\">Communautaire et organismes<\/span>"],"slug":"event_interest","name":"Activit\u00e9s - Cat\u00e9gories "},"event_audience":{"linked":["<a href=\"https:\/\/www.laval.ca\/en\/?taxonomy=event_audience&#038;term=ados\" class=\"advgb-post-tax-term\">Ados<\/a>","<a href=\"https:\/\/www.laval.ca\/en\/?taxonomy=event_audience&#038;term=adultes-en\" class=\"advgb-post-tax-term\">Adultes<\/a>","<a href=\"https:\/\/www.laval.ca\/en\/?taxonomy=event_audience&#038;term=enfants\" class=\"advgb-post-tax-term\">Enfants<\/a>","<a href=\"https:\/\/www.laval.ca\/en\/?taxonomy=event_audience&#038;term=familles\" class=\"advgb-post-tax-term\">Familles<\/a>","<a href=\"https:\/\/www.laval.ca\/en\/?taxonomy=event_audience&#038;term=personnes-ainees\" class=\"advgb-post-tax-term\">Personnes a\u00een\u00e9es<\/a>"],"unlinked":["<span class=\"advgb-post-tax-term\">Ados<\/span>","<span class=\"advgb-post-tax-term\">Adultes<\/span>","<span class=\"advgb-post-tax-term\">Enfants<\/span>","<span class=\"advgb-post-tax-term\">Familles<\/span>","<span class=\"advgb-post-tax-term\">Personnes a\u00een\u00e9es<\/span>"],"slug":"event_audience","name":"Publics"},"event_microsites":{"linked":["<a href=\"https:\/\/www.laval.ca\/?taxonomy=event_microsites&#038;term=activites-culturelles\" class=\"advgb-post-tax-term\">Activit\u00e9s culturelles<\/a>"],"unlinked":["<span class=\"advgb-post-tax-term\">Activit\u00e9s culturelles<\/span>"],"slug":"event_microsites","name":"Taxonomies cach\u00e9es"},"pp_notify_user":{"linked":["<a href=\"https:\/\/www.laval.ca\/?taxonomy=pp_notify_user&#038;term=j-farrelllaval-ca\" class=\"advgb-post-tax-term\">j.farrell@laval.ca<\/a>"],"unlinked":["<span class=\"advgb-post-tax-term\">j.farrell@laval.ca<\/span>"],"slug":"pp_notify_user","name":"Notify Users"},"pp_notify_role":{"linked":[],"unlinked":[],"slug":"pp_notify_role","name":"Notify Roles"},"pp_notify_group":{"linked":[],"unlinked":[],"slug":"pp_notify_group","name":"Notification Groups"},"pp_notify_email":{"linked":[],"unlinked":[],"slug":"pp_notify_email","name":"Notify Emails"},"event_status":{"linked":[],"unlinked":[],"slug":"event_status","name":"Event statuses"}},"series_order":"","publishpress_future_workflow_manual_trigger":{"enabledWorkflows":[]},"_links":{"self":[{"href":"https:\/\/www.laval.ca\/en\/wp-json\/wp\/v2\/events\/67301","targetHints":{"allow":["GET"]}}],"collection":[{"href":"https:\/\/www.laval.ca\/en\/wp-json\/wp\/v2\/events"}],"about":[{"href":"https:\/\/www.laval.ca\/en\/wp-json\/wp\/v2\/types\/events"}],"author":[{"embeddable":true,"href":"https:\/\/www.laval.ca\/en\/wp-json\/wp\/v2\/users\/34"}],"version-history":[{"count":5,"href":"https:\/\/www.laval.ca\/en\/wp-json\/wp\/v2\/events\/67301\/revisions"}],"predecessor-version":[{"id":115036,"href":"https:\/\/www.laval.ca\/en\/wp-json\/wp\/v2\/events\/67301\/revisions\/115036"}],"wp:featuredmedia":[{"embeddable":true,"href":"https:\/\/www.laval.ca\/en\/wp-json\/wp\/v2\/media\/68422"}],"wp:attachment":[{"href":"https:\/\/www.laval.ca\/en\/wp-json\/wp\/v2\/media?parent=67301"}],"wp:term":[{"taxonomy":"event_interest","embeddable":true,"href":"https:\/\/www.laval.ca\/en\/wp-json\/wp\/v2\/event_interest?post=67301"},{"taxonomy":"event_audience","embeddable":true,"href":"https:\/\/www.laval.ca\/en\/wp-json\/wp\/v2\/event_audience?post=67301"},{"taxonomy":"event_microsites","embeddable":true,"href":"https:\/\/www.laval.ca\/en\/wp-json\/wp\/v2\/event_microsites?post=67301"},{"taxonomy":"event_status","embeddable":true,"href":"https:\/\/www.laval.ca\/en\/wp-json\/wp\/v2\/event_status?post=67301"}],"curies":[{"name":"wp","href":"https:\/\/api.w.org\/{rel}","templated":true}]}}

Plaisir en famille à Vimont Auteuil

<div class="notification-message notification-message__bg-alert-circle" 
  >
   <div class="notification-message__inner-container">
    <div class="notification-message__heading">
              <span class="notification-message__icon icon icon-alert-circle"></span>
                    <p class="notification-message__title">Important</p>
          </div>
          <div class="notification-message__text">
        <p>En cas de conditions météorologiques défavorables ou de raisons hors de notre contrôle, une partie de l’activité pourrait se dérouler à l&#8217;intérieur du centre communautaire Régent-Martimbeault</p>
      </div>
      </div>
  </div>



<p>15<sup>e</sup> édition de Plaisir en famille. Soirée festive, musique, activités familiales et pour tous les âges (jeux gonflables, magicien, activités de mousse, etc.). Casse-croûte ($) et kiosque d&#8217;organismes sur place.</p>



<p>Suivre Maison de quartier Vimontl sur les médias sociaux :</p>


<div class="sidebar-cta-wrapper aligndefault"
>
   <div class="sidebar-cta ">
              <ul class="sidebar-cta__socials">
                  <li class="sidebar-cta__socials__item">
            <a href="https://www.facebook.com/share/1cYseMqdUA/?mibextid=wwXIfr" class="sidebar-cta__socials__link" target="_blank" rel="noopener noreferrer">
              <span class="social-icon vtx-icon vtx-icon-facebook"></span>
              <span class="social-name">Facebook</span>
            </a>
          </li>
              </ul>
       </div>
</div>

Activités - Catégories

<a href="https://www.laval.ca/en/?taxonomy=event_audience&#038;term=personnes-ainees" class="advgb-post-tax-term">Personnes aînées</a>

<span class="advgb-post-tax-term">Personnes aînées</span>

<a href="https://www.laval.ca/?taxonomy=event_microsites&#038;term=activites-culturelles" class="advgb-post-tax-term">Activités culturelles</a>

<span class="advgb-post-tax-term">Activités culturelles</span>

Taxonomies cachées
