{"id":113797,"date":"2026-04-21T11:41:28","date_gmt":"2026-04-21T15:41:28","guid":{"rendered":"https:\/\/www.laval.ca\/?p=113797&#038;post_type=events&#038;preview_id=113797"},"modified":"2026-04-21T11:41:31","modified_gmt":"2026-04-21T15:41:31","slug":"printemps-mouvement","status":"publish","type":"events","link":"https:\/\/www.laval.ca\/calendrier-activites\/printemps-mouvement\/","title":{"rendered":"Printemps en mouvement"},"content":{"rendered":"\n<p>Naturaktive et CANOP\u00c9E vous invitent \u00e0 c\u00e9l\u00e9brer le retour du printemps et le 4<sup>e<\/sup> anniversaire de Naturaktive en bougeant dehors!<\/p>\n\n\n\n<p>Suivre le r\u00e9seau CANOP\u00c9E sur les m\u00e9dias sociaux\u00a0:<\/p>\n\n\n<div class=\"sidebar-cta-wrapper aligndefault\"\n>\n   <div class=\"sidebar-cta \">\n              <ul class=\"sidebar-cta__socials\">\n                  <li class=\"sidebar-cta__socials__item\">\n            <a href=\"https:\/\/www.facebook.com\/reseaucanopee\" class=\"sidebar-cta__socials__link\" target=\"_blank\" rel=\"noopener noreferrer\">\n              <span class=\"social-icon vtx-icon vtx-icon-facebook\"><\/span>\n              <span class=\"social-name\">Facebook<\/span>\n            <\/a>\n          <\/li>\n              <\/ul>\n       <\/div>\n<\/div>\n\n\n\n<p><\/p>\n","protected":false},"author":266,"featured_media":114434,"template":"","meta":{"_acf_changed":false,"advgb_blocks_editor_width":"","advgb_blocks_columns_visual_guide":"","footnotes":""},"event_interest":[307,311],"event_audience":[315,317,318,319,316],"event_microsites":[409],"event_status":[],"class_list":["post-113797","events","type-events","status-publish","has-post-thumbnail","hentry","event_interest-communautaire-et-organismes","event_interest-loisirs-et-activites-physiques","event_audience-ados","event_audience-adultes","event_audience-enfants","event_audience-familles","event_audience-personnes-ainees","event_microsites-sport"],"pp_statuses_selecting_workflow":false,"pp_workflow_action":"current","pp_status_selection":"publish","acf":[],"featured_img":"https:\/\/www.laval.ca\/wp-content\/uploads\/2026\/04\/printemps-mouvement-1216x516-1.png","coauthors":[],"author_meta":{"author_link":"https:\/\/www.laval.ca\/en\/author\/p-molinalaval-ca\/","display_name":"Molina, Perla"},"relative_dates":{"created":"Posted 6 days ago","modified":"Updated 6 days ago"},"absolute_dates":{"created":"Posted on April 21, 2026","modified":"Updated on April 21, 2026"},"absolute_dates_time":{"created":"Posted on April 21, 2026 11:41 am","modified":"Updated on April 21, 2026 11:41 am"},"featured_img_caption":"","tax_additional":{"event_interest":{"linked":["<a href=\"https:\/\/www.laval.ca\/?taxonomy=event_interest&#038;term=communautaire-et-organismes\" class=\"advgb-post-tax-term\">Communautaire et organismes<\/a>","<a href=\"https:\/\/www.laval.ca\/?taxonomy=event_interest&#038;term=loisirs-et-activites-physiques\" class=\"advgb-post-tax-term\">Loisirs et activit\u00e9s physiques<\/a>"],"unlinked":["<span class=\"advgb-post-tax-term\">Communautaire et organismes<\/span>","<span class=\"advgb-post-tax-term\">Loisirs et activit\u00e9s physiques<\/span>"],"slug":"event_interest","name":"Activit\u00e9s - Cat\u00e9gories "},"event_audience":{"linked":["<a href=\"https:\/\/www.laval.ca\/en\/?taxonomy=event_audience&#038;term=ados\" class=\"advgb-post-tax-term\">Ados<\/a>","<a href=\"https:\/\/www.laval.ca\/en\/?taxonomy=event_audience&#038;term=adultes-en\" class=\"advgb-post-tax-term\">Adultes<\/a>","<a href=\"https:\/\/www.laval.ca\/en\/?taxonomy=event_audience&#038;term=enfants\" class=\"advgb-post-tax-term\">Enfants<\/a>","<a href=\"https:\/\/www.laval.ca\/en\/?taxonomy=event_audience&#038;term=familles\" class=\"advgb-post-tax-term\">Familles<\/a>","<a href=\"https:\/\/www.laval.ca\/en\/?taxonomy=event_audience&#038;term=personnes-ainees\" class=\"advgb-post-tax-term\">Personnes a\u00een\u00e9es<\/a>"],"unlinked":["<span class=\"advgb-post-tax-term\">Ados<\/span>","<span class=\"advgb-post-tax-term\">Adultes<\/span>","<span class=\"advgb-post-tax-term\">Enfants<\/span>","<span class=\"advgb-post-tax-term\">Familles<\/span>","<span class=\"advgb-post-tax-term\">Personnes a\u00een\u00e9es<\/span>"],"slug":"event_audience","name":"Publics"},"event_microsites":{"linked":["<a href=\"https:\/\/www.laval.ca\/?taxonomy=event_microsites&#038;term=sport\" class=\"advgb-post-tax-term\">Sport<\/a>"],"unlinked":["<span class=\"advgb-post-tax-term\">Sport<\/span>"],"slug":"event_microsites","name":"Taxonomies cach\u00e9es"},"pp_notify_user":{"linked":["<a href=\"https:\/\/www.laval.ca\/?taxonomy=pp_notify_user&#038;term=j-farrelllaval-ca\" class=\"advgb-post-tax-term\">j.farrell@laval.ca<\/a>","<a href=\"https:\/\/www.laval.ca\/en\/?taxonomy=pp_notify_user&#038;term=n-ventura-boucherlaval-ca\" class=\"advgb-post-tax-term\">n.ventura-boucher@laval.ca<\/a>","<a href=\"https:\/\/www.laval.ca\/?taxonomy=pp_notify_user&#038;term=p-molinalaval-ca\" class=\"advgb-post-tax-term\">p.molina@laval.ca<\/a>"],"unlinked":["<span class=\"advgb-post-tax-term\">j.farrell@laval.ca<\/span>","<span class=\"advgb-post-tax-term\">n.ventura-boucher@laval.ca<\/span>","<span class=\"advgb-post-tax-term\">p.molina@laval.ca<\/span>"],"slug":"pp_notify_user","name":"Notify Users"},"pp_notify_role":{"linked":[],"unlinked":[],"slug":"pp_notify_role","name":"Notify Roles"},"pp_notify_group":{"linked":[],"unlinked":[],"slug":"pp_notify_group","name":"Notification Groups"},"pp_notify_email":{"linked":[],"unlinked":[],"slug":"pp_notify_email","name":"Notify Emails"},"event_status":{"linked":[],"unlinked":[],"slug":"event_status","name":"Event statuses"}},"series_order":"","publishpress_future_workflow_manual_trigger":{"enabledWorkflows":[]},"_links":{"self":[{"href":"https:\/\/www.laval.ca\/en\/wp-json\/wp\/v2\/events\/113797","targetHints":{"allow":["GET"]}}],"collection":[{"href":"https:\/\/www.laval.ca\/en\/wp-json\/wp\/v2\/events"}],"about":[{"href":"https:\/\/www.laval.ca\/en\/wp-json\/wp\/v2\/types\/events"}],"author":[{"embeddable":true,"href":"https:\/\/www.laval.ca\/en\/wp-json\/wp\/v2\/users\/266"}],"version-history":[{"count":2,"href":"https:\/\/www.laval.ca\/en\/wp-json\/wp\/v2\/events\/113797\/revisions"}],"predecessor-version":[{"id":114436,"href":"https:\/\/www.laval.ca\/en\/wp-json\/wp\/v2\/events\/113797\/revisions\/114436"}],"wp:featuredmedia":[{"embeddable":true,"href":"https:\/\/www.laval.ca\/en\/wp-json\/wp\/v2\/media\/114434"}],"wp:attachment":[{"href":"https:\/\/www.laval.ca\/en\/wp-json\/wp\/v2\/media?parent=113797"}],"wp:term":[{"taxonomy":"event_interest","embeddable":true,"href":"https:\/\/www.laval.ca\/en\/wp-json\/wp\/v2\/event_interest?post=113797"},{"taxonomy":"event_audience","embeddable":true,"href":"https:\/\/www.laval.ca\/en\/wp-json\/wp\/v2\/event_audience?post=113797"},{"taxonomy":"event_microsites","embeddable":true,"href":"https:\/\/www.laval.ca\/en\/wp-json\/wp\/v2\/event_microsites?post=113797"},{"taxonomy":"event_status","embeddable":true,"href":"https:\/\/www.laval.ca\/en\/wp-json\/wp\/v2\/event_status?post=113797"}],"curies":[{"name":"wp","href":"https:\/\/api.w.org\/{rel}","templated":true}]}}

<p>Naturaktive et CANOPÉE vous invitent à célébrer le retour du printemps et le 4<sup>e</sup> anniversaire de Naturaktive en bougeant dehors!</p>



<p>Suivre le réseau CANOPÉE sur les médias sociaux :</p>


<div class="sidebar-cta-wrapper aligndefault"
>
   <div class="sidebar-cta ">
              <ul class="sidebar-cta__socials">
                  <li class="sidebar-cta__socials__item">
            <a href="https://www.facebook.com/reseaucanopee" class="sidebar-cta__socials__link" target="_blank" rel="noopener noreferrer">
              <span class="social-icon vtx-icon vtx-icon-facebook"></span>
              <span class="social-name">Facebook</span>
            </a>
          </li>
              </ul>
       </div>
</div>



<p></p>

<a href="https://www.laval.ca/?taxonomy=event_interest&#038;term=loisirs-et-activites-physiques" class="advgb-post-tax-term">Loisirs et activités physiques</a>

<span class="advgb-post-tax-term">Loisirs et activités physiques</span>

Activités - Catégories

<a href="https://www.laval.ca/en/?taxonomy=event_audience&#038;term=personnes-ainees" class="advgb-post-tax-term">Personnes aînées</a>

<span class="advgb-post-tax-term">Personnes aînées</span>

Taxonomies cachées
